000
CXUS53 KSGF 010634
CLMSGF


CLIMATE REPORT
NATIONAL WEATHER SERVICE SPRINGFIELD MO
1232 AM CST THU MAR 1 2018

...................................

...THE SPRINGFIELD MO CLIMATE SUMMARY FOR THE MONTH OF FEBRUARY 2018...

CLIMATE NORMAL PERIOD 1981 TO 2010
CLIMATE RECORD PERIOD 1888 TO 2018

WEATHER         OBSERVED          NORMAL  DEPART
                 VALUE   DATE(S)  VALUE   FROM
                                          NORMAL
................................................
TEMPERATURE (F)
RECORD
 HIGH              84   02/23/2017
                        02/01/1911
                        07/06/2215
 LOW              -29   02/12/1899
HIGHEST            78   02/15        46      32
LOWEST              2   02/05        25     -23
AVG. MAXIMUM     50.4              48.2     2.2
AVG. MINIMUM     28.2              26.1     2.1
MEAN             39.3              37.2     2.1
DAYS MAX >= 90      0               0.0     0.0
DAYS MAX <= 32      3               2.9     0.1
DAYS MIN <= 32     19              20.2    -1.2
DAYS MIN <= 0       0               0.5    -0.5

PRECIPITATION (INCHES)
RECORD
 MAXIMUM         6.41   2008
 MINIMUM         0.09   2006
TOTALS           7.57R             2.52    5.05
DAILY AVG.       0.27              0.09    0.18
DAYS >= .01        12               7.8     4.2
DAYS >= .10         9               4.8     4.2
DAYS >= .50         4               1.8     2.2
DAYS >= 1.00        3               0.5     2.5
GREATEST
 24 HR. TOTAL    2.86   02/24 TO 02/24

SNOWFALL (INCHES)
TOTALS            0.9
SINCE 7/1         5.4
DAYS >= TRACE       5

DEGREE_DAYS
HEATING TOTAL     713               780     -67
 SINCE 7/1       3289              3593    -304
COOLING TOTAL       1                 0       1
 SINCE 1/1          1                 0       1
.................................................

WIND (MPH)
AVERAGE WIND SPEED              11.1
HIGHEST WIND SPEED/DIRECTION    35/180    DATE  02/27
HIGHEST GUST SPEED/DIRECTION    46/170    DATE  02/20

SKY COVER
POSSIBLE SUNSHINE (PERCENT)   MM
AVERAGE SKY COVER           0.50
NUMBER OF DAYS FAIR            8
NUMBER OF DAYS PC             10
NUMBER OF DAYS CLOUDY         10

AVERAGE RH (PERCENT)     72

WEATHER CONDITIONS. NUMBER OF DAYS WITH
THUNDERSTORM              3     MIXED PRECIP               0
HEAVY RAIN                4     RAIN                       7
LIGHT RAIN               10     FREEZING RAIN              1
LT FREEZING RAIN          5     HAIL                       0
HEAVY SNOW                0     SNOW                       1
LIGHT SNOW                4     SLEET                      0
FOG                      20     FOG W/VIS <= 1/4 MILE      0
HAZE                      5

-  INDICATES NEGATIVE NUMBERS.
R  INDICATES RECORD WAS SET OR TIED.
MM INDICATES DATA IS MISSING.
T  INDICATES TRACE AMOUNT.

$$
