000
CXUS55 KBYZ 011057
CF6SHR
PRELIMINARY LOCAL CLIMATOLOGICAL DATA (WS FORM: F-6)
STATION: SHERIDAN WY
MONTH: MARCH
YEAR: 2020
LATITUDE: 44 46 N
LONGITUDE: 106 58 W
TEMPERATURE IN F: :PCPN: SNOW: WIND :SUNSHINE: SKY :PK WND
================================================================================
1 2 3 4 5 6A 6B 7 8 9 10 11 12 13 14 15 16 17 18
12Z AVG MX 2MIN
DY MAX MIN AVG DEP HDD CDD WTR SNW DPTH SPD SPD DIR MIN PSBL S-S WX SPD DR
================================================================================
1 36 16 26 -4 39 0 0.00 M M 11.7 23 320 M M 6 28 320
2 46 12 29 -2 36 0 0.00 M M 8.1 36 330 M M 3 44 330
3 48 26 37 6 28 0 T M M 11.8 51 320 M M 6 63 290
4 54 31 43 12 22 0 0.06 M M 15.7 43 270 M M 3 12 50 260
5 45 18 32 0 33 0 0.00 M M 6.7 21 140 M M 1 26 300
6 68 25 47 15 18 0 0.00 M M 4.5 15 240 M M 0 17 240
7 72 34 53 21 12 0 0.00 M M 7.7 25 220 M M 0 32 230
8 50 28 39 6 26 0 0.01 M M 9.2 36 300 M M 8 1 43 300
9 48 24 36 3 29 0 0.13 M M 6.2 17 320 M M 6 1 20 320
10 51 32 42 9 23 0 0.04 M M 5.7 18 250 M M 4 1 23 250
11 61 32 47 13 18 0 0.17 M M 13.4 30 310 M M 3 1 37 320
12 35 22 29 -5 36 0 0.04 M M 7.4 28 310 M M 6 1 34 310
13 34 22 28 -6 37 0 0.02 M M 12.2 20 120 M M 10 1 29 120
14 42 23 33 -2 32 0 0.00 M M 12.5 26 290 M M 9 1 31 290
15 23 15 19 -16 46 0 T M M 14.0 29 300 M M 10 1 35 300
16 35 17 26 -9 39 0 0.00 M M 4.0 13 310 M M 6 15 290
17 55 17 36 0 29 0 0.00 M M 5.4 21 290 M M 3 24 290
18 41 29 35 -1 30 0 0.00 M M 7.9 22 300 M M 9 24 300
19 30 22 26 -10 39 0 0.05 M M 10.3 20 320 M M 10 18 23 320
20 41 20 31 -6 34 0 0.00 M M 6.2 18 150 M M 5 8 24 150
21 58 20 39 2 26 0 0.00 M M 3.7 14 330 M M 2 18 320
22 44 26 35 -2 30 0 0.01 M M 5.6 15 250 M M 6 20 260
23 60 26 43 5 22 0 0.00 M M 4.2 16 130 M M 2 23 130
24 52 33 43 5 22 0 0.00 M M 8.8 21 270 M M 7 28 270
25 47 28 38 0 27 0 0.02 M M 6.2 24 330 M M 9 1 27 330
26 46 23 35 -3 30 0 0.00 M M 6.2 16 320 M M 4 1 22 340
27 51 18 35 -3 30 0 0.00 M M 4.5 14 140 M M 4 16 130
28 53 21 37 -2 28 0 0.00 M M 10.8 28 340 M M 5 35 330
29 60 30 45 6 20 0 0.00 M M 6.5 16 240 M M 3 19 250
30 64 25 45 6 20 0 0.00 M M 4.3 13 340 M M 1 8 15 180
31 54 37 46 6 19 0 T M M 12.4 30 310 M M 5 36 310
================================================================================
SM 1504 752 880 0 0.55 M 253.8 M 156
================================================================================
AV 48.5 24.3 8.2 FASTST M M 5 MAX(MPH)
MISC ----> # 51 320 # 63 290
================================================================================
NOTES:
# LAST OF SEVERAL OCCURRENCES
COLUMN 17 PEAK WIND IN M.P.H.
PRELIMINARY LOCAL CLIMATOLOGICAL DATA (WS FORM: F-6) , PAGE 2
STATION: SHERIDAN WY
MONTH: MARCH
YEAR: 2020
LATITUDE: 44 46 N
LONGITUDE: 106 58 W
[TEMPERATURE DATA] [PRECIPITATION DATA] SYMBOLS USED IN COLUMN 16
AVERAGE MONTHLY: 36.4 TOTAL FOR MONTH: 0.55 1 = FOG OR MIST
DPTR FM NORMAL: 1.2 DPTR FM NORMAL: -0.43 2 = FOG REDUCING VISIBILITY
HIGHEST: 72 ON 7 GRTST 24HR 0.17 ON 11-11 TO 1/4 MILE OR LESS
LOWEST: 12 ON 2 3 = THUNDER
SNOW, ICE PELLETS, HAIL 4 = ICE PELLETS
TOTAL MONTH: M 5 = HAIL
GRTST 24HR M ON M 6 = FREEZING RAIN OR DRIZZLE
GRTST DEPTH: M ON M 7 = DUSTSTORM OR SANDSTORM:
VSBY 1/2 MILE OR LESS
8 = SMOKE OR HAZE
[NO. OF DAYS WITH] [WEATHER - DAYS WITH] 9 = BLOWING SNOW
X = TORNADO
MAX 32 OR BELOW: 2 0.01 INCH OR MORE: 10
MAX 90 OR ABOVE: 0 0.10 INCH OR MORE: 2
MIN 32 OR BELOW: 28 0.50 INCH OR MORE: 0
MIN 0 OR BELOW: 0 1.00 INCH OR MORE: 0
[HDD (BASE 65) ]
TOTAL THIS MO. 880 CLEAR (SCALE 0-3) 9
DPTR FM NORMAL -44 PTCLDY (SCALE 4-7) 16
TOTAL FM JUL 1 6374 CLOUDY (SCALE 8-10) 6
DPTR FM NORMAL -86
[CDD (BASE 65) ]
TOTAL THIS MO. 0
DPTR FM NORMAL 0 [PRESSURE DATA]
TOTAL FM JAN 1 0 HIGHEST SLP 30.52 ON 19
DPTR FM NORMAL 0 LOWEST SLP 29.55 ON 8
[REMARKS]
#FINAL-03-20#