000
CXUS54 KSHV 011300
CF6SHV
PRELIMINARY LOCAL CLIMATOLOGICAL DATA (WS FORM: F-6)
STATION: SHREVEPORT
MONTH: OCTOBER
YEAR: 2021
LATITUDE: 32 28 N
LONGITUDE: 93 49 W
TEMPERATURE IN F: :PCPN: SNOW: WIND :SUNSHINE: SKY :PK WND
================================================================================
1 2 3 4 5 6A 6B 7 8 9 10 11 12 13 14 15 16 17 18
12Z AVG MX 2MIN
DY MAX MIN AVG DEP HDD CDD WTR SNW DPTH SPD SPD DIR MIN PSBL S-S WX SPD DR
================================================================================
1 82 72 77 4 0 12 1.47 0.0 0 4.9 25 190 M M 9 18 29 190
2 86 72 79 6 0 14 0.61 0.0 0 2.7 15 240 M M 9 138 18 230
3 90 70 80 8 0 15 0.02 0.0 0 4.6 15 320 M M 5 1 18 320
4 88 65 77 5 0 12 0.00 0.0 0 4.6 14 20 M M 1 18 20
5 87 63 75 3 0 10 0.00 0.0 0 5.5 16 30 M M 2 19 10
6 87 61 74 3 0 9 0.00 0.0 0 1.8 10 330 M M 1 18 12 330
7 90 60 75 4 0 10 0.00 0.0 0 2.8 12 200 M M 2 18 16 220
8 91 64 78 8 0 13 0.00 0.0 0 4.1 14 210 M M 2 17 210
9 90 64 77 7 0 12 0.00 0.0 0 7.2 17 170 M M 3 20 170
10 91 65 78 8 0 13 0.00 0.0 0 11.7 25 160 M M 3 18 32 160
11 87 62 75 6 0 10 0.01 0.0 0 8.3 24 190 M M 4 3 35 180
12 85 61 73 4 0 8 0.02 0.0 0 6.0 14 170 M M 6 38 19 180
13 91 73 82 14 0 17 0.00 0.0 0 10.7 20 190 M M 7 26 200
14 86 75 81 13 0 16 0.06 0.0 0 6.5 16 180 M M 7 18 19 190
15 92 63 78 10 0 13 0.00 0.0 0 12.0 24 320 M M 6 32 340
16 76 50 63 -4 2 0 0.00 0.0 0 8.2 17 10 M M 0 24 350
17 76 47 62 -5 3 0 0.00 0.0 0 2.0 10 110 M M 5 16 50
18 77 47 62 -4 3 0 0.00 0.0 0 3.7 12 100 M M 2 16 120
19 79 47 63 -3 2 0 0.00 0.0 0 5.3 12 130 M M 4 17 140
20 88 56 72 6 0 7 0.00 0.0 0 2.4 10 170 M M 5 13 140
21 90 65 78 13 0 13 0.00 0.0 0 5.1 14 360 M M 4 1 20 330
22 85 58 72 7 0 7 0.00 0.0 0 3.7 13 110 M M 1 16 120
23 87 61 74 9 0 9 0.00 0.0 0 7.0 17 160 M M 5 21 160
24 90 68 79 15 0 14 0.00 0.0 0 9.2 22 190 M M 5 32 160
25 91 65 78 14 0 13 0.00 0.0 0 5.8 12 320 M M 3 17 310
26 85 61 73 9 0 8 0.00 0.0 0 8.0 15 180 M M 6 20 140
27 76 57 67 4 0 2 1.15 0.0 0 10.6 28 190 M M 7 13 37 190
28 67 57 62 -1 3 0 0.00 0.0 0 13.2 32 290 M M 9 40 280
29 65 49 57 -5 8 0 0.00 0.0 0 12.8 24 320 M M 8 31 320
30 74 47 61 -1 4 0 0.00 0.0 0 5.2 16 290 M M 0 19 300
31 79 42 61 -1 4 0 0.00 0.0 0 1.9 9 10 M M 0 12 20
================================================================================
SM 2608 1867 29 257 3.34 0.0 197.5 M 131
================================================================================
AV 84.1 60.2 6.4 FASTST M M 4 MAX(MPH)
MISC ----> 32 290 40 280
================================================================================
NOTES:
# LAST OF SEVERAL OCCURRENCES
COLUMN 17 PEAK WIND IN M.P.H.
PRELIMINARY LOCAL CLIMATOLOGICAL DATA (WS FORM: F-6) , PAGE 2
STATION: SHREVEPORT
MONTH: OCTOBER
YEAR: 2021
LATITUDE: 32 28 N
LONGITUDE: 93 49 W
[TEMPERATURE DATA] [PRECIPITATION DATA] SYMBOLS USED IN COLUMN 16
AVERAGE MONTHLY: 72.2 TOTAL FOR MONTH: 3.34 1 = FOG OR MIST
DPTR FM NORMAL: 4.8 DPTR FM NORMAL: -1.25 2 = FOG REDUCING VISIBILITY
HIGHEST: 92 ON 15 GRTST 24HR 1.75 ON 1- 2 TO 1/4 MILE OR LESS
LOWEST: 42 ON 31 3 = THUNDER
SNOW, ICE PELLETS, HAIL 4 = ICE PELLETS
TOTAL MONTH: 0.0 INCH 5 = HAIL
GRTST 24HR 0.0 6 = FREEZING RAIN OR DRIZZLE
GRTST DEPTH: 0 7 = DUSTSTORM OR SANDSTORM:
VSBY 1/2 MILE OR LESS
8 = SMOKE OR HAZE
[NO. OF DAYS WITH] [WEATHER - DAYS WITH] 9 = BLOWING SNOW
X = TORNADO
MAX 32 OR BELOW: 0 0.01 INCH OR MORE: 7
MAX 90 OR ABOVE: 10 0.10 INCH OR MORE: 3
MIN 32 OR BELOW: 0 0.50 INCH OR MORE: 3
MIN 0 OR BELOW: 0 1.00 INCH OR MORE: 2
[HDD (BASE 65) ]
TOTAL THIS MO. 29 CLEAR (SCALE 0-3) 12
DPTR FM NORMAL -41 PTCLDY (SCALE 4-7) 16
TOTAL FM JUL 1 29 CLOUDY (SCALE 8-10) 3
DPTR FM NORMAL -43
[CDD (BASE 65) ]
TOTAL THIS MO. 257
DPTR FM NORMAL 114 [PRESSURE DATA]
TOTAL FM JAN 1 2803 HIGHEST SLP 30.34 ON 17
DPTR FM NORMAL 163 LOWEST SLP 29.48 ON 27
[REMARKS]
#FINAL-10-21#