000
CXUS56 KMTR 010900
CF6SJC
PRELIMINARY LOCAL CLIMATOLOGICAL DATA (WS FORM: F-6)
STATION: SAN JOSE AIRPORT
MONTH: OCTOBER
YEAR: 2021
LATITUDE: 37 21 N
LONGITUDE: 121 55 W
TEMPERATURE IN F: :PCPN: SNOW: WIND :SUNSHINE: SKY :PK WND
================================================================================
1 2 3 4 5 6A 6B 7 8 9 10 11 12 13 14 15 16 17 18
12Z AVG MX 2MIN
DY MAX MIN AVG DEP HDD CDD WTR SNW DPTH SPD SPD DIR MIN PSBL S-S WX SPD DR
================================================================================
1 89 55 72 5 0 7 0.00 M M 4.8 17 320 M M 1 8 19 320
2 89 57 73 6 0 8 0.00 M M 3.4 14 330 M M 1 16 350
3 91 57 74 7 0 9 0.00 M M 3.6 14 320 M M 3 17 310
4 89 59 74 7 0 9 0.00 M M 4.1 14 310 M M 6 8 16 320
5 77 56 67 0 0 2 0.00 M M 6.7 17 320 M M 6 21 320
6 70 57 64 -2 1 0 0.00 M M 5.3 15 310 M M 6 18 10
7 70 52 61 -5 4 0 0.00 M M 6.3 20 340 M M 5 24 340
8 68 53 61 -5 4 0 0.00 M M 7.9 20 310 M M 6 25 320
9 74 51 63 -3 2 0 0.00 M M 6.9 17 320 M M 2 21 320
10 78 50 64 -2 1 0 0.00 M M 6.4 18 340 M M 1 23 340
11 70 52 61 -5 4 0 0.00 M M 16.3 29 310 M M 1 38 310
12 71 49 60 -5 5 0 0.00 M M 11.1 22 290 M M 1 29 310
13 68 43 56 -9 9 0 0.00 M M 5.8 17 340 M M 5 22 340
14 76 49 63 -2 2 0 0.00 M M 4.3 14 330 M M 0 16 290
15 84 48 66 1 0 1 0.00 M M 2.9 10 350 M M 1 12 340
16 87 51 69 5 0 4 T M M 3.8 14 320 M M 1 18 330
17 77 51 64 0 1 0 T M M 8.9 23 280 M M 5 28 280
18 65 48 57 -7 8 0 T M M 5.4 13 340 M M 4 16 290
19 72 46 59 -5 6 0 0.00 M M 6.9 20 210 M M 6 25 230
20 67 60 64 0 1 0 T M M 8.6 17 140 M M 10 22 150
21 77 62 70 7 0 5 T M M 8.8 17 220 M M 8 22 220
22 67 57 62 -1 3 0 0.20 M M 6.5 17 140 M M 8 1 21 140
23 69 52 61 -2 4 0 0.01 M M 6.3 18 130 M M 7 23 150
24 65 58 62 0 3 0 1.42 M M 13.7 29 170 M M 10 1 40 200
25 67 49 58 -4 7 0 0.53 M M 7.7 16 300 M M 6 1 21 290
26 67 49 58 -4 7 0 0.00 M M 3.3 12 330 M M 6 13 340
27 73 52 63 1 2 0 0.00 M M 5.2 18 320 M M 1 23 320
28 79 55 67 6 0 2 0.00 M M 3.1 10 340 M M 0 1 13 310
29 79 54 67 6 0 2 0.00 M M 5.0 20 330 M M 3 22 330
30 71 54 63 2 2 0 0.00 M M 5.6 20 350 M M 8 23 350
31 68 50 59 -2 6 0 0.00 M M 5.5 13 150 M M 7 15 330
================================================================================
SM 2314 1636 82 49 2.16 M 200.1 M 135
================================================================================
AV 74.6 52.8 6.5 FASTST M M 4 MAX(MPH)
MISC ----> # 29 310 40 200
================================================================================
NOTES:
# LAST OF SEVERAL OCCURRENCES
COLUMN 17 PEAK WIND IN M.P.H.
PRELIMINARY LOCAL CLIMATOLOGICAL DATA (WS FORM: F-6) , PAGE 2
STATION: SAN JOSE AIRPORT
MONTH: OCTOBER
YEAR: 2021
LATITUDE: 37 21 N
LONGITUDE: 121 55 W
[TEMPERATURE DATA] [PRECIPITATION DATA] SYMBOLS USED IN COLUMN 16
AVERAGE MONTHLY: 63.7 TOTAL FOR MONTH: 2.16 1 = FOG OR MIST
DPTR FM NORMAL: -0.6 DPTR FM NORMAL: 1.63 2 = FOG REDUCING VISIBILITY
HIGHEST: 91 ON 3 GRTST 24HR 1.95 ON 24-25 TO 1/4 MILE OR LESS
LOWEST: 43 ON 13 3 = THUNDER
SNOW, ICE PELLETS, HAIL 4 = ICE PELLETS
TOTAL MONTH: M 5 = HAIL
GRTST 24HR M ON M 6 = FREEZING RAIN OR DRIZZLE
GRTST DEPTH: M ON M 7 = DUSTSTORM OR SANDSTORM:
VSBY 1/2 MILE OR LESS
8 = SMOKE OR HAZE
[NO. OF DAYS WITH] [WEATHER - DAYS WITH] 9 = BLOWING SNOW
X = TORNADO
MAX 32 OR BELOW: 0 0.01 INCH OR MORE: 4
MAX 90 OR ABOVE: 1 0.10 INCH OR MORE: 3
MIN 32 OR BELOW: 0 0.50 INCH OR MORE: 2
MIN 0 OR BELOW: 0 1.00 INCH OR MORE: 1
[HDD (BASE 65) ]
TOTAL THIS MO. 82 CLEAR (SCALE 0-3) 13
DPTR FM NORMAL 10 PTCLDY (SCALE 4-7) 15
TOTAL FM JUL 1 83 CLOUDY (SCALE 8-10) 3
DPTR FM NORMAL -8
[CDD (BASE 65) ]
TOTAL THIS MO. 49
DPTR FM NORMAL 0 [PRESSURE DATA]
TOTAL FM JAN 1 634 HIGHEST SLP M ON M
DPTR FM NORMAL 12 LOWEST SLP 29.59 ON 24
[REMARKS]
#FINAL-10-21#