000
CXUS54 KSJT 011100
CF6SJT
PRELIMINARY LOCAL CLIMATOLOGICAL DATA (WS FORM: F-6)
STATION: SAN ANGELO
MONTH: JULY
YEAR: 2020
LATITUDE: 31 21 N
LONGITUDE: 100 30 W
TEMPERATURE IN F: :PCPN: SNOW: WIND :SUNSHINE: SKY :PK WND
================================================================================
1 2 3 4 5 6A 6B 7 8 9 10 11 12 13 14 15 16 17 18
12Z AVG MX 2MIN
DY MAX MIN AVG DEP HDD CDD WTR SNW DPTH SPD SPD DIR MIN PSBL S-S WX SPD DR
================================================================================
1 105 70 88 6 0 23 0.86 0.0 0 12.7 39 120 M M 3 138 61 110
2 96 70 83 1 0 18 0.00 0.0 0 7.4 17 150 M M 1 26 140
3 99 72 86 4 0 21 0.00 0.0 0 7.0 15 150 M M 0 23 160
4 101 70 86 4 0 21 0.00 0.0 0 6.5 14 150 M M 0 20 160
5 103 74 89 6 0 24 0.02 0.0 0 5.8 16 140 M M 1 21 140
6 96 73 85 2 0 20 T 0.0 0 6.0 23 320 M M 2 3 30 320
7 93 72 83 0 0 18 0.11 0.0 0 4.7 24 220 M M 5 138 32 220
8 100 69 85 2 0 20 0.00 0.0 0 7.4 16 160 M M 1 1 29 200
9 102 78 90 7 0 25 0.00 0.0 0 12.1 20 190 M M 0 32 170
10 103 75 89 6 0 24 0.00 0.0 0 8.6 17 160 M M 0 27 160
11 105 78 92 9 0 27 0.00 0.0 0 8.5 16 200 M M 0 23 140
12 107 73 90 7 0 25 0.00 0.0 0 8.9 23 200 M M 0 33 190
13 110 79 95 12 0 30 0.00 0.0 0 11.8 21 210 M M 0 29 180
14 110 83 97 14 0 32 0.00 0.0 0 13.6 22 200 M M 1 34 200
15 106 80 93 10 0 28 0.00 0.0 0 11.2 21 190 M M 0 31 180
16 103 75 89 6 0 24 0.00 0.0 0 9.1 17 130 M M 0 26 150
17 104 73 89 6 0 24 0.00 0.0 0 8.5 20 110 M M 0 33 150
18 99 73 86 3 0 21 0.00 0.0 0 8.8 21 180 M M 1 29 110
19 99 73 86 3 0 21 0.00 0.0 0 8.6 18 130 M M 1 28 180
20 99 72 86 3 0 21 0.00 0.0 0 8.5 20 120 M M 0 25 120
21 101 74 88 4 0 23 0.00 0.0 0 7.5 17 70 M M 2 25 100
22 100 73 87 3 0 22 0.00 0.0 0 5.8 20 110 M M 1 3 26 130
23 101 73 87 3 0 22 0.00 0.0 0 7.1 20 120 M M 1 3 26 130
24 100 73 87 3 0 22 0.00 0.0 0 7.7 20 100 M M 1 30 60
25 97 73 85 1 0 20 0.00 0.0 0 10.6 22 110 M M 2 31 50
26 94 71 83 -1 0 18 0.00 0.0 0 8.1 16 140 M M 4 24 140
27 100 73 87 3 0 22 0.00 0.0 0 6.3 20 190 M M 2 30 190
28 102 75 89 5 0 24 0.00 0.0 0 8.7 30 60 M M 1 41 50
29 99 77 88 4 0 23 0.00 0.0 0 10.9 22 190 M M 0 32 200
30 101 75 88 4 0 23 0.00 0.0 0 12.4 23 180 M M 0 32 170
31 94 73 84 0 0 19 0.00 0.0 0 7.5 22 180 M M 2 32 180
================================================================================
SM 3129 2292 0 705 0.99 0.0 268.3 M 32
================================================================================
AV100.9 73.9 8.7 FASTST M M 1 MAX(MPH)
MISC ----> # 39 120 # 61 110
================================================================================
NOTES:
# LAST OF SEVERAL OCCURRENCES
COLUMN 17 PEAK WIND IN M.P.H.
PRELIMINARY LOCAL CLIMATOLOGICAL DATA (WS FORM: F-6) , PAGE 2
STATION: SAN ANGELO
MONTH: JULY
YEAR: 2020
LATITUDE: 31 21 N
LONGITUDE: 100 30 W
[TEMPERATURE DATA] [PRECIPITATION DATA] SYMBOLS USED IN COLUMN 16
AVERAGE MONTHLY: 87.4 TOTAL FOR MONTH: 0.99 1 = FOG OR MIST
DPTR FM NORMAL: 4.3 DPTR FM NORMAL: -0.21 2 = FOG REDUCING VISIBILITY
HIGHEST: 110 ON 14,13 GRTST 24HR 0.86 ON 1- 1 TO 1/4 MILE OR LESS
LOWEST: 69 ON 8 3 = THUNDER
SNOW, ICE PELLETS, HAIL 4 = ICE PELLETS
TOTAL MONTH: 0.0 INCH 5 = HAIL
GRTST 24HR 0.0 6 = FREEZING RAIN OR DRIZZLE
GRTST DEPTH: 0 7 = DUSTSTORM OR SANDSTORM:
VSBY 1/2 MILE OR LESS
8 = SMOKE OR HAZE
[NO. OF DAYS WITH] [WEATHER - DAYS WITH] 9 = BLOWING SNOW
X = TORNADO
MAX 32 OR BELOW: 0 0.01 INCH OR MORE: 3
MAX 90 OR ABOVE: 31 0.10 INCH OR MORE: 2
MIN 32 OR BELOW: 0 0.50 INCH OR MORE: 1
MIN 0 OR BELOW: 0 1.00 INCH OR MORE: 0
[HDD (BASE 65) ]
TOTAL THIS MO. 0 CLEAR (SCALE 0-3) 29
DPTR FM NORMAL 0 PTCLDY (SCALE 4-7) 2
TOTAL FM JUL 1 0 CLOUDY (SCALE 8-10) 0
DPTR FM NORMAL 0
[CDD (BASE 65) ]
TOTAL THIS MO. 705
DPTR FM NORMAL 142 [PRESSURE DATA]
TOTAL FM JAN 1 1846 HIGHEST SLP 30.04 ON 26
DPTR FM NORMAL 359 LOWEST SLP 29.67 ON 1
[REMARKS]
#FINAL-07-20#