000
CXUS54 KSJT 011420
CLMSJT
CLIMATE REPORT
NATIONAL WEATHER SERVICE SAN ANGELO TX
920 AM CDT THU JUN 01 2023
...................................
...THE SAN ANGELO CLIMATE SUMMARY FOR THE MONTH OF MAY 2023...
CLIMATE NORMAL PERIOD: 1991 TO 2020
CLIMATE RECORD PERIOD: 1907 TO 2023
WEATHER OBSERVED NORMAL DEPART LAST YEAR`S
VALUE DATE(S) VALUE FROM VALUE DATE(S)
NORMAL
................................................................
TEMPERATURE (F)
RECORD
HIGH 110 05/28/2011
LOW 35 05/03/2013
05/02/1967
05/04/1907
HIGHEST 101 05/05 107 05/07
05/18
05/19
LOWEST 55 05/10 52 05/06
05/26
AVG. MAXIMUM 88.6 88.7 -0.1 96.8
AVG. MINIMUM 64.2 62.3 1.9 66.5
MEAN 76.4 75.5 0.9 81.6
DAYS MAX >= 90 14 14.4 -0.4 24
DAYS MAX <= 32 0 0.0 0.0 0
DAYS MIN <= 32 0 0.0 0.0 0
DAYS MIN <= 0 0 0.0 0.0 0
PRECIPITATION (INCHES)
RECORD
MAXIMUM 13.50 1884
MINIMUM 0.00 1876
TOTALS 4.19 3.05 1.14 1.51
DAILY AVG. 0.14 0.10 0.04 0.05
DAYS >= .01 8 6.7 1.3 5
DAYS >= .10 5 4.5 0.5 3
DAYS >= .50 3 2.1 0.9 1
DAYS >= 1.00 1 1.1 -0.1 1
GREATEST
24 HR. TOTAL 2.23 05/12 TO 05/13 1.12 05/24 TO 05/24
SNOWFALL (INCHES)
RECORDS
TOTAL T 2022
TOTALS 0.0 MM MM T
SINCE 7/1 T MM MM MM
SNOWDEPTH AVG. 0 0
DAYS >= 1.0 0 MM MM 0
GREATEST
SNOW DEPTH 0 0 MM
DEGREE DAYS
HEATING TOTAL 0 10 -10 0
SINCE 7/1 1980 2129 -149 MM
COOLING TOTAL 359 336 23 522
SINCE 1/1 549 530 19 MM
................................................................
WIND (MPH)
AVERAGE WIND SPEED 8.1
HIGHEST WIND SPEED/DIRECTION 38/250 DATE 05/28
HIGHEST GUST SPEED/DIRECTION 50/320 DATE 05/07
SKY COVER
AVERAGE SKY COVER 0.25
AVERAGE RH (PERCENT) 62
WEATHER CONDITIONS. NUMBER OF DAYS WITH
THUNDERSTORM 10 MIXED PRECIP 0
HEAVY RAIN 4 RAIN 6
LIGHT RAIN 11 FREEZING RAIN 0
LT FREEZING RAIN 0 HAIL 0
HEAVY SNOW 0 SNOW 0
LIGHT SNOW 0 SLEET 0
FOG 12 FOG W/VIS <= 1/4 MILE 0
HAZE 7
- INDICATES NEGATIVE NUMBERS.
R INDICATES RECORD WAS SET OR TIED.
MM INDICATES DATA IS MISSING.
T INDICATES TRACE AMOUNT.
$$