000
CXUS56 KPQR 011155
CF6SLE
PRELIMINARY LOCAL CLIMATOLOGICAL DATA (WS FORM: F-6)
STATION: SALEM OR
MONTH: AUGUST
YEAR: 2021
LATITUDE: 44 55 N
LONGITUDE: 123 0 W
TEMPERATURE IN F: :PCPN: SNOW: WIND :SUNSHINE: SKY :PK WND
================================================================================
1 2 3 4 5 6A 6B 7 8 9 10 11 12 13 14 15 16 17 18
12Z AVG MX 2MIN
DY MAX MIN AVG DEP HDD CDD WTR SNW DPTH SPD SPD DIR MIN PSBL S-S WX SPD DR
================================================================================
1 94 61 78 7 0 13 0.00 M M 6.6 15 30 M M 0 21 360
2 96 62 79 8 0 14 0.00 M M 6.2 13 360 M M 0 15 270
3 93 61 77 6 0 12 0.00 M M 4.3 13 10 M M 0 15 20
4 97 60 79 9 0 14 0.00 M M 6.9 15 10 M M 0 20 20
5 83 63 73 3 0 8 0.00 M M 5.1 16 270 M M 1 20 310
6 86 64 75 5 0 10 0.00 M M 7.8 17 310 M M 7 22 300
7 87 60 74 4 0 9 T M M 7.1 20 310 M M 4 26 290
8 79 56 68 -2 0 3 0.00 M M 5.9 15 350 M M 3 23 10
9 87 56 72 2 0 7 0.00 M M 9.8 17 40 M M 1 21 20
10 95 60 78 8 0 13 0.00 M M 7.1 17 20 M M 0 24 20
11 103 67 85 15 0 20 0.00 M M 3.5 10 20 M M 0 16 350
12 103 69 86 16 0 21 0.00 M M 4.6 14 280 M M 0 8 18 260
13 98 69 84 14 0 19 0.00 M M 3.5 12 290 M M 0 8 15 280
14 95 64 80 10 0 15 0.00 M M 3.6 12 320 M M 0 8 15 30
15 98 65 82 13 0 17 0.00 M M 4.6 16 290 M M 0 8 22 290
16 87 59 73 4 0 8 0.00 M M 8.0 23 290 M M 1 8 30 270
17 74 55 65 -4 0 0 T M M 6.8 17 300 M M 6 22 300
18 84 51 68 -1 0 3 0.00 M M 5.1 17 320 M M 0 20 310
19 85 55 70 1 0 5 0.00 M M 6.1 16 280 M M 1 21 280
20 76 61 69 0 0 4 0.00 M M 6.4 14 290 M M 9 17 290
21 76 57 67 -2 0 2 T M M 6.6 17 310 M M 7 21 310
22 71 54 63 -5 2 0 0.00 M M 5.2 17 10 M M 8 20 20
23 76 46 61 -7 4 0 0.00 M M 6.8 17 10 M M 1 26 10
24 86 50 68 0 0 3 0.00 M M 4.6 18 290 M M 0 25 310
25 82 52 67 -1 0 2 T M M 5.5 20 290 M M 1 25 280
26 81 60 71 3 0 6 0.02 M M 6.9 16 300 M M 8 18 20 300
27 76 58 67 -1 0 2 0.00 M M 9.0 18 350 M M 6 23 30
28 89 50 70 2 0 5 0.00 M M 8.4 18 350 M M 0 24 340
29 90 57 74 6 0 9 0.00 M M 6.0 15 290 M M 0 20 280
30 74 53 64 -4 1 0 0.00 M M 6.7 14 310 M M 6 17 310
31 74 53 64 -3 1 0 0.00 M M 9.2 20 10 M M 3 25 10
================================================================================
SM 2675 1808 8 244 0.02 M 193.9 M 73
================================================================================
AV 86.3 58.3 6.3 FASTST M M 2 MAX(MPH)
MISC ----> 23 290 30 270
================================================================================
NOTES:
# LAST OF SEVERAL OCCURRENCES
COLUMN 17 PEAK WIND IN M.P.H.
PRELIMINARY LOCAL CLIMATOLOGICAL DATA (WS FORM: F-6) , PAGE 2
STATION: SALEM OR
MONTH: AUGUST
YEAR: 2021
LATITUDE: 44 55 N
LONGITUDE: 123 0 W
[TEMPERATURE DATA] [PRECIPITATION DATA] SYMBOLS USED IN COLUMN 16
AVERAGE MONTHLY: 72.3 TOTAL FOR MONTH: 0.02 1 = FOG OR MIST
DPTR FM NORMAL: 3.1 DPTR FM NORMAL: -0.37 2 = FOG REDUCING VISIBILITY
HIGHEST: 103 ON 12,11 GRTST 24HR 0.02 ON 25-26 TO 1/4 MILE OR LESS
LOWEST: 46 ON 23 3 = THUNDER
SNOW, ICE PELLETS, HAIL 4 = ICE PELLETS
TOTAL MONTH: M 5 = HAIL
GRTST 24HR M ON M 6 = FREEZING RAIN OR DRIZZLE
GRTST DEPTH: M ON M 7 = DUSTSTORM OR SANDSTORM:
VSBY 1/2 MILE OR LESS
8 = SMOKE OR HAZE
[NO. OF DAYS WITH] [WEATHER - DAYS WITH] 9 = BLOWING SNOW
X = TORNADO
MAX 32 OR BELOW: 0 0.01 INCH OR MORE: 1
MAX 90 OR ABOVE: 11 0.10 INCH OR MORE: 0
MIN 32 OR BELOW: 0 0.50 INCH OR MORE: 0
MIN 0 OR BELOW: 0 1.00 INCH OR MORE: 0
[HDD (BASE 65) ]
TOTAL THIS MO. 8 CLEAR (SCALE 0-3) 21
DPTR FM NORMAL -8 PTCLDY (SCALE 4-7) 9
TOTAL FM JUL 1 8 CLOUDY (SCALE 8-10) 1
DPTR FM NORMAL -19
[CDD (BASE 65) ]
TOTAL THIS MO. 244
DPTR FM NORMAL 98 [PRESSURE DATA]
TOTAL FM JAN 1 724 HIGHEST SLP 30.15 ON 18
DPTR FM NORMAL 379 LOWEST SLP 29.81 ON 4
[REMARKS]
#FINAL-08-21#