000
CXUS56 KLOX 011155
CF6SMO
PRELIMINARY LOCAL CLIMATOLOGICAL DATA (WS FORM: F-6)
STATION: SANTA MONICA AIRPORT CA
MONTH: OCTOBER
YEAR: 2022
LATITUDE: 34 0 N
LONGITUDE: 118 27 W
TEMPERATURE IN F: :PCPN: SNOW: WIND :SUNSHINE: SKY :PK WND
================================================================================
1 2 3 4 5 6A 6B 7 8 9 10 11 12 13 14 15 16 17 18
12Z AVG MX 2MIN
DY MAX MIN AVG DEP HDD CDD WTR SNW DPTH SPD SPD DIR MIN PSBL S-S WX SPD DR
================================================================================
1 73 66 70 2 0 5 0.00 M M 5.4 14 220 M M 8 17 210
2 73 63 68 0 0 3 0.00 M M 4.7 15 240 M M 5 21 260
3 72 61 67 -1 0 2 0.00 M M 3.6 14 230 M M 0 19 240
4 76 62 69 1 0 4 0.00 M M 3.5 13 220 M M 2 16 240
5 73 64 69 2 0 4 0.00 M M 3.8 12 230 M M 8 18 17 230
6 72 67 70 3 0 5 0.00 M M 3.7 12 220 M M 10 8 15 220
7 73 66 70 3 0 5 0.00 M M 3.4 12 240 M M 7 8 16 250
8 73 64 69 2 0 4 0.00 M M 4.1 12 230 M M 6 18 16 230
9 71 64 68 1 0 3 0.00 M M 4.5 12 240 M M 8 18 16 230
10 72 62 67 0 0 2 0.00 M M 3.3 12 250 M M 7 18 16 240
11 76 66 71 4 0 6 0.00 M M M M M M M 6 M M
12 76 65 71 4 0 6 T M M 5.8 17 240 M M 7 3 24 230
13 70 64 67 1 0 2 0.00 M M 3.5 12 220 M M 10 8 15 220
14 69 64 67 1 0 2 0.00 M M 3.2 10 220 M M 10 18 13 220
15 71 63 67 1 0 2 0.01 M M 4.3 10 300 M M 9 1 15 310
16 71 60 66 0 0 1 0.00 M M 3.7 12 230 M M 2 16 240
17 72 59 66 0 0 1 0.00 M M 3.4 13 240 M M 0 17 240
18 80 60 70 4 0 5 0.00 M M 2.9 10 250 M M 0 13 240
19 94 63 79 13 0 14 0.00 M M 4.5 12 210 M M 0 21 140
20 85 66 76 10 0 11 0.00 M M 3.6 10 230 M M 0 14 230
21 76 64 70 4 0 5 0.00 M M 3.7 12 220 M M 7 18 15 210
22 67 62 65 0 0 0 T M M 6.0 14 210 M M 9 17 240
23 74 56 65 0 0 0 0.00 M M 5.8 18 220 M M 1 24 230
24 73 52 63 -2 2 0 0.00 M M 4.5 14 260 M M 0 19 260
25 73 53 63 -2 2 0 0.00 M M 4.0 10 210 M M 0 17 150
26 70 54 62 -3 3 0 0.00 M M 4.7 13 240 M M 0 16 220
27 73 55 64 -1 1 0 0.00 M M 3.1 12 260 M M 1 16 240
28 72 54 63 -1 2 0 0.00 M M 3.3 12 230 M M 0 15 240
29 71 52 62 -2 3 0 0.00 M M 3.7 10 210 M M 0 13 220
30 73 54 64 0 1 0 0.00 M M 3.1 9 240 M M 0 12 250
31 76 54 65 1 0 0 0.00 M M 3.3 12 240 M M 0 1 15 240
================================================================================
SM 2290 1879 14 92 0.01 M 120.1 M 123
================================================================================
AV 73.9 60.6 4.0 FASTST M M 4 MAX(MPH)
MISC ----> 18 220 # 24 230
================================================================================
NOTES:
# LAST OF SEVERAL OCCURRENCES
COLUMN 17 PEAK WIND IN M.P.H.
PRELIMINARY LOCAL CLIMATOLOGICAL DATA (WS FORM: F-6) , PAGE 2
STATION: SANTA MONICA AIRPORT CA
MONTH: OCTOBER
YEAR: 2022
LATITUDE: 34 0 N
LONGITUDE: 118 27 W
[TEMPERATURE DATA] [PRECIPITATION DATA] SYMBOLS USED IN COLUMN 16
AVERAGE MONTHLY: 67.2 TOTAL FOR MONTH: 0.01 1 = FOG OR MIST
DPTR FM NORMAL: 1.1 DPTR FM NORMAL: -0.54 2 = FOG REDUCING VISIBILITY
HIGHEST: 94 ON 19 GRTST 24HR 0.01 ON 15-15 TO 1/4 MILE OR LESS
LOWEST: 52 ON 29,24 3 = THUNDER
SNOW, ICE PELLETS, HAIL 4 = ICE PELLETS
TOTAL MONTH: M 5 = HAIL
GRTST 24HR M ON M 6 = FREEZING RAIN OR DRIZZLE
GRTST DEPTH: M ON M 7 = DUSTSTORM OR SANDSTORM:
VSBY 1/2 MILE OR LESS
8 = SMOKE OR HAZE
[NO. OF DAYS WITH] [WEATHER - DAYS WITH] 9 = BLOWING SNOW
X = TORNADO
MAX 32 OR BELOW: 0 0.01 INCH OR MORE: 1
MAX 90 OR ABOVE: 1 0.10 INCH OR MORE: 0
MIN 32 OR BELOW: 0 0.50 INCH OR MORE: 0
MIN 0 OR BELOW: 0 1.00 INCH OR MORE: 0
[HDD (BASE 65) ]
TOTAL THIS MO. 14 CLEAR (SCALE 0-3) 16
DPTR FM NORMAL -31 PTCLDY (SCALE 4-7) 10
TOTAL FM JUL 1 14 CLOUDY (SCALE 8-10) 5
DPTR FM NORMAL -48
[CDD (BASE 65) ]
TOTAL THIS MO. 92
DPTR FM NORMAL 14 [PRESSURE DATA]
TOTAL FM JAN 1 852 HIGHEST SLP 30.16 ON 28
DPTR FM NORMAL 266 LOWEST SLP 29.73 ON 22
[REMARKS]
#FINAL-10-22#