549
CXUS56 KSGX 011245
CF6SNA
PRELIMINARY LOCAL CLIMATOLOGICAL DATA (WS FORM: F-6)
STATION: JOHN WAYNE AIRPORT CA
MONTH: MAY
YEAR: 2020
LATITUDE: 33 40 N
LONGITUDE: 117 53 W
TEMPERATURE IN F: :PCPN: SNOW: WIND :SUNSHINE: SKY :PK WND
================================================================================
1 2 3 4 5 6A 6B 7 8 9 10 11 12 13 14 15 16 17 18
12Z AVG MX 2MIN
DY MAX MIN AVG DEP HDD CDD WTR SNW DPTH SPD SPD DIR MIN PSBL S-S WX SPD DR
================================================================================
1 76 67 72 9 0 7 0.00 0.0 0 5.9 16 190 M M 5 1 19 200
2 80 64 72 8 0 7 0.00 0.0 0 5.1 16 200 M M 1 20 210
3 77 63 70 6 0 5 0.00 0.0 0 5.7 14 190 M M 1 19 180
4 81 64 73 9 0 8 0.00 0.0 0 4.6 12 210 M M 2 16 210
5 86 65 76 12 0 11 0.00 0.0 0 4.3 13 210 M M 1 18 220
6 92 65 79 15 0 14 0.00 0.0 0 4.9 12 210 M M 5 15 220
7 86 68 77 13 0 12 0.00 0.0 0 5.7 16 200 M M 6 19 190
8 79 67 73 9 0 8 0.00 0.0 0 6.4 20 220 M M 2 18 24 210
9 78 65 72 8 0 7 0.00 0.0 0 5.6 14 200 M M 4 8 19 180
10 79 67 73 8 0 8 0.00 0.0 0 4.9 16 190 M M 9 8 21 200
11 77 65 71 6 0 6 0.00 0.0 0 5.6 13 220 M M 5 17 220
12 77 63 70 5 0 5 0.00 0.0 0 6.6 17 200 M M 6 24 210
13 75 64 70 5 0 5 0.00 0.0 0 6.0 16 190 M M 3 21 200
14 78 64 71 6 0 6 0.00 0.0 0 6.4 15 200 M M 3 20 210
15 79 65 72 7 0 7 0.00 0.0 0 5.8 14 190 M M 2 19 230
16 80 66 73 8 0 8 0.00 0.0 0 5.8 15 200 M M 4 20 200
17 79 67 73 8 0 8 0.00 0.0 0 6.8 17 190 M M 6 27 220
18 73 63 68 3 0 3 0.01 0.0 0 6.2 13 260 M M 8 18 20 260
19 71 59 65 0 0 0 0.00 0.0 0 6.0 15 260 M M 3 23 260
20 74 59 67 1 0 2 0.00 0.0 0 5.5 15 180 M M 2 20 220
21 80 60 70 4 0 5 0.00 0.0 0 4.1 13 210 M M 0 17 190
22 76 61 69 3 0 4 0.00 0.0 0 8.6 21 190 M M 3 26 190
23 73 63 68 2 0 3 0.00 0.0 0 7.0 16 180 M M 5 22 180
24 75 62 69 3 0 4 0.00 0.0 0 4.6 13 220 M M 3 1 18 200
25 79 62 71 5 0 6 0.00 0.0 0 5.3 12 220 M M 5 8 16 210
26 79 63 71 5 0 6 0.00 0.0 0 4.9 13 210 M M 3 17 210
27 77 61 69 3 0 4 0.00 0.0 0 5.9 12 210 M M 6 1 17 220
28 74 63 69 3 0 4 0.00 0.0 0 5.9 13 180 M M 8 21 220
29 73 63 68 2 0 3 T 0.0 0 5.8 15 200 M M 9 18 18 210
30 77 64 71 5 0 6 0.00 0.0 0 5.3 14 260 M M 6 21 260
31 78 63 71 5 0 6 0.00 0.0 0 3.9 14 250 M M 5 18 240
================================================================================
SM 2418 1975 0 188 0.01 0.0 175.1 M 131
================================================================================
AV 78.0 63.7 5.6 FASTST M M 4 MAX(MPH)
MISC ----> # 21 190 # 27 220
================================================================================
NOTES:
# LAST OF SEVERAL OCCURRENCES
COLUMN 17 PEAK WIND IN M.P.H.
PRELIMINARY LOCAL CLIMATOLOGICAL DATA (WS FORM: F-6) , PAGE 2
STATION: JOHN WAYNE AIRPORT CA
MONTH: MAY
YEAR: 2020
LATITUDE: 33 40 N
LONGITUDE: 117 53 W
[TEMPERATURE DATA] [PRECIPITATION DATA] SYMBOLS USED IN COLUMN 16
AVERAGE MONTHLY: 70.9 TOTAL FOR MONTH: 0.01 1 = FOG OR MIST
DPTR FM NORMAL: 5.9 DPTR FM NORMAL: -0.22 2 = FOG REDUCING VISIBILITY
HIGHEST: 92 ON 6 GRTST 24HR 0.01 ON 18-18 TO 1/4 MILE OR LESS
LOWEST: 59 ON 20,19 3 = THUNDER
SNOW, ICE PELLETS, HAIL 4 = ICE PELLETS
TOTAL MONTH: 0.0 INCH 5 = HAIL
GRTST 24HR 0.0 6 = FREEZING RAIN OR DRIZZLE
GRTST DEPTH: 0 7 = DUSTSTORM OR SANDSTORM:
VSBY 1/2 MILE OR LESS
8 = SMOKE OR HAZE
[NO. OF DAYS WITH] [WEATHER - DAYS WITH] 9 = BLOWING SNOW
X = TORNADO
MAX 32 OR BELOW: 0 0.01 INCH OR MORE: 1
MAX 90 OR ABOVE: 1 0.10 INCH OR MORE: 0
MIN 32 OR BELOW: 0 0.50 INCH OR MORE: 0
MIN 0 OR BELOW: 0 1.00 INCH OR MORE: 0
[HDD (BASE 65) ]
TOTAL THIS MO. 0 CLEAR (SCALE 0-3) 12
DPTR FM NORMAL -38 PTCLDY (SCALE 4-7) 17
TOTAL FM JUL 1 659 CLOUDY (SCALE 8-10) 2
DPTR FM NORMAL -586
[CDD (BASE 65) ]
TOTAL THIS MO. 188
DPTR FM NORMAL 150 [PRESSURE DATA]
TOTAL FM JAN 1 313 HIGHEST SLP 30.07 ON 20
DPTR FM NORMAL 246 LOWEST SLP 29.81 ON 7
[REMARKS]
#FINAL-05-20#