000
CXUS54 KMAF 011110
CF6SNK
PRELIMINARY LOCAL CLIMATOLOGICAL DATA (WS FORM: F-6)
STATION: SNYDER WINSTON FIELD
MONTH: MAY
YEAR: 2020
LATITUDE: 32 41 N
LONGITUDE: 100 57 W
TEMPERATURE IN F: :PCPN: SNOW: WIND :SUNSHINE: SKY :PK WND
================================================================================
1 2 3 4 5 6A 6B 7 8 9 10 11 12 13 14 15 16 17 18
12Z AVG MX 2MIN
DY MAX MIN AVG DEP HDD CDD WTR SNW DPTH SPD SPD DIR MIN PSBL S-S WX SPD DR
================================================================================
1 98 65 82 M 0 17 M M M 13.1 21 200 M M 0 28 190
2 102 66 84 M 0 19 M M M 10.6 18 270 M M 0 25 270
3 95 69 82 M 0 17 M M M 7.7 15 150 M M 0 21 150
4 101 67 84 M 0 19 M M M 10.5 24 50 M M 0 38 50
5 76 60 68 M 0 3 M M M 15.4 25 40 M M 3 33 40
6 83 52 68 M 0 3 M M M 8.4 15 160 M M 0 18 120
7 92 60 76 M 0 11 M M M 15.1 32 170 M M 2 37 170
8 76 52 64 M 1 0 M M M 18.4 31 10 M M 0 47 10
9 75 46 61 M 4 0 M M M 6.3 12 90 M M 0 16 150
10 77 54 66 M 0 1 M M M 9.1 16 100 M M 0 20 170
11 78 58 68 M 0 3 0.55 M M 14.0 21 150 M M 4 29 150
12 77 58 68 M 0 3 M M M 9.3 16 70 M M 1 24 70
13 91 63 77 M 0 12 0.12 M M 14.3 25 260 M M 3 55 260
14 94 61 78 M 0 13 M M M 9.3 15 210 M M 0 21 210
15 90 60 75 M 0 10 0.55 M M 10.8 23 30 M M 4 3 33 60
16 73 58 66 M 0 1 M M M 7.8 20 80 M M 3 28 80
17 84 59 72 M 0 7 M M M 3.3 8 90 M M 0 M M
18 99 62 81 M 0 16 M M M 7.8 12 190 M M 0 21 160
19 104 66 85 M 0 20 M M M 7.7 13 190 M M 0 22 190
20 96 66 81 M 0 16 0.44 M M 12.0 26 230 M M 1 3 38 230
21 95 62 79 M 0 14 M M M 9.6 17 140 M M 0 25 150
22 95 69 82 M 0 17 M M M 10.7 15 200 M M 1 21 200
23 89 65 77 M 0 12 M M M 15.1 25 150 M M 4 36 150
24 91 61 76 M 0 11 0.03 M M 14.0 31 180 M M 3 3 45 180
25 74 59 67 M 0 2 M M M 9.5 16 60 M M 6 3 22 70
26 80 54 67 M 0 2 M M M 5.5 12 290 M M 2 3 22 320
27 89 63 76 M 0 11 M M M 8.0 14 30 M M 0 23 10
28 82 60 71 M 0 6 M M M 9.1 17 340 M M 0 24 330
29 86 61 74 M 0 9 M M M 7.7 15 100 M M 0 20 120
30 89 58 74 M 0 9 M M M 7.9 15 90 M M 0 23 90
31 86 61 74 M 0 9 M M M 8.0 14 110 M M 1 20 90
================================================================================
SM 2717 1875 5 293 1.69 M 315.9 M 38
================================================================================
AV 87.6 60.5 10.2 FASTST M M 1 MAX(MPH)
MISC ----> 32 170 55 260
================================================================================
NOTES:
# LAST OF SEVERAL OCCURRENCES
COLUMN 17 PEAK WIND IN M.P.H.
PRELIMINARY LOCAL CLIMATOLOGICAL DATA (WS FORM: F-6) , PAGE 2
STATION: SNYDER WINSTON FIELD
MONTH: MAY
YEAR: 2020
LATITUDE: 32 41 N
LONGITUDE: 100 57 W
[TEMPERATURE DATA] [PRECIPITATION DATA] SYMBOLS USED IN COLUMN 16
AVERAGE MONTHLY: 74.1 TOTAL FOR MONTH: 1.69 1 = FOG OR MIST
DPTR FM NORMAL: 0.0 DPTR FM NORMAL: M 2 = FOG REDUCING VISIBILITY
HIGHEST: 104 ON 19 GRTST 24HR 0.55 ON 11-11 TO 1/4 MILE OR LESS
LOWEST: 46 ON 9 3 = THUNDER
SNOW, ICE PELLETS, HAIL 4 = ICE PELLETS
TOTAL MONTH: M 5 = HAIL
GRTST 24HR M ON M 6 = FREEZING RAIN OR DRIZZLE
GRTST DEPTH: M ON M 7 = DUSTSTORM OR SANDSTORM:
VSBY 1/2 MILE OR LESS
8 = SMOKE OR HAZE
[NO. OF DAYS WITH] [WEATHER - DAYS WITH] 9 = BLOWING SNOW
X = TORNADO
MAX 32 OR BELOW: 0 0.01 INCH OR MORE: 5
MAX 90 OR ABOVE: 14 0.10 INCH OR MORE: 4
MIN 32 OR BELOW: 0 0.50 INCH OR MORE: 2
MIN 0 OR BELOW: 0 1.00 INCH OR MORE: 0
[HDD (BASE 65) ]
TOTAL THIS MO. 5 CLEAR (SCALE 0-3) 25
DPTR FM NORMAL M PTCLDY (SCALE 4-7) 6
TOTAL FM JUL 1 2742 CLOUDY (SCALE 8-10) 0
DPTR FM NORMAL M
[CDD (BASE 65) ]
TOTAL THIS MO. 293
DPTR FM NORMAL M [PRESSURE DATA]
TOTAL FM JAN 1 409 HIGHEST SLP M ON M
DPTR FM NORMAL M LOWEST SLP M ON M
[REMARKS]
#FINAL-05-20#