000
CXUS54 KMAF 011110
CF6SNK
PRELIMINARY LOCAL CLIMATOLOGICAL DATA (WS FORM: F-6)
STATION: SNYDER WINSTON FIELD
MONTH: SEPTEMBER
YEAR: 2023
LATITUDE: 32 41 N
LONGITUDE: 100 57 W
TEMPERATURE IN F: :PCPN: SNOW: WIND :SUNSHINE: SKY :PK WND
================================================================================
1 2 3 4 5 6A 6B 7 8 9 10 11 12 13 14 15 16 17 18
12Z AVG MX 2MIN
DY MAX MIN AVG DEP HDD CDD WTR SNW DPTH SPD SPD DIR MIN PSBL S-S WX SPD DR
================================================================================
1 99 69 84 M 0 19 M M M 6.8 12 80 M M 0 18 0
2 99 70 85 M 0 20 M M M 5.7 9 280 M M 0 M M
3 100 68 84 M 0 19 M M M 7.2 15 240 M M 0 18 250
4 102 74 88 M 0 23 M M M 11.2 18 210 M M 0 23 190
5 103 77 90 M 0 25 M M M 8.2 16 210 M M 1 8 22 200
6 99 74 87 M 0 22 M M M 4.4 10 90 M M 0 M M
7 101 74 88 M 0 23 M M M 9.3 16 220 M M 0 21 220
8 104 73 89 M 0 24 M M M 8.0 16 240 M M 0 23 240
9 99 73 86 M 0 21 M M M 6.9 15 80 M M 0 21 90
10 96 76 86 M 0 21 M M M 11.9 21 160 M M 1 3 26 160
11 91 65 78 M 0 13 0.37 M M 12.6 25 20 M M 4 3 40 230
12 68 63 66 M 0 1 0.05 M M 8.9 15 30 M M 9 1 22 30
13 69 62 66 M 0 1 0.05 M M 4.3 10 120 M M 8 1 M M
14 82 64 73 M 0 8 0.10 M M 6.2 10 80 M M 6 3 20 0
15 83 62 73 M 0 8 0.07 M M 6.6 12 170 M M 2 26 280
16 80 60 70 M 0 5 0.44 M M 9.1 23 10 M M 4 3 36 10
17 84 64 74 M 0 9 0.11 M M 2.1 6 110 M M 1 16 0
18 88 64 76 M 0 11 0.03 M M 8.0 12 160 M M 0 18 200
19 96 69 83 M 0 18 M M M 9.8 15 200 M M 0 24 210
20 97 67 82 M 0 17 M M M 6.9 15 230 M M 0 21 230
21 87 73 80 M 0 15 M M M 7.7 14 210 M M 1 M M
22 96 72 84 M 0 19 M M M 8.8 16 210 M M 0 25 190
23 100 74 87 M 0 22 M M M 6.9 16 240 M M 0 17 240
24 92 69 81 M 0 16 M M M 6.8 16 50 M M 0 21 50
25 84 71 78 M 0 13 M M M 8.3 17 50 M M 4 1 21 50
26 88 66 77 M 0 12 M M M 3.8 8 90 M M 1 M M
27 91 67 79 M 0 14 M M M 6.2 13 150 M M 1 18 120
28 92 66 79 M 0 14 M M M 9.0 16 160 M M 0 20 160
29 91 69 80 M 0 15 M M M 12.0 21 150 M M 0 26 150
30 88 71 80 M 0 15 M M M 10.7 17 170 M M 1 22 160
================================================================================
SM 2749 2066 0 463 1.22 M 234.1 M 44
================================================================================
AV 91.6 68.9 7.8 FASTST M M 1 MAX(MPH)
MISC ----> 25 20 40 230
================================================================================
NOTES:
# LAST OF SEVERAL OCCURRENCES
COLUMN 17 PEAK WIND IN M.P.H.
PRELIMINARY LOCAL CLIMATOLOGICAL DATA (WS FORM: F-6) , PAGE 2
STATION: SNYDER WINSTON FIELD
MONTH: SEPTEMBER
YEAR: 2023
LATITUDE: 32 41 N
LONGITUDE: 100 57 W
[TEMPERATURE DATA] [PRECIPITATION DATA] SYMBOLS USED IN COLUMN 16
AVERAGE MONTHLY: 80.3 TOTAL FOR MONTH: 1.22 1 = FOG OR MIST
DPTR FM NORMAL: 0.0 DPTR FM NORMAL: M 2 = FOG REDUCING VISIBILITY
HIGHEST: 104 ON 8 GRTST 24HR 0.44 ON 16-16 TO 1/4 MILE OR LESS
LOWEST: 60 ON 16 3 = THUNDER
SNOW, ICE PELLETS, HAIL 4 = ICE PELLETS
TOTAL MONTH: M 5 = HAIL
GRTST 24HR M ON M 6 = FREEZING RAIN OR DRIZZLE
GRTST DEPTH: M ON M 7 = DUSTSTORM OR SANDSTORM:
VSBY 1/2 MILE OR LESS
8 = SMOKE OR HAZE
[NO. OF DAYS WITH] [WEATHER - DAYS WITH] 9 = BLOWING SNOW
X = TORNADO
MAX 32 OR BELOW: 0 0.01 INCH OR MORE: 8
MAX 90 OR ABOVE: 19 0.10 INCH OR MORE: 3
MIN 32 OR BELOW: 0 0.50 INCH OR MORE: 0
MIN 0 OR BELOW: 0 1.00 INCH OR MORE: 0
[HDD (BASE 65) ]
TOTAL THIS MO. 0 CLEAR (SCALE 0-3) 24
DPTR FM NORMAL M PTCLDY (SCALE 4-7) 5
TOTAL FM JUL 1 0 CLOUDY (SCALE 8-10) 1
DPTR FM NORMAL M
[CDD (BASE 65) ]
TOTAL THIS MO. 463
DPTR FM NORMAL M [PRESSURE DATA]
TOTAL FM JAN 1 2621 HIGHEST SLP M ON M
DPTR FM NORMAL M LOWEST SLP M ON M
[REMARKS]
#FINAL-09-23#