000
CXAK56 PAFC 011021
CF6SNP
PRELIMINARY LOCAL CLIMATOLOGICAL DATA (WS FORM: F-6)
STATION: SAINT PAUL ISLAND
MONTH: APRIL
YEAR: 2023
LATITUDE: 57 9 N
LONGITUDE: 170 13 W
TEMPERATURE IN F: :PCPN: SNOW: WIND :SUNSHINE: SKY :PK WND
================================================================================
1 2 3 4 5 6A 6B 7 8 9 10 11 12 13 14 15 16 17 18
12Z AVG MX 2MIN
DY MAX MIN AVG DEP HDD CDD WTR SNW DPTH SPD SPD DIR MIN PSBL S-S WX SPD DR
================================================================================
1 37 31 34 7 31 0 T M M 9.5 17 230 M M 10 1 21 220
2 34 33 34 7 31 0 0.26 M M 14.6 22 80 M M 10 1 28 90
3 39 34 37 10 28 0 0.05 M M 11.3 18 230 M M 10 12 24 220
4 34 19 27 0 38 0 0.00 M M 11.5 24 10 M M 9 1 28 10
5 33 19 26 -2 39 0 0.04 M M 9.2 20 80 M M 9 1 23 80
6 32 31 32 4 33 0 0.23 M M 15.2 22 90 M M 10 1 26 90
7 31 24 28 0 37 0 0.06 M M 14.6 22 80 M M 10 1 26 90
8 32 16 24 -4 41 0 0.01 M M 9.4 18 20 M M 9 1 M M
9 34 27 31 3 34 0 0.05 M M 7.6 12 90 M M 10 1 M M
10 36 32 34 5 31 0 0.20 M M 17.2 26 140 M M 10 12 32 140
11 42 34 38 9 27 0 T M M 15.8 25 250 M M 7 18 31 250
12 40 33 37 8 28 0 0.11 M M 9.3 18 220 M M 9 1 23 220
13 23 22 23 -7 42 0 0.02 M M 17.3 23 340 M M 10 1 28 360
14 25 19 22 -8 43 0 0.02 M M 19.9 28 350 M M 8 1 34 350
15 26 20 23 -7 42 0 T M M 19.6 29 350 M M 6 34 340
16 32 21 27 -3 38 0 0.00 M M 11.9 21 350 M M 7 27 340
17 35 23 29 -1 36 0 T M M 9.0 16 40 M M 10 22 40
18 34 24 29 -2 36 0 0.00 M M 14.7 21 90 M M 2 24 100
19 34 26 30 -1 35 0 0.00 M M 17.7 24 70 M M 1 29 80
20 38 29 34 3 31 0 0.00 M M 14.6 22 60 M M 8 26 60
21 43 23 33 1 32 0 0.00 M M 12.0 18 50 M M 0 21 40
22 45 20 33 1 32 0 0.00 M M 6.5 15 10 M M 0 12 16 10
23 33 16 25 -7 40 0 0.00 M M 8.9 20 110 M M 4 23 110
24 33 26 30 -2 35 0 0.12 M M 25.4 36 70 M M 10 1 43 60
25 28 24 26 -6 39 0 T M M 12.6 29 40 M M 10 1 33 40
26 32 25 29 -4 36 0 0.05 M M 13.1 20 350 M M 9 1 23 10
27 33 26 30 -3 35 0 0.05 M M 11.3 18 340 M M 10 1 21 340
28 36 24 30 -3 35 0 T M M 12.3 24 50 M M 9 1 28 60
29 38 20 29 -4 36 0 0.02 M M 10.1 20 50 M M 8 1 23 50
30 37 32 35 1 30 0 0.22 M M 22.5 29 360 M M 10 1 36 10
================================================================================
SM 1029 753 1051 0 1.51 M 404.6 M 235
================================================================================
AV 34.3 25.1 13.5 FASTST M M 8 MAX(MPH)
MISC ----> 36 70 43 60
================================================================================
NOTES:
# LAST OF SEVERAL OCCURRENCES
COLUMN 17 PEAK WIND IN M.P.H.
PRELIMINARY LOCAL CLIMATOLOGICAL DATA (WS FORM: F-6) , PAGE 2
STATION: SAINT PAUL ISLAND
MONTH: APRIL
YEAR: 2023
LATITUDE: 57 9 N
LONGITUDE: 170 13 W
[TEMPERATURE DATA] [PRECIPITATION DATA] SYMBOLS USED IN COLUMN 16
AVERAGE MONTHLY: 29.7 TOTAL FOR MONTH: 1.51 1 = FOG OR MIST
DPTR FM NORMAL: -0.4 DPTR FM NORMAL: 0.47 2 = FOG REDUCING VISIBILITY
HIGHEST: 45 ON 22 GRTST 24HR 0.26 ON 1- 2 TO 1/4 MILE OR LESS
LOWEST: 16 ON 23, 8 3 = THUNDER
SNOW, ICE PELLETS, HAIL 4 = ICE PELLETS
TOTAL MONTH: M 5 = HAIL
GRTST 24HR M ON M 6 = FREEZING RAIN OR DRIZZLE
GRTST DEPTH: M ON M 7 = DUSTSTORM OR SANDSTORM:
VSBY 1/2 MILE OR LESS
8 = SMOKE OR HAZE
[NO. OF DAYS WITH] [WEATHER - DAYS WITH] 9 = BLOWING SNOW
X = TORNADO
MAX 32 OR BELOW: 9 0.01 INCH OR MORE: 16
MAX 90 OR ABOVE: 0 0.10 INCH OR MORE: 6
MIN 32 OR BELOW: 26 0.50 INCH OR MORE: 0
MIN 0 OR BELOW: 0 1.00 INCH OR MORE: 0
[HDD (BASE 65) ]
TOTAL THIS MO. 1051 CLEAR (SCALE 0-3) 4
DPTR FM NORMAL 4 PTCLDY (SCALE 4-7) 7
TOTAL FM JUL 1 8597 CLOUDY (SCALE 8-10) 19
DPTR FM NORMAL -451
[CDD (BASE 65) ]
TOTAL THIS MO. 0
DPTR FM NORMAL 0 [PRESSURE DATA]
TOTAL FM JAN 1 0 HIGHEST SLP M ON M
DPTR FM NORMAL 0 LOWEST SLP 29.04 ON 30
[REMARKS]
#FINAL-04-23#