000
CXUS56 KMTR 010900
CF6SNS
PRELIMINARY LOCAL CLIMATOLOGICAL DATA (WS FORM: F-6)
STATION: SALINAS AIRPORT
MONTH: AUGUST
YEAR: 2021
LATITUDE: 36 40 N
LONGITUDE: 121 36 W
TEMPERATURE IN F: :PCPN: SNOW: WIND :SUNSHINE: SKY :PK WND
================================================================================
1 2 3 4 5 6A 6B 7 8 9 10 11 12 13 14 15 16 17 18
12Z AVG MX 2MIN
DY MAX MIN AVG DEP HDD CDD WTR SNW DPTH SPD SPD DIR MIN PSBL S-S WX SPD DR
================================================================================
1 72 59 66 3 0 1 0.00 M M 6.9 17 340 M M 5 26 310
2 74 60 67 4 0 2 0.00 M M 7.8 16 320 M M 5 21 320
3 73 57 65 2 0 0 0.00 M M 8.6 16 320 M M 6 20 320
4 69 56 63 0 2 0 0.00 M M 9.0 20 310 M M 7 1 23 300
5 72 57 65 1 0 0 T M M 10.0 18 290 M M 6 1 23 320
6 75 57 66 2 0 1 0.00 M M 8.4 7 330 M M 6 1 10 320
7 70 55 63 -1 2 0 0.00 M M 8.2 10 330 M M 6 1 13 330
8 71 58 65 1 0 0 0.00 M M 7.7 18 310 M M 8 18 23 320
9 71 57 64 0 1 0 T M M 6.9 17 320 M M 7 1 23 310
10 76 59 68 4 0 3 0.00 M M 7.5 17 320 M M 4 18 23 310
11 M 58 M M M M 0.00 M M 12.4 16 310 M M 4 18 21 320
12 M M M M M M 0.00 M M M M M M M 0 M M
13 M M M M M M 0.00 M M M M M M M 0 M M
14 M M M M M M 0.00 M M M M M M M 0 M M
15 M M M M M M 0.00 M M M M M M M 0 M M
16 M M M M M M 0.00 M M M M M M M 0 M M
17 M M M M M M 0.00 M M M M M M M 0 M M
18 M M M M M M 0.00 M M M M M M M 0 M M
19 M M M M M M 0.00 M M M M M M M 0 M M
20 M M M M M M 0.00 M M M M M M M 0 M M
21 M M M M M M 0.00 M M M M M M M 0 M M
22 M M M M M M 0.00 M M M M M M M 0 M M
23 68 63 66 2 0 1 0.00 M M 11.7 15 320 M M 1 15 320
24 78 57 68 4 0 3 0.00 M M 6.4 14 300 M M 8 8 21 300
25 71 58 65 1 0 0 0.00 M M 6.4 17 300 M M 7 1 21 290
26 73 55 64 0 1 0 0.00 M M 7.3 17 300 M M 6 18 22 310
27 86 54 70 6 0 5 0.00 M M 6.1 16 310 M M 4 12 19 310
28 82 57 70 6 0 5 0.00 M M 7.2 18 320 M M 3 18 23 330
29 75 60 68 4 0 3 0.00 M M 6.8 17 320 M M 6 1 22 300
30 73 59 66 2 0 1 0.00 M M 7.9 17 310 M M 6 18 23 310
31 72 58 65 1 0 0 0.00 M M 8.3 20 340 M M 7 26 300
================================================================================
SM 1401 1154 6 25 T M 161.5 M 112
================================================================================
AV 73.7 57.7 8.1 FASTST M M 4 MAX(MPH)
MISC ----> # 20 310 # 26 310
================================================================================
NOTES:
# LAST OF SEVERAL OCCURRENCES
COLUMN 17 PEAK WIND IN M.P.H.
PRELIMINARY LOCAL CLIMATOLOGICAL DATA (WS FORM: F-6) , PAGE 2
STATION: SALINAS AIRPORT
MONTH: AUGUST
YEAR: 2021
LATITUDE: 36 40 N
LONGITUDE: 121 36 W
[TEMPERATURE DATA] [PRECIPITATION DATA] SYMBOLS USED IN COLUMN 16
AVERAGE MONTHLY: 65.7 TOTAL FOR MONTH: T 1 = FOG OR MIST
DPTR FM NORMAL: 1.7 DPTR FM NORMAL: -0.03 2 = FOG REDUCING VISIBILITY
HIGHEST: 86 ON 27 GRTST 24HR T ON 5- 5 TO 1/4 MILE OR LESS
LOWEST: 54 ON 27 3 = THUNDER
SNOW, ICE PELLETS, HAIL 4 = ICE PELLETS
TOTAL MONTH: M 5 = HAIL
GRTST 24HR M ON M 6 = FREEZING RAIN OR DRIZZLE
GRTST DEPTH: M ON M 7 = DUSTSTORM OR SANDSTORM:
VSBY 1/2 MILE OR LESS
8 = SMOKE OR HAZE
[NO. OF DAYS WITH] [WEATHER - DAYS WITH] 9 = BLOWING SNOW
X = TORNADO
MAX 32 OR BELOW: 0 0.01 INCH OR MORE: 0
MAX 90 OR ABOVE: 0 0.10 INCH OR MORE: 0
MIN 32 OR BELOW: 0 0.50 INCH OR MORE: 0
MIN 0 OR BELOW: 0 1.00 INCH OR MORE: 0
[HDD (BASE 65) ]
TOTAL THIS MO. 6 CLEAR (SCALE 0-3) 12
DPTR FM NORMAL -52 PTCLDY (SCALE 4-7) 19
TOTAL FM JUL 1 41 CLOUDY (SCALE 8-10) 0
DPTR FM NORMAL -101
[CDD (BASE 65) ]
TOTAL THIS MO. 25
DPTR FM NORMAL 0 [PRESSURE DATA]
TOTAL FM JAN 1 57 HIGHEST SLP M ON M
DPTR FM NORMAL -7 LOWEST SLP 29.72 ON 27
[REMARKS]
#FINAL-08-21#