000
CXUS55 KCYS 111111 CCA
CF6SNY
PRELIMINARY LOCAL CLIMATOLOGICAL DATA (WS FORM: F-6)...CORRECTED
STATION: SIDNEY NEBRASKA AIRPORT
MONTH: MAY
YEAR: 2023
LATITUDE: 41 5 N
LONGITUDE: 102 59 W
TEMPERATURE IN F: :PCPN: SNOW: WIND :SUNSHINE: SKY :PK WND
================================================================================
1 2 3 4 5 6A 6B 7 8 9 10 11 12 13 14 15 16 17 18
12Z AVG MX 2MIN
DY MAX MIN AVG DEP HDD CDD WTR SNW DPTH SPD SPD DIR MIN PSBL S-S WX SPD DR
================================================================================
1 67 28 48 -1 17 0 0.00 M M 8.1 15 150 M M 1 25 160
2 69 28 49 0 16 0 0.00 M M 11.1 21 150 M M 0 31 160
3 80 40 60 10 5 0 0.00 M M 9.8 21 190 M M 0 27 190
4 80 43 62 12 3 0 0.05 M M 10.0 24 230 M M 3 3 32 230
5 78 38 58 8 7 0 0.15 M M 10.4 37 300 M M 2 138 52 300
6 71 37 54 3 11 0 T M M 8.2 24 200 M M 2 1 41 120
7 71 38 55 4 10 0 T M M 7.9 21 330 M M 2 31 310
8 75 39 57 5 8 0 0.05 M M 13.0 28 160 M M 3 39 160
9 73 53 63 11 2 0 T M M 15.2 29 160 M M 3 3 38 170
10 72 47 60 7 5 0 0.61 M M 17.7 36 260 M M 5 138 50 240
11 56 49 53 0 12 0 1.63 M M 10.1 24 150 M M 9 13 32 140
12 60 42 51 -2 14 0 T M M 20.2 35 330 M M 8 12 45 330
13 61 49 55 1 10 0 T M M 16.4 30 330 M M 10 38 330
14 54 50 52 -2 13 0 0.19 M M 13.1 21 20 M M 10 1 27 20
15 63 44 54 -1 11 0 0.01 M M 8.0 17 30 M M 7 1 24 20
16 76 40 58 3 7 0 T M M 7.6 18 360 M M 0 13 24 350
17 79 45 62 6 3 0 0.09 M M 6.7 25 300 M M 3 13 34 310
18 64 47 56 0 9 0 0.43 M M 7.9 25 350 M M 7 138 35 360
19 60 38 49 -7 16 0 0.00 M M 6.6 15 360 M M 3 18 24 20
20 72 37 55 -2 10 0 0.00 M M 9.6 18 180 M M 2 18 24 160
21 76 45 61 4 4 0 0.00 M M 5.6 16 30 M M 0 18 21 30
22 75 46 61 3 4 0 0.00 M M 8.6 16 160 M M 1 18 22 160
23 74 49 62 4 3 0 0.00 M M 9.0 17 150 M M 1 1 23 160
24 74 52 63 4 2 0 0.03 M M 13.3 23 140 M M 3 18 31 140
25 73 50 62 3 3 0 0.00 M M 14.5 25 140 M M 4 1 33 130
26 75 54 65 5 0 0 1.14 M M 18.7 30 160 M M 7 138 40 160
27 74 53 64 4 1 0 0.37 M M 16.1 31 150 M M 5 13 45 210
28 73 47 60 0 5 0 0.42 M M 8.5 35 260 M M 2 13 47 260
29 79 46 63 2 2 0 0.03 M M 7.4 31 300 M M 1 38 47 310
30 80 52 66 5 0 1 0.00 M M 11.8 35 320 M M 1 3 51 320
31 77 50 64 3 1 0 0.00 M M 13.7 29 150 M M 0 38 150
================================================================================
SM 2211 1376 214 1 5.20 M 344.8 M 105
================================================================================
AV 71.3 44.4 11.1 FASTST M M 3 MAX(MPH)
MISC ----> 37 300 52 300
================================================================================
NOTES:
# LAST OF SEVERAL OCCURRENCES
COLUMN 17 PEAK WIND IN M.P.H.
PRELIMINARY LOCAL CLIMATOLOGICAL DATA (WS FORM: F-6) , PAGE 2
STATION: SIDNEY NEBRASKA AIRPORT
MONTH: MAY
YEAR: 2023
LATITUDE: 41 5 N
LONGITUDE: 102 59 W
[TEMPERATURE DATA] [PRECIPITATION DATA] SYMBOLS USED IN COLUMN 16
AVERAGE MONTHLY: 57.9 TOTAL FOR MONTH: 5.20 1 = FOG OR MIST
DPTR FM NORMAL: 2.7 DPTR FM NORMAL: 2.33 2 = FOG REDUCING VISIBILITY
HIGHEST: 80 ON 30, 4 GRTST 24HR 1.91 ON 10-11 TO 1/4 MILE OR LESS
LOWEST: 28 ON 2, 1 3 = THUNDER
SNOW, ICE PELLETS, HAIL 4 = ICE PELLETS
TOTAL MONTH: M 5 = HAIL
GRTST 24HR M ON M 6 = FREEZING RAIN OR DRIZZLE
GRTST DEPTH: M ON M 7 = DUSTSTORM OR SANDSTORM:
VSBY 1/2 MILE OR LESS
8 = SMOKE OR HAZE
[NO. OF DAYS WITH] [WEATHER - DAYS WITH] 9 = BLOWING SNOW
X = TORNADO
MAX 32 OR BELOW: 0 0.01 INCH OR MORE: 14
MAX 90 OR ABOVE: 0 0.10 INCH OR MORE: 8
MIN 32 OR BELOW: 2 0.50 INCH OR MORE: 3
MIN 0 OR BELOW: 0 1.00 INCH OR MORE: 2
[HDD (BASE 65) ]
TOTAL THIS MO. 214 CLEAR (SCALE 0-3) 18
DPTR FM NORMAL -105 PTCLDY (SCALE 4-7) 10
TOTAL FM JUL 1 7084 CLOUDY (SCALE 8-10) 3
DPTR FM NORMAL 475
[CDD (BASE 65) ]
TOTAL THIS MO. 1
DPTR FM NORMAL -14 [PRESSURE DATA]
TOTAL FM JAN 1 1 HIGHEST SLP 30.44 ON 14
DPTR FM NORMAL -14 LOWEST SLP 29.58 ON 5
[REMARKS]
MAY 11...RECORD DAILY MAXIMUM PRECIPITATION: 1.63 INCHES
(PREVIOUS: 1.00 INCHES IN 2005)
MAY 26...RECORD DAILY MAXIMUM PRECIPITATION: 1.14 INCHES
(PREVIOUS: 1.07 INCHES IN 1967)
#FINAL-05-23#