000
CXUS56 KPQR 011611
CF6SPB
PRELIMINARY LOCAL CLIMATOLOGICAL DATA (WS FORM: F-6)
STATION: SCAPPOOSE OR
MONTH: DECEMBER
YEAR: 2023
LATITUDE: 45 46 N
LONGITUDE: 122 50 W
TEMPERATURE IN F: :PCPN: SNOW: WIND :SUNSHINE: SKY :PK WND
================================================================================
1 2 3 4 5 6A 6B 7 8 9 10 11 12 13 14 15 16 17 18
12Z AVG MX 2MIN
DY MAX MIN AVG DEP HDD CDD WTR SNW DPTH SPD SPD DIR MIN PSBL S-S WX SPD DR
================================================================================
1 52 37 45 3 20 0 0.32 M M 3.5 12 200 M M 10 1 18 190
2 52 41 47 6 18 0 0.70 M M 3.2 23 320 M M 7 1 43 320
3 53 46 50 9 15 0 0.69 M M 2.1 8 180 M M 10 12 11 170
4 60 50 55 14 10 0 0.10 M M 6.6 13 160 M M 10 1 20 150
5 60 57 59 18 6 0 1.85 M M 5.8 13 150 M M 10 1 17 160
6 59 47 53 12 12 0 0.93 M M 4.0 9 170 M M 10 1 13 180
7 51 38 45 5 20 0 0.15 M M 6.6 17 150 M M 9 1 25 150
8 47 36 42 2 23 0 T M M 2.0 7 140 M M 8 1 9 150
9 47 35 41 1 24 0 0.51 M M 2.2 8 140 M M 9 1 14 170
10 52 46 49 9 16 0 0.69 M M 3.1 14 120 M M 10 1 19 120
11 54 37 46 6 19 0 T M M 3.1 9 10 M M 8 128 12 20
12 56 33 45 5 20 0 0.00 M M 3.9 7 270 M M 0 1 10 200
13 55 34 45 5 20 0 0.00 M M 3.7 9 170 M M 0 12 170
14 50 38 44 4 21 0 0.04 M M 2.2 7 150 M M 8 18 9 190
15 53 33 43 3 22 0 0.00 M M 4.4 8 210 M M 0 18 10 210
16 50 29 40 0 25 0 0.00 M M 1.2 5 270 M M 0 18 6 110
17 46 28 37 -3 28 0 0.00 M M 1.9 9 170 M M 3 128 13 150
18 50 40 45 5 20 0 0.03 M M 4.1 8 180 M M 8 1 12 190
19 49 38 44 5 21 0 0.53 M M 2.3 10 210 M M 9 128 14 190
20 45 36 41 2 24 0 0.00 M M 0.3 5 120 M M 10 12 6 90
21 48 34 41 2 24 0 0.00 M M 0.1 5 140 M M 8 12 7 130
22 49 31 40 1 25 0 0.18 M M 2.8 8 260 M M 7 128 12 280
23 43 29 36 -3 29 0 T M M 0.7 6 270 M M 7 1268 7 310
24 45 29 37 -2 28 0 T M M 3.0 10 190 M M 6 18 15 160
25 43 39 41 2 24 0 0.60 M M 4.0 10 250 M M 10 18 12 240
26 47 38 43 4 22 0 T M M 1.7 7 230 M M 6 1 9 190
27 49 42 46 7 19 0 0.30 M M 2.6 8 90 M M 8 1 12 180
28 51 42 47 8 18 0 0.05 M M 1.9 9 200 M M 7 1 11 220
29 57 41 49 10 16 0 0.04 M M 2.9 13 220 M M 6 1 16 220
30 52 41 47 8 18 0 0.05 M M 0.4 5 280 M M 10 12 7 210
31 50 41 46 7 19 0 0.00 M M 1.3 6 140 M M 10 12 7 280
================================================================================
SM 1575 1186 626 0 7.76 M 87.6 M 224
================================================================================
AV 50.8 38.3 2.8 FASTST M M 7 MAX(MPH)
MISC ----> 23 320 43 320
================================================================================
NOTES:
# LAST OF SEVERAL OCCURRENCES
COLUMN 17 PEAK WIND IN M.P.H.
PRELIMINARY LOCAL CLIMATOLOGICAL DATA (WS FORM: F-6) , PAGE 2
STATION: SCAPPOOSE OR
MONTH: DECEMBER
YEAR: 2023
LATITUDE: 45 46 N
LONGITUDE: 122 50 W
[TEMPERATURE DATA] [PRECIPITATION DATA] SYMBOLS USED IN COLUMN 16
AVERAGE MONTHLY: 44.5 TOTAL FOR MONTH: 7.76 1 = FOG OR MIST
DPTR FM NORMAL: 4.6 DPTR FM NORMAL: 0.51 2 = FOG REDUCING VISIBILITY
HIGHEST: 60 ON 5, 4 GRTST 24HR 2.05 ON 5- 6 TO 1/4 MILE OR LESS
LOWEST: 28 ON 17 3 = THUNDER
SNOW, ICE PELLETS, HAIL 4 = ICE PELLETS
TOTAL MONTH: M 5 = HAIL
GRTST 24HR M ON M 6 = FREEZING RAIN OR DRIZZLE
GRTST DEPTH: M ON M 7 = DUSTSTORM OR SANDSTORM:
VSBY 1/2 MILE OR LESS
8 = SMOKE OR HAZE
[NO. OF DAYS WITH] [WEATHER - DAYS WITH] 9 = BLOWING SNOW
X = TORNADO
MAX 32 OR BELOW: 0 0.01 INCH OR MORE: 18
MAX 90 OR ABOVE: 0 0.10 INCH OR MORE: 13
MIN 32 OR BELOW: 5 0.50 INCH OR MORE: 8
MIN 0 OR BELOW: 0 1.00 INCH OR MORE: 1
[HDD (BASE 65) ]
TOTAL THIS MO. 626 CLEAR (SCALE 0-3) 4
DPTR FM NORMAL -152 PTCLDY (SCALE 4-7) 11
TOTAL FM JUL 1 1551 CLOUDY (SCALE 8-10) 16
DPTR FM NORMAL -365
[CDD (BASE 65) ]
TOTAL THIS MO. 0
DPTR FM NORMAL 0 [PRESSURE DATA]
TOTAL FM JAN 1 646 HIGHEST SLP 30.45 ON 8
DPTR FM NORMAL 312 LOWEST SLP 29.46 ON 19
[REMARKS]
#FINAL-12-23#