000
CXUS55 KPUB 302141
CF6SPD
PRELIMINARY LOCAL CLIMATOLOGICAL DATA (WS FORM: F-6)
STATION: SPRINGFIELD CO
MONTH: AUGUST
YEAR: 2023
LATITUDE: 37 16 N
LONGITUDE: 102 37 W
TEMPERATURE IN F: :PCPN: SNOW: WIND :SUNSHINE: SKY :PK WND
================================================================================
1 2 3 4 5 6A 6B 7 8 9 10 11 12 13 14 15 16 17 18
12Z AVG MX 2MIN
DY MAX MIN AVG DEP HDD CDD WTR SNW DPTH SPD SPD DIR MIN PSBL S-S WX SPD DR
================================================================================
1 97 M M M M M 0.00 M M 9.5 38 290 M M 0 52 290
2 95 65 80 5 0 15 0.00 M M 5.8 17 200 M M 0 28 190
3 91 64 78 3 0 13 0.07 M M 9.1 24 20 M M 0 31 360
4 92 60 76 1 0 11 0.00 M M 8.4 25 40 M M 0 34 40
5 89 63 76 1 0 11 0.01 M M 10.4 24 90 M M 0 31 80
6 81 59 70 -5 0 5 0.00 M M 9.3 18 30 M M 0 24 20
7 90 60 75 0 0 10 0.00 M M 15.9 33 70 M M 0 42 60
8 90 61 76 1 0 11 0.01 M M 12.2 26 100 M M 0 35 110
9 85 63 74 -1 0 9 0.00 M M 9.1 23 50 M M 0 31 50
10 97 62 80 6 0 15 0.00 M M 8.2 23 190 M M 0 33 190
11 95 65 80 6 0 15 0.00 M M 9.2 24 330 M M 0 32 330
12 91 64 78 4 0 13 1.84 M M 12.2 47 250 M M 0 70 250
13 84 61 73 -1 0 8 0.00 M M 14.7 29 10 M M 0 37 20
14 79 59 69 -5 0 4 0.00 M M 5.9 12 350 M M 0 17 10
15 90 56 73 -1 0 8 0.00 M M 8.6 16 160 M M 0 22 180
16 99 59 79 5 0 14 0.00 M M 7.0 16 200 M M 0 21 190
17 88 99 94 20 0 29 0.00 M M 11.8 22 60 M M 0 34 70
18 100 66 83 10 0 18 0.00 M M 15.5 28 190 M M 0 37 180
19 100 66 83 10 0 18 0.00 M M 10.0 22 180 M M 0 30 150
20 95 59 77 4 0 12 0.00 M M 12.6 25 160 M M 0 39 170
21 97 62 80 7 0 15 0.00 M M 13.6 26 180 M M 0 44 180
22 95 62 79 6 0 14 0.00 M M 10.9 21 160 M M 0 29 200
23 94 63 79 6 0 14 0.00 M M 11.3 25 170 M M 0 33 160
24 94 64 79 7 0 14 0.00 M M 13.4 32 230 M M 0 43 240
25 94 64 79 7 0 14 0.25 M M 13.4 32 230 M M 0 43 240
26 78 62 70 -2 0 5 0.00 M M 9.2 20 340 M M 0 25 340
27 86 58 72 0 0 7 0.00 M M 6.1 14 120 M M 0 22 160
28 89 61 75 3 0 10 0.18 M M 8.7 28 30 M M 0 36 280
29 84 58 71 -1 0 6 0.12 M M 10.4 24 320 M M 0 33 320
30 90 54 72 1 0 7 0.00 M M 9.7 18 170 M M M 26 160
31 98 61 80 9 0 15 0.00 M M 10.8 17 180 M M M 22 200
================================================================================
SM 2827 1880 0 360 2.48 M 322.9 M 0
================================================================================
AV 91.2 62.7 10.4 FASTST M M 0 MAX(MPH)
MISC ----> 47 250 70 250
================================================================================
NOTES:
# LAST OF SEVERAL OCCURRENCES
COLUMN 17 PEAK WIND IN M.P.H.
PRELIMINARY LOCAL CLIMATOLOGICAL DATA (WS FORM: F-6) , PAGE 2
STATION: SPRINGFIELD CO
MONTH: AUGUST
YEAR: 2023
LATITUDE: 37 16 N
LONGITUDE: 102 37 W
[TEMPERATURE DATA] [PRECIPITATION DATA] SYMBOLS USED IN COLUMN 16
AVERAGE MONTHLY: 76.9 TOTAL FOR MONTH: 2.48 1 = FOG OR MIST
DPTR FM NORMAL: 3.4 DPTR FM NORMAL: -0.05 2 = FOG REDUCING VISIBILITY
HIGHEST: 100 ON 19,18 GRTST 24HR 1.84 ON 12-12 TO 1/4 MILE OR LESS
LOWEST: 54 ON 30 3 = THUNDER
SNOW, ICE PELLETS, HAIL 4 = ICE PELLETS
TOTAL MONTH: M 5 = HAIL
GRTST 24HR M ON M 6 = FREEZING RAIN OR DRIZZLE
GRTST DEPTH: M ON M 7 = DUSTSTORM OR SANDSTORM:
VSBY 1/2 MILE OR LESS
8 = SMOKE OR HAZE
[NO. OF DAYS WITH] [WEATHER - DAYS WITH] 9 = BLOWING SNOW
X = TORNADO
MAX 32 OR BELOW: 0 0.01 INCH OR MORE: 7
MAX 90 OR ABOVE: 21 0.10 INCH OR MORE: 4
MIN 32 OR BELOW: 0 0.50 INCH OR MORE: 1
MIN 0 OR BELOW: 0 1.00 INCH OR MORE: 1
[HDD (BASE 65) ]
TOTAL THIS MO. 0 CLEAR (SCALE 0-3) 29
DPTR FM NORMAL -6 PTCLDY (SCALE 4-7) 0
TOTAL FM JUL 1 0 CLOUDY (SCALE 8-10) 2
DPTR FM NORMAL -3
[CDD (BASE 65) ]
TOTAL THIS MO. 360
DPTR FM NORMAL 90 [PRESSURE DATA]
TOTAL FM JAN 1 770 HIGHEST SLP M ON M
DPTR FM NORMAL -87 LOWEST SLP 29.64 ON 8
[REMARKS]
#FINAL-08-23#