477
CXUS52 KTBW 011819
CF6SPG
PRELIMINARY LOCAL CLIMATOLOGICAL DATA (WS FORM: F-6)
STATION: Saint Petersburg
MONTH: JUNE
YEAR: 2020
LATITUDE: 27 46 N
LONGITUDE: 82 38 W
TEMPERATURE IN F: :PCPN: SNOW: WIND :SUNSHINE: SKY :PK WND
================================================================================
1 2 3 4 5 6A 6B 7 8 9 10 11 12 13 14 15 16 17 18
12Z AVG MX 2MIN
DY MAX MIN AVG DEP HDD CDD WTR SNW DPTH SPD SPD DIR MIN PSBL S-S WX SPD DR
================================================================================
1 92 79 86 4 0 21 0.98 0.0 0 9.0 29 140 M M 2 13 35 140
2 87 78 83 1 0 18 0.00 0.0 0 16.5 26 110 M M 3 31 110
3 84 74 79 -3 0 14 0.41 0.0 0 11.5 18 120 M M 7 1 21 120
4 84 74 79 -3 0 14 0.08 0.0 0 9.3 20 230 M M 8 1 29 230
5 86 75 81 -1 0 16 0.25 0.0 0 7.8 24 150 M M 4 1 26 150
6 83 74 79 -3 0 14 2.24 0.0 0 13.6 28 130 M M 8 13 32 220
7 89 78 84 2 0 19 0.09 0.0 0 16.2 26 190 M M 8 1 32 180
8 88 80 84 2 0 19 T 0.0 0 9.9 18 220 M M 5 24 220
9 91 79 85 3 0 20 0.00 0.0 0 5.4 12 260 M M 1 16 260
10 93 77 85 3 0 20 0.28 0.0 0 6.9 21 130 M M 1 3 32 290
11 91 76 84 1 0 19 0.31 0.0 0 4.4 32 80 M M 1 13 37 80
12 91 77 84 1 0 19 0.02 0.0 0 7.3 18 120 M M 2 3 22 120
13 85 76 81 -2 0 16 0.20 0.0 0 11.1 26 50 M M 4 13 29 60
14 89 76 83 0 0 18 0.03 0.0 0 10.2 25 40 M M 1 13 31 30
15 89 77 83 0 0 18 0.00 0.0 0 12.6 20 110 M M 0 22 110
16 86 74 80 -3 0 15 0.00 0.0 0 8.4 14 130 M M 2 17 130
17 86 75 81 -2 0 16 0.00 0.0 0 9.0 15 250 M M 1 19 220
18 89 77 83 0 0 18 T 0.0 0 8.0 21 100 M M 2 3 23 80
19 87 76 82 -1 0 17 0.00 0.0 0 5.6 16 140 M M 4 19 130
20 90 78 84 1 0 19 0.00 0.0 0 6.3 14 260 M M 1 17 250
21 90 80 85 2 0 20 0.00 0.0 0 4.6 14 270 M M 0 18 250
22 90 80 85 2 0 20 0.00 0.0 0 5.5 14 280 M M 1 17 260
23 89 81 85 2 0 20 0.00 0.0 0 5.7 14 250 M M 2 17 250
24 92 82 87 4 0 22 0.00 0.0 0 6.0 15 170 M M 1 17 170
25 96 82 89 6 0 24 0.00 0.0 0 4.9 23 60 M M 2 3 25 60
26 97 82 90 7 0 25 0.00 0.0 0 6.8 20 190 M M 1 3 24 190
27 96 81 89 6 0 24 0.00 0.0 0 6.6 15 150 M M 0 18 230
28 92 81 87 4 0 22 0.00 0.0 0 5.7 12 250 M M 0 3 17 150
29 92 84 88 5 0 23 T 0.0 0 4.9 16 250 M M 2 3 20 250
30 91 83 87 3 0 22 0.00 0.0 0 5.6 16 270 M M 1 20 250
================================================================================
SM 2685 2346 0 572 4.89 0.0 245.3 M 75
================================================================================
AV 89.5 78.2 8.2 FASTST M M 3 MAX(MPH)
MISC ----> # 32 80 # 37 80
================================================================================
NOTES:
# LAST OF SEVERAL OCCURRENCES
COLUMN 17 PEAK WIND IN M.P.H.
PRELIMINARY LOCAL CLIMATOLOGICAL DATA (WS FORM: F-6) , PAGE 2
STATION: Saint Petersburg
MONTH: JUNE
YEAR: 2020
LATITUDE: 27 46 N
LONGITUDE: 82 38 W
[TEMPERATURE DATA] [PRECIPITATION DATA] SYMBOLS USED IN COLUMN 16
AVERAGE MONTHLY: 83.9 TOTAL FOR MONTH: 4.89 1 = FOG OR MIST
DPTR FM NORMAL: 1.2 DPTR FM NORMAL: -1.49 2 = FOG REDUCING VISIBILITY
HIGHEST: 97 ON 26 GRTST 24HR 2.24 ON 6- 6 TO 1/4 MILE OR LESS
LOWEST: 74 ON 16, 6 3 = THUNDER
SNOW, ICE PELLETS, HAIL 4 = ICE PELLETS
TOTAL MONTH: 0.0 INCH 5 = HAIL
GRTST 24HR 0.0 6 = FREEZING RAIN OR DRIZZLE
GRTST DEPTH: 0 7 = DUSTSTORM OR SANDSTORM:
VSBY 1/2 MILE OR LESS
8 = SMOKE OR HAZE
[NO. OF DAYS WITH] [WEATHER - DAYS WITH] 9 = BLOWING SNOW
X = TORNADO
MAX 32 OR BELOW: 0 0.01 INCH OR MORE: 11
MAX 90 OR ABOVE: 15 0.10 INCH OR MORE: 7
MIN 32 OR BELOW: 0 0.50 INCH OR MORE: 2
MIN 0 OR BELOW: 0 1.00 INCH OR MORE: 1
[HDD (BASE 65) ]
TOTAL THIS MO. 0 CLEAR (SCALE 0-3) 22
DPTR FM NORMAL 0 PTCLDY (SCALE 4-7) 8
TOTAL FM JUL 1 191 CLOUDY (SCALE 8-10) 0
DPTR FM NORMAL -226
[CDD (BASE 65) ]
TOTAL THIS MO. 572
DPTR FM NORMAL 40 [PRESSURE DATA]
TOTAL FM JAN 1 1917 HIGHEST SLP 30.18 ON 26
DPTR FM NORMAL 472 LOWEST SLP 29.85 ON 7
[REMARKS]
#FINAL-06-20#