000
CXUS53 KILX 010900
CF6SPI
PRELIMINARY LOCAL CLIMATOLOGICAL DATA (WS FORM: F-6)
STATION: SPRINGFIELD IL
MONTH: JUNE
YEAR: 2023
LATITUDE: 39 50 N
LONGITUDE: 89 41 W
TEMPERATURE IN F: :PCPN: SNOW: WIND :SUNSHINE: SKY :PK WND
================================================================================
1 2 3 4 5 6A 6B 7 8 9 10 11 12 13 14 15 16 17 18
12Z AVG MX 2MIN
DY MAX MIN AVG DEP HDD CDD WTR SNW DPTH SPD SPD DIR MIN PSBL S-S WX SPD DR
================================================================================
1 91 66 79 9 0 14 0.00 0.0 0 5.4 18 100 M M 2 8 24 110
2 93 65 79 9 0 14 0.00 0.0 0 4.2 15 70 M M 1 20 120
3 94 60 77 6 0 12 0.00 0.0 0 7.7 20 90 M M 0 24 70
4 90 63 77 6 0 12 0.00 0.0 0 9.0 17 60 M M 0 8 24 50
5 85 51 68 -3 0 3 0.00 0.0 0 4.9 15 40 M M 0 19 40
6 90 54 72 0 0 7 0.00 0.0 0 3.7 10 60 M M 1 8 15 300
7 82 58 70 -2 0 5 T 0.0 0 7.1 13 20 M M 4 18 21 30
8 80 48 64 -8 1 0 0.00 0.0 0 4.7 13 70 M M 0 18 70
9 82 48 65 -7 0 0 0.00 0.0 0 3.0 10 80 M M 0 8 15 40
10 86 53 70 -3 0 5 T 0.0 0 6.3 16 170 M M 1 8 22 190
11 72 57 65 -8 0 0 0.35 0.0 0 10.0 21 360 M M 10 18 31 350
12 74 52 63 -10 2 0 0.00 0.0 0 8.1 17 300 M M 3 8 25 310
13 84 57 71 -2 0 6 0.00 0.0 0 14.0 23 270 M M 3 30 280
14 84 61 73 -1 0 8 0.00 0.0 0 3.8 16 260 M M 0 8 23 240
15 91 61 76 2 0 11 0.00 0.0 0 6.0 17 60 M M 0 18 24 60
16 79 54 67 -7 0 2 0.00 0.0 0 6.1 18 50 M M 0 18 23 50
17 82 53 68 -6 0 3 0.00 0.0 0 4.6 12 170 M M 0 18 16 150
18 84 63 74 0 0 9 0.00 0.0 0 8.6 18 220 M M 3 8 27 230
19 90 62 76 1 0 11 0.00 0.0 0 7.7 16 60 M M 0 18 24 60
20 91 60 76 1 0 11 0.00 0.0 0 9.0 18 70 M M 0 8 27 50
21 90 65 78 3 0 13 0.00 0.0 0 9.7 21 110 M M 0 8 28 90
22 90 59 75 0 0 10 0.00 0.0 0 6.1 16 40 M M 1 18 25 20
23 90 58 74 -1 0 9 0.00 0.0 0 3.9 15 350 M M 1 18 21 10
24 93 60 77 1 0 12 0.00 0.0 0 7.6 23 180 M M 0 18 37 190
25 89 70 80 4 0 15 0.00 0.0 0 13.5 30 260 M M 1 41 270
26 82 66 74 -2 0 9 T 0.0 0 11.9 21 320 M M 4 32 310
27 85 61 73 -3 0 8 0.00 0.0 0 5.9 14 360 M M 2 18 22 320
28 81 64 73 -3 0 8 0.01 0.0 0 9.2 21 140 M M 5 38 27 120
29 84 66 75 -1 0 10 1.01 0.0 0 7.5 39 290 M M 3 138 65 290
30 87 63 75 -1 0 10 0.00 0.0 0 5.7 22 320 M M 1 1238 30 310
================================================================================
SM 2575 1778 3 237 1.37 0.0 214.9 M 46
================================================================================
AV 85.8 59.3 7.2 FASTST M M 2 MAX(MPH)
MISC ----> 39 290 65 290
================================================================================
NOTES:
# LAST OF SEVERAL OCCURRENCES
COLUMN 17 PEAK WIND IN M.P.H.
PRELIMINARY LOCAL CLIMATOLOGICAL DATA (WS FORM: F-6) , PAGE 2
STATION: SPRINGFIELD IL
MONTH: JUNE
YEAR: 2023
LATITUDE: 39 50 N
LONGITUDE: 89 41 W
[TEMPERATURE DATA] [PRECIPITATION DATA] SYMBOLS USED IN COLUMN 16
AVERAGE MONTHLY: 72.6 TOTAL FOR MONTH: 1.37 1 = FOG OR MIST
DPTR FM NORMAL: -1.1 DPTR FM NORMAL: -3.24 2 = FOG REDUCING VISIBILITY
HIGHEST: 94 ON 3 GRTST 24HR 1.02 ON 28-29 TO 1/4 MILE OR LESS
LOWEST: 48 ON 9, 8 3 = THUNDER
SNOW, ICE PELLETS, HAIL 4 = ICE PELLETS
TOTAL MONTH: 0.0 INCH 5 = HAIL
GRTST 24HR 0.0 6 = FREEZING RAIN OR DRIZZLE
GRTST DEPTH: 0 7 = DUSTSTORM OR SANDSTORM:
VSBY 1/2 MILE OR LESS
8 = SMOKE OR HAZE
[NO. OF DAYS WITH] [WEATHER - DAYS WITH] 9 = BLOWING SNOW
X = TORNADO
MAX 32 OR BELOW: 0 0.01 INCH OR MORE: 3
MAX 90 OR ABOVE: 12 0.10 INCH OR MORE: 2
MIN 32 OR BELOW: 0 0.50 INCH OR MORE: 1
MIN 0 OR BELOW: 0 1.00 INCH OR MORE: 1
[HDD (BASE 65) ]
TOTAL THIS MO. 3 CLEAR (SCALE 0-3) 26
DPTR FM NORMAL -8 PTCLDY (SCALE 4-7) 3
TOTAL FM JUL 1 4887 CLOUDY (SCALE 8-10) 1
DPTR FM NORMAL -327
[CDD (BASE 65) ]
TOTAL THIS MO. 237
DPTR FM NORMAL -33 [PRESSURE DATA]
TOTAL FM JAN 1 339 HIGHEST SLP 30.05 ON 5
DPTR FM NORMAL -65 LOWEST SLP 29.65 ON 14
[REMARKS]
#FINAL-06-23#