000
CXUS54 KLZK 020109
CF6SRC
PRELIMINARY LOCAL CLIMATOLOGICAL DATA (WS FORM: F-6)
STATION: SEARCY AIRPORT
MONTH: OCTOBER
YEAR: 2023
LATITUDE: 35 12 N
LONGITUDE: 91 44 W
TEMPERATURE IN F: :PCPN: SNOW: WIND :SUNSHINE: SKY :PK WND
================================================================================
1 2 3 4 5 6A 6B 7 8 9 10 11 12 13 14 15 16 17 18
12Z AVG MX 2MIN
DY MAX MIN AVG DEP HDD CDD WTR SNW DPTH SPD SPD DIR MIN PSBL S-S WX SPD DR
================================================================================
1 93 64 79 13 0 14 0.00 M M 3.3 9 70 M M 2 M M
2 93 60 77 11 0 12 0.00 M M 1.5 7 90 M M 2 8 M M
3 91 63 77 11 0 12 0.15 M M 3.2 13 170 M M 1 18 170
4 76 62 69 4 0 4 0.13 M M 4.1 14 190 M M 7 18 25 190
5 76 61 69 4 0 4 0.76 M M 2.6 9 100 M M 7 12 M M
6 81 55 68 4 0 3 0.01 M M 7.1 17 350 M M 3 12 24 360
7 69 44 57 -7 8 0 0.00 M M 4.6 9 350 M M 0 M M
8 74 41 58 -6 7 0 0.00 M M 3.7 8 200 M M 0 M M
9 84 46 65 2 0 0 0.00 M M 2.9 7 99 M M 0 M M
10 82 53 68 5 0 3 0.00 M M 3.6 8 340 M M 1 M M
11 79 55 67 4 0 2 0.00 M M 4.2 12 180 M M 1 1 18 180
12 73 51 62 0 3 0 0.00 M M 3.4 12 150 M M 5 1 M M
13 73 53 63 1 2 0 T M M 6.4 13 200 M M 9 18 210
14 66 49 58 -4 7 0 T M M 6.7 15 310 M M 4 22 320
15 64 54 59 -2 6 0 0.02 M M 7.6 17 10 M M 9 22 10
16 68 42 55 -6 10 0 0.00 M M 5.0 9 340 M M 1 21 340
17 73 39 56 -5 9 0 0.00 M M 1.5 6 99 M M 0 1 M M
18 77 40 59 -1 6 0 0.00 M M 4.4 15 180 M M 0 21 180
19 82 49 66 6 0 1 T M M 4.5 10 260 M M 1 22 260
20 84 47 66 6 0 1 0.00 M M 4.1 14 350 M M 0 18 350
21 87 44 66 7 0 1 0.00 M M 2.3 8 270 M M 0 M M
22 79 57 68 9 0 3 0.00 M M 6.1 12 60 M M 0 M M
23 84 59 72 13 0 7 T M M 2.9 7 70 M M 0 M M
24 88 64 76 18 0 11 0.00 M M 7.1 17 180 M M 0 23 180
25 86 62 74 16 0 9 0.00 M M 6.9 16 180 M M 4 20 190
26 84 69 77 19 0 12 0.04 M M 9.2 18 170 M M 7 25 180
27 79 66 73 15 0 8 T M M 3.8 9 170 M M 9 12 M M
28 70 54 62 5 3 0 1.87 M M 5.6 12 50 M M 10 12 M M
29 55 45 50 -7 15 0 1.45 M M 7.8 13 20 M M 10 1 18 350
30 53 37 45 -11 20 0 0.08 M M 9.0 16 360 M M 3 23 350
31 58 29 44 -12 21 0 0.00 M M 6.2 12 330 M M 0 18 320
================================================================================
SM 2381 1614 117 107 4.51 M 151.3 M 96
================================================================================
AV 76.8 52.1 4.9 FASTST M M 3 MAX(MPH)
MISC ----> 18 170 25 190
================================================================================
NOTES:
# LAST OF SEVERAL OCCURRENCES
COLUMN 17 PEAK WIND IN M.P.H.
PRELIMINARY LOCAL CLIMATOLOGICAL DATA (WS FORM: F-6) , PAGE 2
STATION: SEARCY AIRPORT
MONTH: OCTOBER
YEAR: 2023
LATITUDE: 35 12 N
LONGITUDE: 91 44 W
[TEMPERATURE DATA] [PRECIPITATION DATA] SYMBOLS USED IN COLUMN 16
AVERAGE MONTHLY: 64.4 TOTAL FOR MONTH: 4.51 1 = FOG OR MIST
DPTR FM NORMAL: 3.4 DPTR FM NORMAL: -0.19 2 = FOG REDUCING VISIBILITY
HIGHEST: 93 ON 2, 1 GRTST 24HR 2.00 ON 28-29 TO 1/4 MILE OR LESS
LOWEST: 29 ON 31 3 = THUNDER
SNOW, ICE PELLETS, HAIL 4 = ICE PELLETS
TOTAL MONTH: M 5 = HAIL
GRTST 24HR M ON M 6 = FREEZING RAIN OR DRIZZLE
GRTST DEPTH: M ON M 7 = DUSTSTORM OR SANDSTORM:
VSBY 1/2 MILE OR LESS
8 = SMOKE OR HAZE
[NO. OF DAYS WITH] [WEATHER - DAYS WITH] 9 = BLOWING SNOW
X = TORNADO
MAX 32 OR BELOW: 0 0.01 INCH OR MORE: 9
MAX 90 OR ABOVE: 3 0.10 INCH OR MORE: 5
MIN 32 OR BELOW: 1 0.50 INCH OR MORE: 3
MIN 0 OR BELOW: 0 1.00 INCH OR MORE: 2
[HDD (BASE 65) ]
TOTAL THIS MO. 117 CLEAR (SCALE 0-3) 18
DPTR FM NORMAL -57 PTCLDY (SCALE 4-7) 8
TOTAL FM JUL 1 117 CLOUDY (SCALE 8-10) 5
DPTR FM NORMAL -77
[CDD (BASE 65) ]
TOTAL THIS MO. 107
DPTR FM NORMAL 56 [PRESSURE DATA]
TOTAL FM JAN 1 2031 HIGHEST SLP M ON M
DPTR FM NORMAL 129 LOWEST SLP M ON M
[REMARKS]
#FINAL-10-23#