000
CXUS52 KTBW 052339
CF6SRQ
PRELIMINARY LOCAL CLIMATOLOGICAL DATA (WS FORM: F-6)
STATION: SARASOTA BRADENTON
MONTH: SEPTEMBER
YEAR: 2022
LATITUDE: 27 23 N
LONGITUDE: 82 33 W
TEMPERATURE IN F: :PCPN: SNOW: WIND :SUNSHINE: SKY :PK WND
================================================================================
1 2 3 4 5 6A 6B 7 8 9 10 11 12 13 14 15 16 17 18
12Z AVG MX 2MIN
DY MAX MIN AVG DEP HDD CDD WTR SNW DPTH SPD SPD DIR MIN PSBL S-S WX SPD DR
================================================================================
1 90 76 83 0 0 18 0.03 0.0 0 7.0 15 220 M M 1 3 19 210
2 88 75 82 -1 0 17 0.39 0.0 0 5.3 20 80 M M 2 13 26 110
3 90 74 82 -1 0 17 T 0.0 0 5.8 13 200 M M 1 3 17 200
4 92 76 84 1 0 19 0.00 0.0 0 6.9 13 130 M M 0 17 230
5 91 77 84 1 0 19 0.02 0.0 0 5.8 12 220 M M 2 38 21 250
6 91 77 84 1 0 19 0.10 0.0 0 4.8 26 110 M M 2 3 36 120
7 90 75 83 0 0 18 0.01 0.0 0 6.2 26 110 M M 3 3 33 110
8 85 72 79 -4 0 14 0.70 0.0 0 5.7 23 310 M M 3 13 30 310
9 87 72 80 -3 0 15 0.46 0.0 0 7.5 16 170 M M 3 13 23 240
10 86 73 80 -3 0 15 1.89 0.0 0 5.9 36 180 M M 3 13 49 180
11 90 75 83 0 0 18 0.75 0.0 0 7.6 20 210 M M 1 13 27 200
12 89 75 82 -1 0 17 0.20 0.0 0 5.2 17 330 M M 1 13 27 210
13 89 74 82 0 0 17 0.00 0.0 0 4.5 13 290 M M 1 3 20 260
14 87 75 81 -1 0 16 0.05 0.0 0 5.1 14 110 M M 3 19 110
15 89 73 81 -1 0 16 0.89 0.0 0 6.3 22 80 M M 3 13 27 80
16 86 72 79 -3 0 14 0.70 0.0 0 5.9 21 180 M M 4 13 26 190
17 87 73 80 -2 0 15 0.01 0.0 0 7.0 18 40 M M 5 3 28 40
18 87 72 80 -2 0 15 0.00 0.0 0 5.8 14 290 M M 3 25 260
19 87 74 81 -1 0 16 T 0.0 0 4.9 12 230 M M 2 24 320
20 89 73 81 -1 0 16 0.37 0.0 0 6.9 28 310 M M 3 13 40 310
21 91 74 83 1 0 18 0.00 0.0 0 5.9 15 310 M M 2 23 350
22 91 75 83 1 0 18 0.00 0.0 0 7.8 15 320 M M 1 22 320
23 89 73 81 -1 0 16 0.00 0.0 0 5.7 14 80 M M 2 22 80
24 91 74 83 1 0 18 T 0.0 0 8.4 16 80 M M 2 22 90
25 90 73 82 1 0 17 0.11 0.0 0 6.6 16 120 M M 6 1 21 120
26 91 74 83 2 0 18 0.83 0.0 0 6.1 25 120 M M 4 13 33 110
27 78 74 76 -5 0 11 0.36 0.0 0 9.8 17 80 M M 4 28 50
28 76 69 73 -8 0 8 6.67 0.0 0 33.2 53 10 M M 10 1 86 10
29 78 68 73 -8 0 8 T 0.0 0 19.3 36 320 M M 7 48 330
30 77 65 71 -10 0 6 0.00 0.0 0 9.7 17 310 M M 1 27 310
================================================================================
SM 2622 2202 0 469 14.54 0.0 232.6 M 85
================================================================================
AV 87.4 73.4 7.8 FASTST M M 3 MAX(MPH)
MISC ----> 53 10 86 10
================================================================================
NOTES:
# LAST OF SEVERAL OCCURRENCES
COLUMN 17 PEAK WIND IN M.P.H.
PRELIMINARY LOCAL CLIMATOLOGICAL DATA (WS FORM: F-6) , PAGE 2
STATION: SARASOTA BRADENTON
MONTH: SEPTEMBER
YEAR: 2022
LATITUDE: 27 23 N
LONGITUDE: 82 33 W
[TEMPERATURE DATA] [PRECIPITATION DATA] SYMBOLS USED IN COLUMN 16
AVERAGE MONTHLY: 80.4 TOTAL FOR MONTH: 14.54 1 = FOG OR MIST
DPTR FM NORMAL: -1.8 DPTR FM NORMAL: 8.54 2 = FOG REDUCING VISIBILITY
HIGHEST: 92 ON 4 GRTST 24HR 6.80 ON 27-28 TO 1/4 MILE OR LESS
LOWEST: 65 ON 30 3 = THUNDER
SNOW, ICE PELLETS, HAIL 4 = ICE PELLETS
TOTAL MONTH: 0.0 INCH 5 = HAIL
GRTST 24HR 0.0 6 = FREEZING RAIN OR DRIZZLE
GRTST DEPTH: 0 7 = DUSTSTORM OR SANDSTORM:
VSBY 1/2 MILE OR LESS
8 = SMOKE OR HAZE
[NO. OF DAYS WITH] [WEATHER - DAYS WITH] 9 = BLOWING SNOW
X = TORNADO
MAX 32 OR BELOW: 0 0.01 INCH OR MORE: 19
MAX 90 OR ABOVE: 12 0.10 INCH OR MORE: 14
MIN 32 OR BELOW: 0 0.50 INCH OR MORE: 7
MIN 0 OR BELOW: 0 1.00 INCH OR MORE: 2
[HDD (BASE 65) ]
TOTAL THIS MO. 0 CLEAR (SCALE 0-3) 20
DPTR FM NORMAL 0 PTCLDY (SCALE 4-7) 9
TOTAL FM JUL 1 0 CLOUDY (SCALE 8-10) 1
DPTR FM NORMAL 0
[CDD (BASE 65) ]
TOTAL THIS MO. 469
DPTR FM NORMAL -45 [PRESSURE DATA]
TOTAL FM JAN 1 3241 HIGHEST SLP 30.09 ON 11
DPTR FM NORMAL 184 LOWEST SLP 29.25 ON 28
[REMARKS]
#FINAL-09-22#