000
CXUS52 KTBW 011223
CF6SRQ
PRELIMINARY LOCAL CLIMATOLOGICAL DATA (WS FORM: F-6)
STATION: SARASOTA BRADENTON
MONTH: APRIL
YEAR: 2021
LATITUDE: 27 23 N
LONGITUDE: 82 33 W
TEMPERATURE IN F: :PCPN: SNOW: WIND :SUNSHINE: SKY :PK WND
================================================================================
1 2 3 4 5 6A 6B 7 8 9 10 11 12 13 14 15 16 17 18
12Z AVG MX 2MIN
DY MAX MIN AVG DEP HDD CDD WTR SNW DPTH SPD SPD DIR MIN PSBL S-S WX SPD DR
================================================================================
1 77 59 68 -1 0 3 0.37 0.0 0 8.5 21 340 M M 4 18 25 340
2 72 49 61 -8 4 0 0.00 0.0 0 13.5 21 70 M M 0 27 70
3 76 48 62 -7 3 0 0.00 0.0 0 11.1 21 70 M M 2 26 60
4 76 54 65 -4 0 0 0.00 0.0 0 8.9 20 310 M M 1 25 300
5 77 56 67 -3 0 2 0.00 0.0 0 7.2 16 290 M M 2 19 280
6 76 56 66 -4 0 1 0.00 0.0 0 7.1 14 280 M M 0 20 260
7 77 58 68 -2 0 3 0.00 0.0 0 6.2 14 270 M M 1 20 230
8 78 60 69 -1 0 4 0.00 0.0 0 6.8 14 240 M M 0 19 240
9 81 61 71 1 0 6 0.00 0.0 0 6.8 16 220 M M 1 20 210
10 83 64 74 4 0 9 0.35 0.0 0 13.3 36 340 M M 2 13 46 350
11 79 64 72 2 0 7 1.96 0.0 0 14.4 31 310 M M 5 1238 36 290
12 81 65 73 3 0 8 0.00 0.0 0 8.1 15 230 M M 4 20 260
13 88 60 74 3 0 9 0.00 0.0 0 5.8 15 270 M M 0 1 19 60
14 85 66 76 5 0 11 0.00 0.0 0 7.4 17 130 M M 0 22 130
15 79 67 73 2 0 8 0.00 0.0 0 8.9 18 190 M M 2 1 23 180
16 80 71 76 5 0 11 0.00 0.0 0 9.2 15 210 M M 2 18 22 230
17 82 73 78 7 0 13 0.00 0.0 0 11.0 17 220 M M 1 1 22 220
18 84 75 80 8 0 15 T 0.0 0 11.5 22 190 M M 4 28 190
19 81 70 76 4 0 11 0.63 0.0 0 8.8 21 280 M M 7 13 29 220
20 79 70 75 3 0 10 0.78 0.0 0 7.2 21 220 M M 8 13 28 230
21 82 67 75 3 0 10 0.00 0.0 0 9.4 17 310 M M 6 21 310
22 83 62 73 1 0 8 0.00 0.0 0 7.0 14 350 M M 0 19 330
23 84 60 72 0 0 7 0.00 0.0 0 10.8 21 110 M M 2 25 110
24 85 69 77 5 0 12 0.00 0.0 0 15.5 29 180 M M 1 39 160
25 82 69 76 3 0 11 0.00 0.0 0 10.4 17 270 M M 4 23 260
26 88 63 76 3 0 11 0.00 0.0 0 7.8 15 300 M M 0 19 110
27 87 66 77 4 0 12 0.00 0.0 0 9.7 16 260 M M 1 21 260
28 84 65 75 2 0 10 0.00 0.0 0 8.2 18 120 M M 1 8 22 90
29 86 67 77 4 0 12 0.00 0.0 0 8.2 18 200 M M 0 24 200
30 83 69 76 2 0 11 0.00 0.0 0 6.6 15 320 M M 1 24 270
================================================================================
SM 2435 1903 7 235 4.09 0.0 275.3 M 62
================================================================================
AV 81.2 63.4 9.2 FASTST M M 2 MAX(MPH)
MISC ----> 36 340 46 350
================================================================================
NOTES:
# LAST OF SEVERAL OCCURRENCES
COLUMN 17 PEAK WIND IN M.P.H.
PRELIMINARY LOCAL CLIMATOLOGICAL DATA (WS FORM: F-6) , PAGE 2
STATION: SARASOTA BRADENTON
MONTH: APRIL
YEAR: 2021
LATITUDE: 27 23 N
LONGITUDE: 82 33 W
[TEMPERATURE DATA] [PRECIPITATION DATA] SYMBOLS USED IN COLUMN 16
AVERAGE MONTHLY: 72.3 TOTAL FOR MONTH: 4.09 1 = FOG OR MIST
DPTR FM NORMAL: 1.2 DPTR FM NORMAL: 1.65 2 = FOG REDUCING VISIBILITY
HIGHEST: 88 ON 26,13 GRTST 24HR 2.03 ON 10-11 TO 1/4 MILE OR LESS
LOWEST: 48 ON 3 3 = THUNDER
SNOW, ICE PELLETS, HAIL 4 = ICE PELLETS
TOTAL MONTH: 0.0 INCH 5 = HAIL
GRTST 24HR 0.0 6 = FREEZING RAIN OR DRIZZLE
GRTST DEPTH: 0 7 = DUSTSTORM OR SANDSTORM:
VSBY 1/2 MILE OR LESS
8 = SMOKE OR HAZE
[NO. OF DAYS WITH] [WEATHER - DAYS WITH] 9 = BLOWING SNOW
X = TORNADO
MAX 32 OR BELOW: 0 0.01 INCH OR MORE: 5
MAX 90 OR ABOVE: 0 0.10 INCH OR MORE: 5
MIN 32 OR BELOW: 0 0.50 INCH OR MORE: 3
MIN 0 OR BELOW: 0 1.00 INCH OR MORE: 1
[HDD (BASE 65) ]
TOTAL THIS MO. 7 CLEAR (SCALE 0-3) 22
DPTR FM NORMAL -3 PTCLDY (SCALE 4-7) 8
TOTAL FM JUL 1 295 CLOUDY (SCALE 8-10) 0
DPTR FM NORMAL -180
[CDD (BASE 65) ]
TOTAL THIS MO. 235
DPTR FM NORMAL 42 [PRESSURE DATA]
TOTAL FM JAN 1 571 HIGHEST SLP 30.35 ON 3
DPTR FM NORMAL 174 LOWEST SLP 29.69 ON 11
[REMARKS]
#FINAL-04-21#