000
CXUS54 KEPZ 011130
CF6SRR
PRELIMINARY LOCAL CLIMATOLOGICAL DATA (WS FORM: F-6)
STATION: RUIDOSO AWOS
MONTH: NOVEMBER
YEAR: 2023
LATITUDE: 33 28 N
LONGITUDE: 105 32 W
TEMPERATURE IN F: :PCPN: SNOW: WIND :SUNSHINE: SKY :PK WND
================================================================================
1 2 3 4 5 6A 6B 7 8 9 10 11 12 13 14 15 16 17 18
12Z AVG MX 2MIN
DY MAX MIN AVG DEP HDD CDD WTR SNW DPTH SPD SPD DIR MIN PSBL S-S WX SPD DR
================================================================================
1 55 28 42 M 23 0 0.00 M M 6.4 9 300 M M 0 16 310
2 64 34 49 M 16 0 0.00 M M 9.4 18 300 M M 0 27 310
3 68 43 56 M 9 0 0.00 M M 9.4 17 320 M M 0 24 320
4 72 46 59 M 6 0 0.00 M M 9.8 15 320 M M 0 23 320
5 72 43 58 M 7 0 0.00 M M 9.0 20 280 M M 0 28 280
6 72 52 62 M 3 0 0.00 M M 9.8 21 260 M M 0 28 290
7 73 46 60 M 5 0 0.00 M M 11.7 22 230 M M 0 28 270
8 68 46 57 M 8 0 0.00 M M 14.2 26 190 M M 1 35 210
9 45 36 41 M 24 0 0.00 M M 10.4 14 150 M M 10 20 110
10 36 30 33 M 32 0 0.18 M M 4.7 10 140 M M 10 12 M M
11 54 32 43 M 22 0 0.00 M M 5.2 9 310 M M 3 12 17 340
12 55 32 44 M 21 0 0.00 M M 5.5 12 140 M M 0 1 16 140
13 50 28 39 M 26 0 0.00 M M 3.5 8 140 M M 8 12 M M
14 55 36 46 M 19 0 0.00 M M 5.9 12 310 M M 3 12 20 330
15 66 41 54 M 11 0 0.00 M M 8.0 14 310 M M 0 16 310
16 66 41 54 M 11 0 0.00 M M 9.4 27 280 M M 0 36 280
17 64 46 55 M 10 0 0.00 M M 6.5 14 350 M M 2 21 320
18 64 45 55 M 10 0 0.00 M M 10.0 23 240 M M 2 29 230
19 54 36 45 M 20 0 0.12 M M 15.0 22 290 M M 6 33 290
20 46 32 39 M 26 0 0.10 M M 9.5 20 300 M M 9 31 330
21 46 30 38 M 27 0 0.00 M M 6.0 12 30 M M 2 18 30
22 55 34 45 M 20 0 0.00 M M 8.1 10 270 M M 0 17 340
23 55 32 44 M 21 0 0.00 M M 7.1 10 210 M M 0 20 320
24 34 23 29 M 36 0 0.00 M M 9.1 14 120 M M 3 18 90
25 48 23 36 M 29 0 0.02 M M 9.3 29 230 M M 6 12 37 230
26 36 19 28 M 37 0 0.00 M M 6.7 13 150 M M 0 16 150
27 45 23 34 M 31 0 0.00 M M 4.9 9 140 M M 3 M M
28 52 28 40 M 25 0 0.00 M M 4.3 13 310 M M 0 16 310
29 57 32 45 M 20 0 0.00 M M 6.5 18 230 M M 0 23 230
30 45 32 39 M 26 0 T M M 11.9 27 260 M M 5 3 36 260
================================================================================
SM 1672 1049 581 0 0.42 M 247.2 M 73
================================================================================
AV 55.7 35.0 8.2 FASTST M M 2 MAX(MPH)
MISC ----> 29 230 37 230
================================================================================
NOTES:
# LAST OF SEVERAL OCCURRENCES
COLUMN 17 PEAK WIND IN M.P.H.
PRELIMINARY LOCAL CLIMATOLOGICAL DATA (WS FORM: F-6) , PAGE 2
STATION: RUIDOSO AWOS
MONTH: NOVEMBER
YEAR: 2023
LATITUDE: 33 28 N
LONGITUDE: 105 32 W
[TEMPERATURE DATA] [PRECIPITATION DATA] SYMBOLS USED IN COLUMN 16
AVERAGE MONTHLY: 45.4 TOTAL FOR MONTH: 0.42 1 = FOG OR MIST
DPTR FM NORMAL: 0.0 DPTR FM NORMAL: M 2 = FOG REDUCING VISIBILITY
HIGHEST: 73 ON 7 GRTST 24HR 0.18 ON 10-10 TO 1/4 MILE OR LESS
LOWEST: 19 ON 26 3 = THUNDER
SNOW, ICE PELLETS, HAIL 4 = ICE PELLETS
TOTAL MONTH: M 5 = HAIL
GRTST 24HR M ON M 6 = FREEZING RAIN OR DRIZZLE
GRTST DEPTH: M ON M 7 = DUSTSTORM OR SANDSTORM:
VSBY 1/2 MILE OR LESS
8 = SMOKE OR HAZE
[NO. OF DAYS WITH] [WEATHER - DAYS WITH] 9 = BLOWING SNOW
X = TORNADO
MAX 32 OR BELOW: 0 0.01 INCH OR MORE: 4
MAX 90 OR ABOVE: 0 0.10 INCH OR MORE: 2
MIN 32 OR BELOW: 15 0.50 INCH OR MORE: 0
MIN 0 OR BELOW: 0 1.00 INCH OR MORE: 0
[HDD (BASE 65) ]
TOTAL THIS MO. 581 CLEAR (SCALE 0-3) 23
DPTR FM NORMAL M PTCLDY (SCALE 4-7) 4
TOTAL FM JUL 1 896 CLOUDY (SCALE 8-10) 3
DPTR FM NORMAL M
[CDD (BASE 65) ]
TOTAL THIS MO. 0
DPTR FM NORMAL M [PRESSURE DATA]
TOTAL FM JAN 1 767 HIGHEST SLP M ON M
DPTR FM NORMAL M LOWEST SLP M ON M
[REMARKS]
#FINAL-11-23#