000
CXUS54 KEWX 011010
CF6SSF
PRELIMINARY LOCAL CLIMATOLOGICAL DATA (WS FORM: F-6)
STATION: SAN ANTONIO STINSON FIELD
MONTH: MAY
YEAR: 2021
LATITUDE: 29 19 N
LONGITUDE: 98 29 W
TEMPERATURE IN F: :PCPN: SNOW: WIND :SUNSHINE: SKY :PK WND
================================================================================
1 2 3 4 5 6A 6B 7 8 9 10 11 12 13 14 15 16 17 18
12Z AVG MX 2MIN
DY MAX MIN AVG DEP HDD CDD WTR SNW DPTH SPD SPD DIR MIN PSBL S-S WX SPD DR
================================================================================
1 75 66 71 -3 0 6 1.72 M M 6.0 21 230 M M 9 123 29 230
2 96 59 78 3 0 13 T M M 6.9 16 220 M M 1 1 24 180
3 98 73 86 11 0 21 0.12 M M 8.3 20 100 M M 3 138 29 340
4 88 72 80 5 0 15 0.02 M M 11.0 18 20 M M 5 18 29 360
5 84 62 73 -2 0 8 0.00 M M 8.5 15 40 M M 0 22 40
6 88 58 73 -3 0 8 0.00 M M 6.3 14 80 M M 0 21 60
7 88 60 74 -2 0 9 0.00 M M 7.3 18 130 M M 0 27 130
8 92 69 81 5 0 16 0.00 M M 12.2 22 140 M M 6 34 170
9 93 75 84 8 0 19 T M M 8.7 20 150 M M 7 8 27 150
10 90 67 79 2 0 14 0.05 M M 8.8 23 310 M M 9 138 31 300
11 88 65 77 0 0 12 0.20 M M 9.2 24 350 M M 7 3 36 360
12 79 63 71 -6 0 6 0.00 M M 12.2 21 20 M M 6 30 360
13 77 62 70 -7 0 5 0.00 M M 8.5 14 80 M M 8 21 40
14 84 60 72 -6 0 7 0.00 M M 6.3 17 140 M M 6 26 160
15 76 68 72 -6 0 7 0.29 M M 8.4 21 130 M M 8 13 29 130
16 84 71 78 0 0 13 0.03 M M 9.4 18 100 M M 7 1 25 100
17 90 75 83 5 0 18 T M M 10.3 31 160 M M 8 3 48 150
18 91 70 81 2 0 16 0.13 M M 9.6 44 170 M M 3 13 65 150
19 78 66 72 -7 0 7 0.00 M M 7.2 24 50 M M 3 3 33 50
20 88 60 74 -5 0 9 0.00 M M 4.7 13 130 M M 0 18 110
21 88 67 78 -2 0 13 0.00 M M 6.5 14 110 M M 2 19 120
22 84 73 79 -1 0 14 0.22 M M 9.2 20 170 M M 8 18 28 170
23 80 73 77 -3 0 12 0.28 M M 8.5 16 90 M M 9 138 22 70
24 89 73 81 1 0 16 1.04 M M 7.6 20 140 M M 6 13 30 160
25 92 75 84 4 0 19 0.01 M M 9.5 18 140 M M 7 1 24 140
26 92 76 84 3 0 19 T M M 8.6 16 140 M M 7 25 140
27 92 76 84 3 0 19 0.00 M M 9.6 17 130 M M 7 24 150
28 92 67 80 -1 0 15 0.53 M M 10.3 28 10 M M 8 13 47 10
29 86 67 77 -4 0 12 0.31 M M 6.2 21 170 M M 4 13 30 160
30 87 72 80 -2 0 15 0.04 M M 7.1 18 120 M M 5 13 26 120
31 89 75 82 0 0 17 0.00 M M 9.7 18 140 M M 8 25 130
================================================================================
SM 2698 2115 0 400 4.99 M 262.6 M 167
================================================================================
AV 87.0 68.2 8.5 FASTST M M 5 MAX(MPH)
MISC ----> 44 170 65 150
================================================================================
NOTES:
# LAST OF SEVERAL OCCURRENCES
COLUMN 17 PEAK WIND IN M.P.H.
PRELIMINARY LOCAL CLIMATOLOGICAL DATA (WS FORM: F-6) , PAGE 2
STATION: SAN ANTONIO STINSON FIELD
MONTH: MAY
YEAR: 2021
LATITUDE: 29 19 N
LONGITUDE: 98 29 W
[TEMPERATURE DATA] [PRECIPITATION DATA] SYMBOLS USED IN COLUMN 16
AVERAGE MONTHLY: 77.6 TOTAL FOR MONTH: 4.99 1 = FOG OR MIST
DPTR FM NORMAL: -0.6 DPTR FM NORMAL: 1.11 2 = FOG REDUCING VISIBILITY
HIGHEST: 98 ON 3 GRTST 24HR 3.09 ON 30- 1 TO 1/4 MILE OR LESS
LOWEST: 58 ON 6 3 = THUNDER
SNOW, ICE PELLETS, HAIL 4 = ICE PELLETS
TOTAL MONTH: M 5 = HAIL
GRTST 24HR M ON M 6 = FREEZING RAIN OR DRIZZLE
GRTST DEPTH: M ON M 7 = DUSTSTORM OR SANDSTORM:
VSBY 1/2 MILE OR LESS
8 = SMOKE OR HAZE
[NO. OF DAYS WITH] [WEATHER - DAYS WITH] 9 = BLOWING SNOW
X = TORNADO
MAX 32 OR BELOW: 0 0.01 INCH OR MORE: 15
MAX 90 OR ABOVE: 11 0.10 INCH OR MORE: 10
MIN 32 OR BELOW: 0 0.50 INCH OR MORE: 3
MIN 0 OR BELOW: 0 1.00 INCH OR MORE: 2
[HDD (BASE 65) ]
TOTAL THIS MO. 0 CLEAR (SCALE 0-3) 8
DPTR FM NORMAL -1 PTCLDY (SCALE 4-7) 19
TOTAL FM JUL 1 1395 CLOUDY (SCALE 8-10) 4
DPTR FM NORMAL 156
[CDD (BASE 65) ]
TOTAL THIS MO. 400
DPTR FM NORMAL -9 [PRESSURE DATA]
TOTAL FM JAN 1 741 HIGHEST SLP 30.28 ON 13
DPTR FM NORMAL -16 LOWEST SLP 29.43 ON 3
[REMARKS]
#FINAL-05-21#