000
CXUS52 KJAX 040224
CF6SSI
PRELIMINARY LOCAL CLIMATOLOGICAL DATA (WS FORM: F-6)
STATION: ST SIMONS ISLAND
MONTH: AUGUST
YEAR: 2021
LATITUDE: 31 9 N
LONGITUDE: 81 23 W
TEMPERATURE IN F: :PCPN: SNOW: WIND :SUNSHINE: SKY :PK WND
================================================================================
1 2 3 4 5 6A 6B 7 8 9 10 11 12 13 14 15 16 17 18
12Z AVG MX 2MIN
DY MAX MIN AVG DEP HDD CDD WTR SNW DPTH SPD SPD DIR MIN PSBL S-S WX SPD DR
================================================================================
1 96 75 86 2 0 21 1.08 0.0 0 11.5 21 230 M M 2 13 35 170
2 92 74 83 -1 0 18 0.49 0.0 0 6.9 23 220 M M 4 13 32 220
3 84 74 79 -5 0 14 0.28 0.0 0 6.0 14 270 M M 7 13 21 280
4 86 74 80 -4 0 15 0.01 0.0 0 6.7 14 50 M M 7 1 22 90
5 78 74 76 -8 0 11 2.01 0.0 0 7.9 18 30 M M 9 13 24 30
6 88 75 82 -2 0 17 0.30 0.0 0 5.6 16 140 M M 6 13 21 140
7 86 77 82 -2 0 17 T 0.0 0 5.6 12 180 M M 2 20 190
8 90 76 83 0 0 18 0.00 0.0 0 5.8 13 90 M M 2 19 90
9 88 78 83 0 0 18 T 0.0 0 4.9 13 110 M M 2 3 16 110
10 90 78 84 1 0 19 0.00 0.0 0 5.7 14 120 M M 1 20 130
11 90 77 84 1 0 19 0.00 0.0 0 6.6 15 120 M M 0 21 130
12 91 77 84 1 0 19 0.00 0.0 0 6.9 15 100 M M 2 19 110
13 89 77 83 0 0 18 0.00 0.0 0 5.8 14 130 M M 2 19 120
14 87 77 82 -1 0 17 0.07 0.0 0 3.5 12 140 M M 3 13 17 130
15 88 77 83 0 0 18 T 0.0 0 8.5 15 120 M M 1 21 120
16 87 77 82 -1 0 17 0.46 0.0 0 12.5 28 130 M M 4 13 40 130
17 89 80 85 2 0 20 0.36 0.0 0 9.8 18 140 M M 3 13 26 170
18 89 79 84 1 0 19 0.00 0.0 0 7.1 15 140 M M 2 21 180
19 91 79 85 2 0 20 0.00 0.0 0 6.9 14 220 M M 0 3 19 220
20 94 77 86 3 0 21 0.14 0.0 0 5.2 18 280 M M 1 13 27 280
21 92 76 84 2 0 19 0.00 0.0 0 8.1 16 240 M M 1 22 230
22 90 77 84 2 0 19 0.12 0.0 0 9.1 25 220 M M 2 13 33 210
23 90 76 83 1 0 18 0.81 0.0 0 7.1 22 220 M M 3 13 32 200
24 83 73 78 -4 0 13 1.27 0.0 0 4.9 17 220 M M 5 13 25 230
25 88 74 81 -1 0 16 0.29 0.0 0 5.9 10 140 M M 4 1 16 120
26 88 79 84 2 0 19 0.00 0.0 0 11.0 17 80 M M 3 24 80
27 89 79 84 2 0 19 0.01 0.0 0 11.4 21 130 M M 5 13 29 130
28 88 79 84 2 0 19 0.06 0.0 0 12.1 21 140 M M 7 13 29 140
29 88 80 84 2 0 19 0.00 0.0 0 8.4 14 110 M M 3 18 100
30 87 74 81 -1 0 16 0.00 0.0 0 6.5 14 120 M M 1 18 130
31 88 77 83 2 0 18 0.10 0.0 0 7.9 18 230 M M 1 13 25 200
================================================================================
SM 2744 2376 0 551 7.86 0.0 231.8 M 95
================================================================================
AV 88.5 76.6 7.5 FASTST M M 3 MAX(MPH)
MISC ----> 28 130 40 130
================================================================================
NOTES:
# LAST OF SEVERAL OCCURRENCES
COLUMN 17 PEAK WIND IN M.P.H.
PRELIMINARY LOCAL CLIMATOLOGICAL DATA (WS FORM: F-6) , PAGE 2
STATION: ST SIMONS ISLAND
MONTH: AUGUST
YEAR: 2021
LATITUDE: 31 9 N
LONGITUDE: 81 23 W
[TEMPERATURE DATA] [PRECIPITATION DATA] SYMBOLS USED IN COLUMN 16
AVERAGE MONTHLY: 82.6 TOTAL FOR MONTH: 7.86 1 = FOG OR MIST
DPTR FM NORMAL: -0.2 DPTR FM NORMAL: 2.07 2 = FOG REDUCING VISIBILITY
HIGHEST: 96 ON 1 GRTST 24HR 2.07 ON 23-24 TO 1/4 MILE OR LESS
LOWEST: 73 ON 24 3 = THUNDER
SNOW, ICE PELLETS, HAIL 4 = ICE PELLETS
TOTAL MONTH: 0.0 INCH 5 = HAIL
GRTST 24HR 0.0 6 = FREEZING RAIN OR DRIZZLE
GRTST DEPTH: 0 7 = DUSTSTORM OR SANDSTORM:
VSBY 1/2 MILE OR LESS
8 = SMOKE OR HAZE
[NO. OF DAYS WITH] [WEATHER - DAYS WITH] 9 = BLOWING SNOW
X = TORNADO
MAX 32 OR BELOW: 0 0.01 INCH OR MORE: 17
MAX 90 OR ABOVE: 11 0.10 INCH OR MORE: 13
MIN 32 OR BELOW: 0 0.50 INCH OR MORE: 4
MIN 0 OR BELOW: 0 1.00 INCH OR MORE: 3
[HDD (BASE 65) ]
TOTAL THIS MO. 0 CLEAR (SCALE 0-3) 18
DPTR FM NORMAL 0 PTCLDY (SCALE 4-7) 12
TOTAL FM JUL 1 0 CLOUDY (SCALE 8-10) 1
DPTR FM NORMAL 0
[CDD (BASE 65) ]
TOTAL THIS MO. 551
DPTR FM NORMAL 1 [PRESSURE DATA]
TOTAL FM JAN 1 2170 HIGHEST SLP 30.21 ON 10
DPTR FM NORMAL 36 LOWEST SLP 29.80 ON 31
[REMARKS]
#FINAL-08-21#