000
CXUS52 KJAX 140919
CF6SSI
PRELIMINARY LOCAL CLIMATOLOGICAL DATA (WS FORM: F-6)
STATION: ST SIMONS ISLAND
MONTH: FEBRUARY
YEAR: 2021
LATITUDE: 31 9 N
LONGITUDE: 81 23 W
TEMPERATURE IN F: :PCPN: SNOW: WIND :SUNSHINE: SKY :PK WND
================================================================================
1 2 3 4 5 6A 6B 7 8 9 10 11 12 13 14 15 16 17 18
12Z AVG MX 2MIN
DY MAX MIN AVG DEP HDD CDD WTR SNW DPTH SPD SPD DIR MIN PSBL S-S WX SPD DR
================================================================================
1 61 42 52 0 13 0 0.06 0.0 0 11.4 22 290 M M 9 1 32 300
2 53 40 47 -6 18 0 0.00 0.0 0 11.3 21 280 M M 3 30 290
3 56 35 46 -7 19 0 0.00 0.0 0 7.7 15 320 M M 0 22 270
4 58 34 46 -7 19 0 0.00 0.0 0 4.8 14 140 M M 0 16 150
5 64 52 58 5 7 0 0.12 0.0 0 7.8 20 350 M M 8 1 25 350
6 56 48 52 -1 13 0 0.36 0.0 0 10.0 23 80 M M 10 1 30 80
7 59 44 52 -1 13 0 T 0.0 0 7.4 16 290 M M 6 1 22 290
8 66 44 55 2 10 0 0.00 0.0 0 9.9 21 50 M M 6 26 40
9 65 57 61 7 4 0 0.17 0.0 0 3.7 14 170 M M 10 123 20 170
10 67 56 62 8 3 0 0.05 0.0 0 6.6 12 80 M M 10 12 14 90
11 74 56 65 11 0 0 0.66 0.0 0 4.8 12 90 M M 8 12 14 100
12 66 52 59 5 6 0 0.13 0.0 0 8.6 20 40 M M 10 12 26 30
13 56 49 53 -1 12 0 0.20 0.0 0 10.9 20 30 M M 10 1 26 40
14 53 49 51 -3 14 0 1.28 0.0 0 9.3 18 30 M M 10 1 24 20
15 71 49 60 6 5 0 0.73 0.0 0 8.2 20 220 M M 10 123 31 170
16 68 45 57 2 8 0 0.00 0.0 0 10.3 20 250 M M 2 26 240
17 57 40 49 -6 16 0 0.01 0.0 0 10.2 17 40 M M 7 1 24 30
18 72 54 63 8 2 0 0.01 0.0 0 9.4 18 250 M M 7 12 24 250
19 56 47 52 -3 13 0 1.01 0.0 0 7.0 14 320 M M 10 1 19 330
20 59 41 50 -5 15 0 0.00 0.0 0 7.3 18 70 M M 1 23 70
21 63 39 51 -5 14 0 T 0.0 0 10.8 22 50 M M 4 28 40
22 68 52 60 4 5 0 0.07 0.0 0 4.9 17 240 M M 8 1 24 170
23 71 50 61 5 4 0 0.00 0.0 0 5.8 14 330 M M 1 12 19 310
24 72 45 59 3 6 0 0.00 0.0 0 3.5 12 140 M M 0 16 130
25 77 50 64 8 1 0 0.00 0.0 0 6.6 13 160 M M 0 25 120
26 74 53 64 8 1 0 0.00 0.0 0 6.0 14 140 M M 2 18 140
27 76 58 67 10 0 2 0.00 0.0 0 5.8 13 160 M M 2 20 140
28 80 63 72 15 0 7 0.00 0.0 0 6.9 14 180 M M 3 12 23 150
================================================================================
SM 1818 1344 241 9 4.86 0.0 216.9 M 157
================================================================================
AV 64.9 48.0 7.7 FASTST M M 6 MAX(MPH)
MISC ----> 23 80 32 300
================================================================================
NOTES:
# LAST OF SEVERAL OCCURRENCES
COLUMN 17 PEAK WIND IN M.P.H.
PRELIMINARY LOCAL CLIMATOLOGICAL DATA (WS FORM: F-6) , PAGE 2
STATION: ST SIMONS ISLAND
MONTH: FEBRUARY
YEAR: 2021
LATITUDE: 31 9 N
LONGITUDE: 81 23 W
[TEMPERATURE DATA] [PRECIPITATION DATA] SYMBOLS USED IN COLUMN 16
AVERAGE MONTHLY: 56.5 TOTAL FOR MONTH: 4.86 1 = FOG OR MIST
DPTR FM NORMAL: 2.0 DPTR FM NORMAL: 1.39 2 = FOG REDUCING VISIBILITY
HIGHEST: 80 ON 28 GRTST 24HR 1.28 ON 14-14 TO 1/4 MILE OR LESS
LOWEST: 34 ON 4 3 = THUNDER
SNOW, ICE PELLETS, HAIL 4 = ICE PELLETS
TOTAL MONTH: 0.0 INCH 5 = HAIL
GRTST 24HR 0.0 6 = FREEZING RAIN OR DRIZZLE
GRTST DEPTH: 0 7 = DUSTSTORM OR SANDSTORM:
VSBY 1/2 MILE OR LESS
8 = SMOKE OR HAZE
[NO. OF DAYS WITH] [WEATHER - DAYS WITH] 9 = BLOWING SNOW
X = TORNADO
MAX 32 OR BELOW: 0 0.01 INCH OR MORE: 14
MAX 90 OR ABOVE: 0 0.10 INCH OR MORE: 9
MIN 32 OR BELOW: 0 0.50 INCH OR MORE: 4
MIN 0 OR BELOW: 0 1.00 INCH OR MORE: 2
[HDD (BASE 65) ]
TOTAL THIS MO. 241 CLEAR (SCALE 0-3) 11
DPTR FM NORMAL -59 PTCLDY (SCALE 4-7) 7
TOTAL FM JUL 1 1005 CLOUDY (SCALE 8-10) 10
DPTR FM NORMAL -247
[CDD (BASE 65) ]
TOTAL THIS MO. 9
DPTR FM NORMAL 3 [PRESSURE DATA]
TOTAL FM JAN 1 14 HIGHEST SLP 30.47 ON 21
DPTR FM NORMAL 11 LOWEST SLP 29.72 ON 1
[REMARKS]
#FINAL-02-21#