000
CXUS53 KLSX 011523 CCA
CF6STL
PRELIMINARY LOCAL CLIMATOLOGICAL DATA (WS FORM: F-6)
STATION: ST. LOUIS
MONTH: AUGUST
YEAR: 2020
LATITUDE: 38 45 N
LONGITUDE: 90 23 W
TEMPERATURE IN F: :PCPN: SNOW: WIND :SUNSHINE: SKY :PK WND
================================================================================
1 2 3 4 5 6A 6B 7 8 9 10 11 12 13 14 15 16 17 18
12Z AVG MX 2MIN
DY MAX MIN AVG DEP HDD CDD WTR SNW DPTH SPD SPD DIR MIN PSBL S-S WX SPD DR
================================================================================
1 79 68 74 -6 0 9 0.08 0.0 0 6.7 14 340 M M 8 1 19 350
2 87 68 78 -2 0 13 T 0.0 0 5.4 17 280 M M 6 3 23 260
3 80 64 72 -8 0 7 0.02 0.0 0 7.2 22 320 M M 7 27 330
4 76 59 68 -12 0 3 0.00 0.0 0 6.2 15 330 M M 5 18 310
5 79 59 69 -11 0 4 0.00 0.0 0 3.1 10 80 M M 4 16 50
6 81 60 71 -9 0 6 0.00 0.0 0 4.9 14 80 M M 4 17 80
7 85 65 75 -5 0 10 0.00 0.0 0 9.0 15 140 M M 2 21 150
8 89 71 80 0 0 15 1.79 0.0 0 9.4 23 100 M M 7 13 33 110
9 91 70 81 1 0 16 2.03 0.0 0 10.0 29 140 M M 8 13 40 150
10 97 70 84 5 0 19 0.75 0.0 0 10.4 35 360 M M 6 13 54 360
11 84 70 77 -2 0 12 0.00 0.0 0 3.5 9 120 M M 9 1 12 50
12 85 74 80 1 0 15 0.03 0.0 0 6.5 15 120 M M 6 3 19 120
13 87 74 81 2 0 16 0.00 0.0 0 6.2 14 80 M M 6 13 19 80
14 90 74 82 3 0 17 0.00 0.0 0 4.9 10 360 M M 3 1 16 30
15 91 73 82 3 0 17 0.01 0.0 0 4.8 17 360 M M 7 3 23 20
16 86 65 76 -3 0 11 0.00 0.0 0 6.2 14 320 M M 3 19 320
17 90 69 80 1 0 15 0.00 0.0 0 7.9 17 230 M M 4 26 240
18 84 68 76 -3 0 11 0.00 0.0 0 9.6 17 350 M M 3 22 10
19 81 63 72 -7 0 7 0.00 0.0 0 7.5 14 30 M M 1 22 60
20 83 62 73 -5 0 8 0.00 0.0 0 4.0 12 100 M M 1 15 100
21 85 63 74 -4 0 9 0.00 0.0 0 3.7 10 100 M M 1 16 90
22 90 66 78 0 0 13 0.00 0.0 0 4.3 13 210 M M 4 23 320
23 93 73 83 5 0 18 0.00 0.0 0 7.0 14 220 M M 5 18 210
24 97 73 85 7 0 20 0.00 0.0 0 3.8 9 250 M M 1 15 250
25 95 76 86 8 0 21 0.00 0.0 0 5.1 13 160 M M 1 18 140
26 92 74 83 5 0 18 0.00 0.0 0 7.0 15 180 M M 4 22 180
27 87 79 83 6 0 18 0.00 0.0 0 7.9 17 130 M M 9 22 140
28 89 77 83 6 0 18 0.00 0.0 0 7.6 16 130 M M 6 24 40
29 84 67 76 -1 0 11 T 0.0 0 7.6 15 290 M M 6 21 290
30 85 59 72 -5 0 7 0.00 0.0 0 5.2 13 150 M M 5 19 100
31 83 70 77 1 0 12 T 0.0 0 6.3 23 340 M M 7 35 350
================================================================================
SM 2685 2123 0 396 4.71 0.0 198.9 M 149
================================================================================
AV 86.6 68.5 6.4 FASTST M M 5 MAX(MPH)
MISC ----> 35 360 54 360
================================================================================
NOTES:
# LAST OF SEVERAL OCCURRENCES
COLUMN 17 PEAK WIND IN M.P.H.
PRELIMINARY LOCAL CLIMATOLOGICAL DATA (WS FORM: F-6) , PAGE 2
STATION: ST. LOUIS
MONTH: AUGUST
YEAR: 2020
LATITUDE: 38 45 N
LONGITUDE: 90 23 W
[TEMPERATURE DATA] [PRECIPITATION DATA] SYMBOLS USED IN COLUMN 16
AVERAGE MONTHLY: 77.5 TOTAL FOR MONTH: 4.71 1 = FOG OR MIST
DPTR FM NORMAL: -1.1 DPTR FM NORMAL: 1.72 2 = FOG REDUCING VISIBILITY
HIGHEST: 97 ON 24,10 GRTST 24HR 3.82 ON 8-9 TO 1/4 MILE OR LESS
LOWEST: 59 ON 30, 5 3 = THUNDER
SNOW, ICE PELLETS, HAIL 4 = ICE PELLETS
TOTAL MONTH: 0.0 INCH 5 = HAIL
GRTST 24HR 0.0 6 = FREEZING RAIN OR DRIZZLE
GRTST DEPTH: 0 7 = DUSTSTORM OR SANDSTORM:
VSBY 1/2 MILE OR LESS
8 = SMOKE OR HAZE
[NO. OF DAYS WITH] [WEATHER - DAYS WITH] 9 = BLOWING SNOW
X = TORNADO
MAX 32 OR BELOW: 0 0.01 INCH OR MORE: 7
MAX 90 OR ABOVE: 10 0.10 INCH OR MORE: 3
MIN 32 OR BELOW: 0 0.50 INCH OR MORE: 3
MIN 0 OR BELOW: 0 1.00 INCH OR MORE: 2
[HDD (BASE 65) ]
TOTAL THIS MO. 0 CLEAR (SCALE 0-3) 9
DPTR FM NORMAL -1 PTCLDY (SCALE 4-7) 18
TOTAL FM JUL 1 0 CLOUDY (SCALE 8-10) 4
DPTR FM NORMAL 0
[CDD (BASE 65) ]
TOTAL THIS MO. 396
DPTR FM NORMAL -28 [PRESSURE DATA]
TOTAL FM JAN 1 1499 HIGHEST SLP 30.15 ON 5
DPTR FM NORMAL 100 LOWEST SLP 29.64 ON 28
[REMARKS]
#FINAL-08-20#