000
CXUS53 KGRB 280806
CF6SUE
PRELIMINARY LOCAL CLIMATOLOGICAL DATA (WS FORM: F-6)
STATION: STURGEON BAY WI
MONTH: JANUARY
YEAR: 2021
LATITUDE: 44 55 N
LONGITUDE: 87 25 W
TEMPERATURE IN F: :PCPN: SNOW: WIND :SUNSHINE: SKY :PK WND
================================================================================
1 2 3 4 5 6A 6B 7 8 9 10 11 12 13 14 15 16 17 18
12Z AVG MX 2MIN
DY MAX MIN AVG DEP HDD CDD WTR SNW DPTH SPD SPD DIR MIN PSBL S-S WX SPD DR
================================================================================
1 30 13 22 4 43 0 M M M 5.6 12 340 M M 8 12 M M
2 29 17 23 5 42 0 T M M 6.8 15 340 M M 7 1 M M
3 25 20 23 6 42 0 T M M 7.8 12 230 M M 10 1 M M
4 27 18 23 6 42 0 T M M 8.3 12 190 M M 10 1 M M
5 36 21 29 12 36 0 T M M 6.1 10 310 M M 6 12 M M
6 31 22 27 M 38 0 0.01 M M 4.5 7 260 M M 10 12 M M
7 35 26 31 M 34 0 M M M 6.8 15 360 M M 10 1 M M
8 31 27 29 M 36 0 M M M 9.1 16 360 M M 9 M M
9 30 20 25 M 40 0 M M M 6.2 10 340 M M 8 M M
10 28 19 24 M 41 0 M M M 5.0 10 240 M M 9 M M
11 31 20 26 M 39 0 T M M 9.6 16 230 M M 10 1 M M
12 34 27 31 M 34 0 M M M 7.1 14 240 M M 10 1 M M
13 29 21 25 M 40 0 M M M 6.3 12 250 M M 0 1 M M
14 38 20 29 M 36 0 T M M 8.0 14 130 M M 8 12 18 100
15 38 33 36 M 29 0 0.42 M M 9.0 15 110 M M 10 1 22 110
16 34 30 32 M 33 0 0.01 M M 12.3 17 330 M M 10 1 22 340
17 32 26 29 M 36 0 T M M 9.4 14 340 M M 9 1 M M
18 28 21 25 M 40 0 T M M 8.9 16 300 M M 10 21 300
19 22 14 18 M 47 0 T M M 10.8 16 300 M M 6 21 300
20 32 8 20 M 45 0 M M M 14.4 23 220 M M 2 38 220
21 36 19 28 M 37 0 T M M 16.4 21 240 M M 5 37 280
22 19 12 16 M 49 0 T M M 12.4 21 330 M M 7 26 310
23 21 9 15 M 50 0 M M M 5.6 10 240 M M 3 M M
24 30 10 20 M 45 0 0.02 M M 6.1 13 260 M M 7 1 M M
25 25 8 17 M 48 0 M M M 8.8 15 20 M M 2 M M
26 25 17 21 M 44 0 T M M 15.2 21 360 M M 8 25 10
27 20 11 16 M 49 0 T M M 11.0 15 10 M M 6 M M
================================================================================
SM 796 509 1095 0 0.46 M 237.4 M 200
================================================================================
AV 29.5 18.9 8.8 FASTST M M 7 MAX(MPH)
MISC ----> 23 220 38 220
================================================================================
NOTES:
# LAST OF SEVERAL OCCURRENCES
COLUMN 17 PEAK WIND IN M.P.H.
PRELIMINARY LOCAL CLIMATOLOGICAL DATA (WS FORM: F-6) , PAGE 2
STATION: STURGEON BAY WI
MONTH: JANUARY
YEAR: 2021
LATITUDE: 44 55 N
LONGITUDE: 87 25 W
[TEMPERATURE DATA] [PRECIPITATION DATA] SYMBOLS USED IN COLUMN 16
AVERAGE MONTHLY: 24.2 TOTAL FOR MONTH: 0.46 1 = FOG OR MIST
DPTR FM NORMAL: 0.0 DPTR FM NORMAL: 0.16 2 = FOG REDUCING VISIBILITY
HIGHEST: 38 ON 15,14 GRTST 24HR 0.42 ON 15-15 TO 1/4 MILE OR LESS
LOWEST: 8 ON 25,20 3 = THUNDER
SNOW, ICE PELLETS, HAIL 4 = ICE PELLETS
TOTAL MONTH: M 5 = HAIL
GRTST 24HR M ON M 6 = FREEZING RAIN OR DRIZZLE
GRTST DEPTH: M ON M 7 = DUSTSTORM OR SANDSTORM:
VSBY 1/2 MILE OR LESS
8 = SMOKE OR HAZE
[NO. OF DAYS WITH] [WEATHER - DAYS WITH] 9 = BLOWING SNOW
X = TORNADO
MAX 32 OR BELOW: 20 0.01 INCH OR MORE: 4
MAX 90 OR ABOVE: 0 0.10 INCH OR MORE: 1
MIN 32 OR BELOW: 26 0.50 INCH OR MORE: 0
MIN 0 OR BELOW: 0 1.00 INCH OR MORE: 0
[HDD (BASE 65) ]
TOTAL THIS MO. 1095 CLEAR (SCALE 0-3) 4
DPTR FM NORMAL 857 PTCLDY (SCALE 4-7) 10
TOTAL FM JUL 1 3753 CLOUDY (SCALE 8-10) 13
DPTR FM NORMAL 3515
[CDD (BASE 65) ]
TOTAL THIS MO. 0
DPTR FM NORMAL 0 [PRESSURE DATA]
TOTAL FM JAN 1 0 HIGHEST SLP M ON M
DPTR FM NORMAL 0 LOWEST SLP M ON M
[REMARKS]