000
CXUS54 KEPZ 011030
CF6SVC
PRELIMINARY LOCAL CLIMATOLOGICAL DATA (WS FORM: F-6)
STATION: SILVER CITY
MONTH: JULY
YEAR: 2023
LATITUDE: 32 37 N
LONGITUDE: 108 10 W
TEMPERATURE IN F: :PCPN: SNOW: WIND :SUNSHINE: SKY :PK WND
================================================================================
1 2 3 4 5 6A 6B 7 8 9 10 11 12 13 14 15 16 17 18
12Z AVG MX 2MIN
DY MAX MIN AVG DEP HDD CDD WTR SNW DPTH SPD SPD DIR MIN PSBL S-S WX SPD DR
================================================================================
1 97 58 78 M 0 13 0.00 M M 8.0 14 240 M M 0 25 240
2 97 62 80 M 0 15 0.00 M M 7.4 20 120 M M 0 38 200
3 94 63 79 M 0 14 0.00 0.0 0 6.2 18 220 M M 1 25 220
4 100 60 80 M 0 15 0.00 M M 5.5 10 340 M M 1 40 180
5 101 67 84 M 0 19 0.00 M M 11.6 22 270 M M 0 25 270
6 102 64 83 M 0 18 0.00 M M 8.2 14 330 M M 0 21 280
7 101 65 83 M 0 18 0.00 0.0 0 9.9 17 310 M M 1 24 310
8 101 70 86 M 0 21 0.00 0.0 0 11.0 17 280 M M 0 25 260
9 102 67 85 M 0 20 0.00 0.0 0 8.4 18 320 M M 1 24 320
10 100 70 85 M 0 20 0.00 M M 7.1 20 70 M M 2 28 80
11 99 73 86 M 0 21 0.21 M M 10.5 21 350 M M 2 3 30 350
12 95 65 80 M 0 15 0.00 M M 12.9 20 310 M M 1 25 290
13 101 69 85 M 0 20 0.04 M M 11.6 24 50 M M 3 38 35 50
14 99 71 85 M 0 20 0.00 M M 10.3 24 360 M M 2 3 32 360
15 102 66 84 M 0 19 0.91 M M 8.9 28 30 M M 1 8 38 30
16 100 64 82 M 0 17 0.00 M M 6.4 14 350 M M 0 16 200
17 102 70 86 M 0 21 0.00 M M 10.8 30 10 M M 0 39 10
18 99 71 85 M 0 20 0.00 M M 8.9 24 310 M M 0 29 310
19 103 70 87 M 0 22 0.00 M M 8.5 15 310 M M 0 25 220
20 100 71 86 M 0 21 0.01 M M 10.9 22 310 M M 1 3 38 20
21 102 68 85 M 0 20 0.00 M M 8.9 25 360 M M 1 31 360
22 95 67 81 M 0 16 0.00 M M 9.0 22 360 M M 2 38 160
23 94 65 80 M 0 15 0.00 M M 6.8 14 150 M M 1 18 170
24 99 67 83 M 0 18 0.00 M M 7.3 14 130 M M 1 22 130
25 101 68 85 M 0 20 0.00 M M 7.5 14 150 M M 0 21 150
26 104 67 86 M 0 21 0.00 M M 7.2 17 330 M M 1 24 50
27 102 73 88 M 0 23 0.00 M M 11.0 30 20 M M 1 36 20
28 100 67 84 M 0 19 0.00 M M 7.8 18 360 M M 1 3 32 360
29 99 67 83 M 0 18 0.00 M M 8.4 14 100 M M 2 24 110
30 96 71 84 M 0 19 0.00 M M 11.1 21 120 M M 2 31 100
31 95 67 81 M 0 16 0.00 M M 7.5 13 160 M M 3 21 170
================================================================================
SM 3082 2083 0 574 1.17 0.0 275.6 M 31
================================================================================
AV 99.4 67.2 8.9 FASTST M M 1 MAX(MPH)
MISC ----> # 30 10 40 180
================================================================================
NOTES:
# LAST OF SEVERAL OCCURRENCES
COLUMN 17 PEAK WIND IN M.P.H.
PRELIMINARY LOCAL CLIMATOLOGICAL DATA (WS FORM: F-6) , PAGE 2
STATION: SILVER CITY
MONTH: JULY
YEAR: 2023
LATITUDE: 32 37 N
LONGITUDE: 108 10 W
[TEMPERATURE DATA] [PRECIPITATION DATA] SYMBOLS USED IN COLUMN 16
AVERAGE MONTHLY: 83.3 TOTAL FOR MONTH: 1.17 1 = FOG OR MIST
DPTR FM NORMAL: 0.0 DPTR FM NORMAL: M 2 = FOG REDUCING VISIBILITY
HIGHEST: 104 ON 26 GRTST 24HR 0.91 ON 15-15 TO 1/4 MILE OR LESS
LOWEST: 58 ON 1 3 = THUNDER
SNOW, ICE PELLETS, HAIL 4 = ICE PELLETS
TOTAL MONTH: 0.0 INCH 5 = HAIL
GRTST 24HR 0.0 6 = FREEZING RAIN OR DRIZZLE
GRTST DEPTH: 0 7 = DUSTSTORM OR SANDSTORM:
VSBY 1/2 MILE OR LESS
8 = SMOKE OR HAZE
[NO. OF DAYS WITH] [WEATHER - DAYS WITH] 9 = BLOWING SNOW
X = TORNADO
MAX 32 OR BELOW: 0 0.01 INCH OR MORE: 4
MAX 90 OR ABOVE: 31 0.10 INCH OR MORE: 2
MIN 32 OR BELOW: 0 0.50 INCH OR MORE: 1
MIN 0 OR BELOW: 0 1.00 INCH OR MORE: 0
[HDD (BASE 65) ]
TOTAL THIS MO. 0 CLEAR (SCALE 0-3) 31
DPTR FM NORMAL M PTCLDY (SCALE 4-7) 0
TOTAL FM JUL 1 0 CLOUDY (SCALE 8-10) 0
DPTR FM NORMAL M
[CDD (BASE 65) ]
TOTAL THIS MO. 574
DPTR FM NORMAL M [PRESSURE DATA]
TOTAL FM JAN 1 918 HIGHEST SLP M ON M
DPTR FM NORMAL M LOWEST SLP M ON M
[REMARKS]
#FINAL-07-23#