000
CXUS51 KBGM 010910
CF6SYR
PRELIMINARY LOCAL CLIMATOLOGICAL DATA (WS FORM: F-6)
STATION: SYRACUSE NY
MONTH: DECEMBER
YEAR: 2020
LATITUDE: 43 7 N
LONGITUDE: 76 7 W
TEMPERATURE IN F: :PCPN: SNOW: WIND :SUNSHINE: SKY :PK WND
================================================================================
1 2 3 4 5 6A 6B 7 8 9 10 11 12 13 14 15 16 17 18
12Z AVG MX 2MIN
DY MAX MIN AVG DEP HDD CDD WTR SNW DPTH SPD SPD DIR MIN PSBL S-S WX SPD DR
================================================================================
1 46 33 40 5 25 0 0.36 0.7 0 6.9 18 260 M M 10 1 23 260
2 37 31 34 0 31 0 0.05 1.6 1 15.1 29 260 M M 9 1 37 260
3 47 30 39 5 26 0 0.00 0.0 1 11.0 18 220 M M 6 26 220
4 47 39 43 9 22 0 0.08 0.0 T 7.7 20 220 M M 10 1 26 220
5 41 31 36 3 29 0 0.02 0.1 0 9.0 22 360 M M 10 18 31 360
6 32 29 31 -2 34 0 T T T 10.3 20 290 M M 10 6 24 290
7 32 25 29 -3 36 0 T 0.1 0 9.2 16 300 M M 9 20 300
8 31 24 28 -4 37 0 T T T 6.1 17 290 M M 9 8 23 290
9 38 31 35 3 30 0 0.16 0.9 T 10.9 23 250 M M 10 1 27 250
10 42 30 36 5 29 0 0.02 T 0 7.9 15 250 M M 10 1 19 260
11 56 29 43 12 22 0 0.00 0.0 0 3.7 13 190 M M M 15 180
12 56 32 44 14 21 0 T 0.0 0 7.5 18 190 M M 9 1 26 200
13 56 36 46 16 19 0 0.04 0.0 0 11.5 25 270 M M 10 32 270
14 38 31 35 5 30 0 0.05 0.6 0 8.2 32 270 M M 10 1 38 280
15 32 19 26 -4 39 0 0.01 0.2 1 12.0 24 300 M M 8 9 32 300
16 24 15 20 -9 45 0 0.19 2.2 M 10.5 17 70 M M 10 23 60
17 27 19 23 -6 42 0 0.32 3.6 6 4.5 17 70 M M 10 1 22 60
18 28 11 20 -8 45 0 0.00 0.0 5 4.4 12 300 M M 5 13 300
19 31 5 18 -10 47 0 0.00 0.0 4 5.2 12 100 M M 7 13 120
20 37 27 32 4 33 0 0.06 0.5 4 4.9 13 110 M M 10 1 16 170
21 42 36 39 11 26 0 T 0.0 4 4.7 12 230 M M 10 1 14 200
22 39 32 36 9 29 0 0.01 T 2 14.1 28 290 M M 10 1 37 290
23 42 29 36 9 29 0 0.00 0.0 1 8.0 20 180 M M M 29 180
24 53 42 48 21 17 0 0.77 0.0 M 13.7 25 180 M M M 1 37 150
25 53 29 41 15 24 0 0.45 T 0 12.1 25 260 M M 10 1 30 250
26 29 23 26 0 39 0 T 0.3 T 16.1 26 250 M M 10 31 240
27 36 29 33 7 32 0 T T M 11.1 21 220 M M 9 25 210
28 44 34 39 13 26 0 0.01 T T 14.7 29 260 M M 10 38 250
29 34 22 28 3 37 0 0.10 2.4 2 9.5 21 260 M M 9 12 25 260
30 45 22 34 9 31 0 0.02 T 2 11.6 23 180 M M 10 32 190
31 44 34 39 14 26 0 0.10 T 0 11.0 21 270 M M 10 1 28 270
================================================================================
SM 1239 859 958 0 2.82 13.2 293.1 M 260
================================================================================
AV 40.0 27.7 9.5 FASTST M M 9 MAX(MPH)
MISC ----> 32 270 # 38 280
================================================================================
NOTES:
# LAST OF SEVERAL OCCURRENCES
COLUMN 17 PEAK WIND IN M.P.H.
PRELIMINARY LOCAL CLIMATOLOGICAL DATA (WS FORM: F-6) , PAGE 2
STATION: SYRACUSE NY
MONTH: DECEMBER
YEAR: 2020
LATITUDE: 43 7 N
LONGITUDE: 76 7 W
[TEMPERATURE DATA] [PRECIPITATION DATA] SYMBOLS USED IN COLUMN 16
AVERAGE MONTHLY: 33.8 TOTAL FOR MONTH: 2.82 1 = FOG OR MIST
DPTR FM NORMAL: 4.4 DPTR FM NORMAL: -0.40 2 = FOG REDUCING VISIBILITY
HIGHEST: 56 ON 13,12 GRTST 24HR 0.77 ON 24-24 TO 1/4 MILE OR LESS
LOWEST: 5 ON 19 3 = THUNDER
SNOW, ICE PELLETS, HAIL 4 = ICE PELLETS
TOTAL MONTH: 13.2 INCHES 5 = HAIL
GRTST 24HR 3.6 ON 17-17 6 = FREEZING RAIN OR DRIZZLE
GRTST DEPTH: 6 ON 17 7 = DUSTSTORM OR SANDSTORM:
VSBY 1/2 MILE OR LESS
8 = SMOKE OR HAZE
[NO. OF DAYS WITH] [WEATHER - DAYS WITH] 9 = BLOWING SNOW
X = TORNADO
MAX 32 OR BELOW: 9 0.01 INCH OR MORE: 19
MAX 90 OR ABOVE: 0 0.10 INCH OR MORE: 8
MIN 32 OR BELOW: 24 0.50 INCH OR MORE: 1
MIN 0 OR BELOW: 0 1.00 INCH OR MORE: 0
[HDD (BASE 65) ]
TOTAL THIS MO. 958 CLEAR (SCALE 0-3) 0
DPTR FM NORMAL -146 PTCLDY (SCALE 4-7) 3
TOTAL FM JUL 1 2063 CLOUDY (SCALE 8-10) 28
DPTR FM NORMAL -390
[CDD (BASE 65) ]
TOTAL THIS MO. 0
DPTR FM NORMAL 0 [PRESSURE DATA]
TOTAL FM JAN 1 991 HIGHEST SLP 30.55 ON 29
DPTR FM NORMAL 422 LOWEST SLP 29.29 ON 25
[REMARKS]
#FINAL-12-20#