000
CXUS51 KBGM 020027 CCA
CF6SYR
PRELIMINARY LOCAL CLIMATOLOGICAL DATA (WS FORM: F-6)
STATION: SYRACUSE NY
MONTH: JULY
YEAR: 2020
LATITUDE: 43 7 N
LONGITUDE: 76 7 W
TEMPERATURE IN F: :PCPN: SNOW: WIND :SUNSHINE: SKY :PK WND
================================================================================
1 2 3 4 5 6A 6B 7 8 9 10 11 12 13 14 15 16 17 18
12Z AVG MX 2MIN
DY MAX MIN AVG DEP HDD CDD WTR SNW DPTH SPD SPD DIR MIN PSBL S-S WX SPD DR
================================================================================
1 84 60 72 2 0 7 0.00 0.0 0 5.3 18 320 M M 6 12 22 330
2 92 65 79 9 0 14 0.00 0.0 0 7.5 17 280 M M 5 22 280
3 87 70 79 8 0 14 0.02 0.0 0 7.1 16 300 M M 8 20 300
4 90 65 78 7 0 13 0.00 0.0 0 4.3 16 340 M M 5 1 21 320
5 91 59 75 4 0 10 0.00 0.0 0 6.3 18 310 M M 5 21 330
6 93 64 79 8 0 14 0.00 0.0 0 4.1 12 120 M M 4 14 120
7 92 69 81 10 0 16 0.00 0.0 0 9.4 17 180 M M 5 22 170
8 92 72 82 11 0 17 0.16 0.0 0 6.1 20 160 M M 5 3 24 160
9 98 69 84 13 0 19 0.00 0.0 0 4.7 12 210 M M 3 14 190
10 95 73 84 13 0 19 0.12 0.0 0 7.4 17 110 M M 6 1 23 180
11 89 70 80 9 0 15 2.36 0.0 0 9.3 29 250 M M 8 13 36 120
12 86 70 78 7 0 13 0.11 0.0 0 10.5 18 250 M M 7 1 25 260
13 81 67 74 2 0 9 T 0.0 0 9.2 18 280 M M 7 23 290
14 84 64 74 2 0 9 0.14 0.0 0 6.6 15 320 M M 5 22 300
15 88 63 76 4 0 11 0.00 0.0 0 3.4 8 50 M M 4 12 40
16 82 69 76 4 0 11 1.22 0.0 0 11.6 23 150 M M 9 13 30 150
17 84 67 76 4 0 11 T 0.0 0 8.4 18 270 M M 7 26 280
18 89 63 76 4 0 11 0.00 0.0 0 5.3 14 250 M M 3 19 260
19 95 67 81 9 0 16 T 0.0 0 9.4 25 200 M M 6 33 190
20 88 71 80 8 0 15 0.00 0.0 0 11.4 22 280 M M 6 26 280
21 83 66 75 3 0 10 0.00 0.0 0 5.2 12 240 M M 6 16 290
22 84 65 75 3 0 10 0.19 0.0 0 4.3 10 100 M M 8 1 12 120
23 86 68 77 5 0 12 0.06 0.0 0 6.9 14 320 M M 7 1 17 340
24 87 65 76 4 0 11 0.00 0.0 0 3.7 13 330 M M 4 1 15 320
25 89 63 76 4 0 11 0.00 0.0 0 2.3 12 260 M M 6 14 250
26 89 66 78 6 0 13 0.00 0.0 0 8.5 18 250 M M 5 21 250
27 93 74 84 12 0 19 0.26 0.0 0 10.2 28 280 M M 5 38 38 280
28 86 67 77 6 0 12 0.18 0.0 0 9.2 18 270 M M 5 13 25 260
29 79 64 72 1 0 7 0.40 0.0 0 5.5 20 250 M M 7 3 25 250
30 84 64 74 3 0 9 0.00 0.0 0 5.4 16 300 M M 5 1 21 300
31 85 59 72 1 0 7 0.00 0.0 0 5.1 14 350 M M 3 17 340
================================================================================
SM 2725 2058 0 385 5.22 0.0 213.6 M 175
================================================================================
AV 87.9 66.4 6.9 FASTST M M 6 MAX(MPH)
MISC ----> 29 250 38 280
================================================================================
NOTES:
# LAST OF SEVERAL OCCURRENCES
COLUMN 17 PEAK WIND IN M.P.H.
PRELIMINARY LOCAL CLIMATOLOGICAL DATA (WS FORM: F-6) , PAGE 2
STATION: SYRACUSE NY
MONTH: JULY
YEAR: 2020
LATITUDE: 43 7 N
LONGITUDE: 76 7 W
[TEMPERATURE DATA] [PRECIPITATION DATA] SYMBOLS USED IN COLUMN 16
AVERAGE MONTHLY: 77.1 TOTAL FOR MONTH: 5.22 1 = FOG OR MIST
DPTR FM NORMAL: 5.8 DPTR FM NORMAL: 1.44 2 = FOG REDUCING VISIBILITY
HIGHEST: 98 ON 9 GRTST 24HR 2.36 ON 11-12+ TO 1/4 MILE OR LESS
LOWEST: 59 ON 31, 5 3 = THUNDER
SNOW, ICE PELLETS, HAIL 4 = ICE PELLETS
TOTAL MONTH: 0.0 INCH 5 = HAIL
GRTST 24HR 0.0 6 = FREEZING RAIN OR DRIZZLE
GRTST DEPTH: 0 7 = DUSTSTORM OR SANDSTORM:
VSBY 1/2 MILE OR LESS
8 = SMOKE OR HAZE
[NO. OF DAYS WITH] [WEATHER - DAYS WITH] 9 = BLOWING SNOW
X = TORNADO
MAX 32 OR BELOW: 0 0.01 INCH OR MORE: 12
MAX 90 OR ABOVE: 10 0.10 INCH OR MORE: 10
MIN 32 OR BELOW: 0 0.50 INCH OR MORE: 2
MIN 0 OR BELOW: 0 1.00 INCH OR MORE: 2
[HDD (BASE 65) ]
TOTAL THIS MO. 0 CLEAR (SCALE 0-3) 2
DPTR FM NORMAL -8 PTCLDY (SCALE 4-7) 27
TOTAL FM JUL 1 0 CLOUDY (SCALE 8-10) 2
DPTR FM NORMAL -2
[CDD (BASE 65) ]
TOTAL THIS MO. 385
DPTR FM NORMAL 182 [PRESSURE DATA]
TOTAL FM JAN 1 640 HIGHEST SLP 30.17 ON 15
DPTR FM NORMAL 294 LOWEST SLP 29.48 ON 11
[REMARKS]
#FINAL-07-20#
WARMEST JULY AND MONTH OLD RECORD 76.6 IN 1955 AND 1921
GREATEST 24 HOUR PRECIPITATION LAST OF SEVERAL