000
CXUS54 KEWX 011011
CF6T82
PRELIMINARY LOCAL CLIMATOLOGICAL DATA (WS FORM: F-6)
STATION: FREDERICKSBURG
MONTH: AUGUST
YEAR: 2023
LATITUDE: 30 15 N
LONGITUDE: 98 55 W
TEMPERATURE IN F: :PCPN: SNOW: WIND :SUNSHINE: SKY :PK WND
================================================================================
1 2 3 4 5 6A 6B 7 8 9 10 11 12 13 14 15 16 17 18
12Z AVG MX 2MIN
DY MAX MIN AVG DEP HDD CDD WTR SNW DPTH SPD SPD DIR MIN PSBL S-S WX SPD DR
================================================================================
1 101 72 87 M 0 22 0.00 M M 5.0 13 150 M M 2 18 170
2 100 76 88 M 0 23 0.00 M M 6.5 14 170 M M 0 21 180
3 98 74 86 M 0 21 0.00 M M 6.6 15 190 M M 1 18 190
4 101 75 88 M 0 23 0.00 M M 7.0 12 200 M M 0 21 160
5 102 75 89 M 0 24 0.00 M M 7.7 13 170 M M 0 20 170
6 102 74 88 M 0 23 0.00 M M 6.5 15 180 M M 0 21 150
7 103 75 89 M 0 24 0.00 M M 8.4 16 150 M M 0 24 160
8 103 76 90 M 0 25 0.00 M M 9.1 17 160 M M 0 26 160
9 103 75 89 M 0 24 0.00 M M 10.9 18 180 M M 1 22 180
10 104 75 90 M 0 25 0.00 M M 8.9 13 180 M M 1 20 180
11 103 75 89 M 0 24 0.00 M M 9.7 16 210 M M 0 24 160
12 102 77 90 M 0 25 0.00 M M 10.3 15 200 M M 2 21 200
13 101 76 89 M 0 24 0.00 M M 9.3 15 200 M M 1 22 180
14 103 74 89 M 0 24 0.00 M M 5.8 12 190 M M 0 16 160
15 99 77 88 M 0 23 0.00 M M 5.3 13 60 M M 0 18 360
16 102 69 86 M 0 21 0.00 M M 2.5 7 250 M M 0 M M
17 105 72 89 M 0 24 0.00 M M 3.6 10 210 M M 0 16 210
18 103 71 87 M 0 22 0.00 M M 5.8 12 140 M M 0 20 120
19 102 67 85 M 0 20 0.00 M M 4.9 10 130 M M 0 21 150
20 102 69 86 M 0 21 0.00 M M 3.5 12 120 M M 1 21 110
21 103 74 89 M 0 24 0.00 M M 5.3 15 100 M M 1 21 100
22 94 74 84 M 0 19 0.02 M M 6.2 18 90 M M 3 3 26 80
23 96 75 86 M 0 21 0.00 M M 7.7 14 110 M M 6 20 110
24 100 70 85 M 0 20 0.00 M M 4.7 14 190 M M 2 20 160
25 103 73 88 M 0 23 0.00 M M 2.5 10 140 M M 1 20 40
26 102 73 88 M 0 23 0.00 M M 3.4 9 160 M M 0 17 120
27 104 73 89 M 0 24 0.03 M M 4.6 17 30 M M 2 28 30
28 96 71 84 M 0 19 0.00 M M 4.9 15 40 M M 1 21 40
29 95 66 81 M 0 16 0.00 M M 4.4 12 50 M M 1 18 70
30 98 66 82 M 0 17 0.00 M M 4.0 15 70 M M 2 21 360
31 100 67 84 M 0 19 0.00 M M 2.1 7 80 M M 2 M M
================================================================================
SM 3130 2256 0 687 0.05 M 186.9 M 30
================================================================================
AV101.0 72.8 6.0 FASTST M M 1 MAX(MPH)
MISC ----> # 18 180 28 30
================================================================================
NOTES:
# LAST OF SEVERAL OCCURRENCES
COLUMN 17 PEAK WIND IN M.P.H.
PRELIMINARY LOCAL CLIMATOLOGICAL DATA (WS FORM: F-6) , PAGE 2
STATION: FREDERICKSBURG
MONTH: AUGUST
YEAR: 2023
LATITUDE: 30 15 N
LONGITUDE: 98 55 W
[TEMPERATURE DATA] [PRECIPITATION DATA] SYMBOLS USED IN COLUMN 16
AVERAGE MONTHLY: 86.9 TOTAL FOR MONTH: 0.05 1 = FOG OR MIST
DPTR FM NORMAL: 0.0 DPTR FM NORMAL: M 2 = FOG REDUCING VISIBILITY
HIGHEST: 105 ON 17 GRTST 24HR 0.03 ON 27-27 TO 1/4 MILE OR LESS
LOWEST: 66 ON 30,29 3 = THUNDER
SNOW, ICE PELLETS, HAIL 4 = ICE PELLETS
TOTAL MONTH: M 5 = HAIL
GRTST 24HR M ON M 6 = FREEZING RAIN OR DRIZZLE
GRTST DEPTH: M ON M 7 = DUSTSTORM OR SANDSTORM:
VSBY 1/2 MILE OR LESS
8 = SMOKE OR HAZE
[NO. OF DAYS WITH] [WEATHER - DAYS WITH] 9 = BLOWING SNOW
X = TORNADO
MAX 32 OR BELOW: 0 0.01 INCH OR MORE: 2
MAX 90 OR ABOVE: 31 0.10 INCH OR MORE: 0
MIN 32 OR BELOW: 0 0.50 INCH OR MORE: 0
MIN 0 OR BELOW: 0 1.00 INCH OR MORE: 0
[HDD (BASE 65) ]
TOTAL THIS MO. 0 CLEAR (SCALE 0-3) 29
DPTR FM NORMAL M PTCLDY (SCALE 4-7) 2
TOTAL FM JUL 1 0 CLOUDY (SCALE 8-10) 0
DPTR FM NORMAL M
[CDD (BASE 65) ]
TOTAL THIS MO. 687
DPTR FM NORMAL M [PRESSURE DATA]
TOTAL FM JAN 1 2261 HIGHEST SLP M ON M
DPTR FM NORMAL M LOWEST SLP M ON M
[REMARKS]
#FINAL-08-23#