000
CXUS55 KPUB 011210
CF6TAD
PRELIMINARY LOCAL CLIMATOLOGICAL DATA (WS FORM: F-6)
STATION: TRINIDAD CO
MONTH: AUGUST
YEAR: 2023
LATITUDE: 37 16 N
LONGITUDE: 104 20 W
TEMPERATURE IN F: :PCPN: SNOW: WIND :SUNSHINE: SKY :PK WND
================================================================================
1 2 3 4 5 6A 6B 7 8 9 10 11 12 13 14 15 16 17 18
12Z AVG MX 2MIN
DY MAX MIN AVG DEP HDD CDD WTR SNW DPTH SPD SPD DIR MIN PSBL S-S WX SPD DR
================================================================================
1 86 61 74 0 0 9 0.02 M M 6.5 28 270 M M 1 3 38 290
2 91 58 75 1 0 10 0.02 M M 10.0 29 240 M M 2 3 38 240
3 91 58 75 1 0 10 T M M 10.6 24 190 M M 1 3 33 180
4 96 52 74 0 0 9 0.00 M M 7.3 23 140 M M 0 32 130
5 93 58 76 2 0 11 0.00 M M 9.0 28 30 M M 1 3 36 40
6 83 60 72 -2 0 7 0.03 M M 8.7 22 20 M M 7 3 30 30
7 93 56 75 1 0 10 0.00 M M 7.7 22 50 M M 2 31 50
8 95 52 74 0 0 9 T M M 10.1 29 240 M M 1 40 240
9 87 62 75 1 0 10 0.03 M M 5.9 17 60 M M 3 25 80
10 95 63 79 5 0 14 T M M 7.6 18 240 M M 1 28 250
11 93 60 77 4 0 12 0.00 M M 9.3 17 40 M M 1 25 20
12 83 61 72 -1 0 7 0.20 M M 8.2 26 300 M M 5 138 39 300
13 81 61 71 -2 0 6 T M M 12.2 24 30 M M 7 31 20
14 80 58 69 -4 0 4 0.00 M M 6.0 15 130 M M 6 20 140
15 91 60 76 3 0 11 0.00 M M 7.7 17 240 M M 1 22 240
16 97 59 78 5 0 13 0.06 M M 10.5 28 210 M M 1 3 35 200
17 92 60 76 3 0 11 0.03 M M 8.7 24 150 M M 1 3 31 240
18 100 63 82 9 0 17 0.00 M M 11.0 24 270 M M 0 42 280
19 97 64 81 9 0 16 0.00 M M 12.3 22 180 M M 0 32 160
20 94 61 78 6 0 13 0.00 M M 14.1 28 170 M M 0 37 180
21 94 64 79 7 0 14 0.00 M M 14.1 26 180 M M 0 39 170
22 93 67 80 8 0 15 0.00 M M 13.2 28 180 M M 0 42 140
23 92 63 78 6 0 13 0.00 M M 10.0 24 190 M M 0 32 170
24 92 64 78 6 0 13 0.00 M M 10.2 22 190 M M 0 30 190
25 89 60 75 3 0 10 2.16 M M 8.5 30 310 M M 4 13 37 310
26 75 58 67 -5 0 2 0.00 M M 4.7 10 50 M M 6 3 15 330
27 84 60 72 1 0 7 0.17 M M 7.5 24 320 M M 2 13 35 330
28 82 58 70 -1 0 5 0.23 M M 7.9 32 350 M M 4 3 44 350
29 78 54 66 -5 0 1 0.00 M M 6.8 14 250 M M 2 19 70
30 90 55 73 2 0 8 0.00 M M 8.8 17 250 M M 0 23 260
31 95 65 80 9 0 15 0.00 M M 11.3 26 200 M M 0 36 210
================================================================================
SM 2782 1855 0 312 2.95 M 286.4 M 59
================================================================================
AV 89.7 59.8 9.2 FASTST M M 2 MAX(MPH)
MISC ----> 32 350 44 350
================================================================================
NOTES:
# LAST OF SEVERAL OCCURRENCES
COLUMN 17 PEAK WIND IN M.P.H.
PRELIMINARY LOCAL CLIMATOLOGICAL DATA (WS FORM: F-6) , PAGE 2
STATION: TRINIDAD CO
MONTH: AUGUST
YEAR: 2023
LATITUDE: 37 16 N
LONGITUDE: 104 20 W
[TEMPERATURE DATA] [PRECIPITATION DATA] SYMBOLS USED IN COLUMN 16
AVERAGE MONTHLY: 74.8 TOTAL FOR MONTH: 2.95 1 = FOG OR MIST
DPTR FM NORMAL: 2.0 DPTR FM NORMAL: 1.03 2 = FOG REDUCING VISIBILITY
HIGHEST: 100 ON 18 GRTST 24HR 2.16 ON 25-25 TO 1/4 MILE OR LESS
LOWEST: 52 ON 8, 4 3 = THUNDER
SNOW, ICE PELLETS, HAIL 4 = ICE PELLETS
TOTAL MONTH: M 5 = HAIL
GRTST 24HR M ON M 6 = FREEZING RAIN OR DRIZZLE
GRTST DEPTH: M ON M 7 = DUSTSTORM OR SANDSTORM:
VSBY 1/2 MILE OR LESS
8 = SMOKE OR HAZE
[NO. OF DAYS WITH] [WEATHER - DAYS WITH] 9 = BLOWING SNOW
X = TORNADO
MAX 32 OR BELOW: 0 0.01 INCH OR MORE: 10
MAX 90 OR ABOVE: 20 0.10 INCH OR MORE: 4
MIN 32 OR BELOW: 0 0.50 INCH OR MORE: 1
MIN 0 OR BELOW: 0 1.00 INCH OR MORE: 1
[HDD (BASE 65) ]
TOTAL THIS MO. 0 CLEAR (SCALE 0-3) 24
DPTR FM NORMAL -5 PTCLDY (SCALE 4-7) 7
TOTAL FM JUL 1 0 CLOUDY (SCALE 8-10) 0
DPTR FM NORMAL -2
[CDD (BASE 65) ]
TOTAL THIS MO. 312
DPTR FM NORMAL 66 [PRESSURE DATA]
TOTAL FM JAN 1 800 HIGHEST SLP 30.29 ON 14
DPTR FM NORMAL 32 LOWEST SLP 29.68 ON 8
[REMARKS]
#FINAL-08-23#