000
CXUS52 KTBW 061144
CF6TBW
PRELIMINARY LOCAL CLIMATOLOGICAL DATA (WS FORM: F-6)
STATION: RUSKIN WFO
MONTH: DECEMBER
YEAR: 2023
LATITUDE: 27 42 N
LONGITUDE: 82 24 W
TEMPERATURE IN F: :PCPN: SNOW: WIND :SUNSHINE: SKY :PK WND
================================================================================
1 2 3 4 5 6A 6B 7 8 9 10 11 12 13 14 15 16 17 18
12Z AVG MX 2MIN
DY MAX MIN AVG DEP HDD CDD WTR SNW DPTH SPD SPD DIR MIN PSBL S-S WX SPD DR
================================================================================
1 83 60 72 6 0 7 T 0.0 0 M M M M M M M M
2 86 70 78 12 0 13 0.00 0.0 0 M M M M M 0 1 M M
3 85 71 78 12 0 13 0.02 0.0 0 M M M M M M 12 M M
4 84 61 73 7 0 8 T 0.0 0 M M M M M M M M
5 73 55 64 -1 1 0 0.00 0.0 0 M M M M M M M M
6 67 46 57 -8 8 0 0.00 0.0 0 M M M M M M M M
7 74 43 59 -6 6 0 0.00 0.0 0 M M M M M M M M
8 79 56 68 3 0 3 0.00 0.0 0 M M M M M M M M
9 84 63 74 9 0 9 T 0.0 0 M M M M M M M M
10 84 64 74 9 0 9 0.53 0.0 0 M M M M M M 13 M M
11 65 49 57 -8 8 0 0.00 0.0 0 M M M M M M M M
12 72 44 58 -6 7 0 0.00 0.0 0 M M M M M M M M
13 77 59 68 4 0 3 0.00 0.0 0 M M M M M M M M
14 74 61 68 4 0 3 0.00 0.0 0 M M M M M M M M
15 76 64 70 6 0 5 0.00 0.0 0 M M M M M M M M
16 70 66 68 4 0 3 1.83 0.0 0 M M M M M M 1 M M
17 75 63 69 5 0 4 0.02 0.0 0 M M M M M M M M
18 65 57 61 -3 4 0 T 0.0 0 M M M M M M M M
19 65 48 57 -7 8 0 0.00 0.0 0 M M M M M M M M
20 70 46 58 -5 7 0 0.00 0.0 0 M M M M M M M M
21 74 56 65 2 0 0 0.00 0.0 0 M M M M M M M M
22 74 55 65 2 0 0 0.00 0.0 0 M M M M M M M M
23 78 58 68 5 0 3 0.00 0.0 0 M M M M M M M M
24 75 57 66 3 0 1 0.00 0.0 0 M M M M M M M M
25 74 66 70 7 0 5 0.23 0.0 0 M M M M M M M M
26 77 62 70 8 0 5 T 0.0 0 M M M M M M M M
27 70 58 64 2 1 0 0.03 0.0 0 M M M M M M M M
28 69 56 63 1 2 0 0.30 0.0 0 M M M M M M M M
29 63 48 56 -6 9 0 0.00 0.0 0 M M M M M M M M
30 64 46 55 -7 10 0 0.00 0.0 0 M M M M M M M M
31 69 45 57 -5 8 0 0.00 0.0 0 M M M M M M M M
================================================================================
SM 2295 1753 79 94 2.96 0.0 M M 0
================================================================================
AV 74.0 56.5 M FASTST M M 0 MAX(MPH)
MISC ----> M M M M
================================================================================
NOTES:
# LAST OF SEVERAL OCCURRENCES
COLUMN 17 PEAK WIND IN M.P.H.
PRELIMINARY LOCAL CLIMATOLOGICAL DATA (WS FORM: F-6) , PAGE 2
STATION: RUSKIN WFO
MONTH: DECEMBER
YEAR: 2023
LATITUDE: 27 42 N
LONGITUDE: 82 24 W
[TEMPERATURE DATA] [PRECIPITATION DATA] SYMBOLS USED IN COLUMN 16
AVERAGE MONTHLY: 65.3 TOTAL FOR MONTH: 2.96 1 = FOG OR MIST
DPTR FM NORMAL: 1.4 DPTR FM NORMAL: 0.38 2 = FOG REDUCING VISIBILITY
HIGHEST: 86 ON 2 GRTST 24HR 1.83 ON 16-16 TO 1/4 MILE OR LESS
LOWEST: 43 ON 7 3 = THUNDER
SNOW, ICE PELLETS, HAIL 4 = ICE PELLETS
TOTAL MONTH: 0.0 INCH 5 = HAIL
GRTST 24HR 0.0 6 = FREEZING RAIN OR DRIZZLE
GRTST DEPTH: 0 7 = DUSTSTORM OR SANDSTORM:
VSBY 1/2 MILE OR LESS
8 = SMOKE OR HAZE
[NO. OF DAYS WITH] [WEATHER - DAYS WITH] 9 = BLOWING SNOW
X = TORNADO
MAX 32 OR BELOW: 0 0.01 INCH OR MORE: 7
MAX 90 OR ABOVE: 0 0.10 INCH OR MORE: 4
MIN 32 OR BELOW: 0 0.50 INCH OR MORE: 2
MIN 0 OR BELOW: 0 1.00 INCH OR MORE: 1
[HDD (BASE 65) ]
TOTAL THIS MO. 79 CLEAR (SCALE 0-3) 1
DPTR FM NORMAL -42 PTCLDY (SCALE 4-7) 0
TOTAL FM JUL 1 104 CLOUDY (SCALE 8-10) 30
DPTR FM NORMAL -64
[CDD (BASE 65) ]
TOTAL THIS MO. 94
DPTR FM NORMAL 7 [PRESSURE DATA]
TOTAL FM JAN 1 4188 HIGHEST SLP M ON M
DPTR FM NORMAL 711 LOWEST SLP M ON M
[REMARKS]
#FINAL-12-23#