000
CXUS54 KEPZ 221306
CF6TCS
PRELIMINARY LOCAL CLIMATOLOGICAL DATA (WS FORM: F-6)
STATION: TRUTH OR CONSEQUENCES
MONTH: NOVEMBER
YEAR: 2022
LATITUDE: 33 13 N
LONGITUDE: 107 16 W
TEMPERATURE IN F: :PCPN: SNOW: WIND :SUNSHINE: SKY :PK WND
================================================================================
1 2 3 4 5 6A 6B 7 8 9 10 11 12 13 14 15 16 17 18
12Z AVG MX 2MIN
DY MAX MIN AVG DEP HDD CDD WTR SNW DPTH SPD SPD DIR MIN PSBL S-S WX SPD DR
================================================================================
1 70 42 56 0 9 0 0.00 M M 8.3 18 180 M M 0 26 180
2 70 44 57 1 8 0 0.00 M M 10.8 29 190 M M 0 40 190
3 66 44 55 0 10 0 0.00 M M 19.5 33 190 M M 1 50 220
4 58 36 47 -8 18 0 0.00 M M 13.3 28 310 M M 2 35 300
5 65 38 52 -2 13 0 0.00 M M 7.6 21 300 M M 0 28 300
6 74 37 56 2 9 0 0.00 M M 7.3 17 180 M M 0 24 170
7 72 42 57 4 8 0 0.00 0.0 0 7.4 17 180 M M 0 24 180
8 75 42 59 6 6 0 0.00 M M 8.4 24 170 M M 0 32 170
9 73 46 60 7 5 0 0.00 M M 14.1 33 200 M M 0 47 220
10 61 38 50 -2 15 0 0.00 M M 6.5 14 20 M M 0 20 20
11 54 33 44 -8 21 0 0.00 M M 6.6 18 20 M M 0 26 20
12 57 29 43 -8 22 0 0.00 M M 6.1 14 200 M M 0 19 180
13 64 33 49 -2 16 0 T M M 11.3 29 170 M M 0 44 170
14 55 35 45 -5 20 0 T M M 8.2 24 290 M M 1 34 290
15 55 32 44 -6 21 0 T M M 6.0 18 20 M M 0 29 10
16 50 30 40 -10 25 0 0.00 M M 9.9 21 30 M M 3 29 30
17 52 25 39 -10 26 0 0.00 M M 4.9 9 300 M M 0 14 220
18 54 28 41 -8 24 0 0.00 M M 6.7 17 20 M M 0 26 20
19 49 30 40 -8 25 0 0.00 M M 9.6 17 20 M M 8 24 10
20 51 30 41 -7 24 0 0.00 M M 4.5 10 30 M M 1 15 20
21 55 26 41 -7 24 0 0.00 M M 4.5 12 280 M M 0 14 290
22 55 25 40 -7 25 0 0.00 M M 5.3 13 300 M M 0 15 300
23 63 29 46 -1 19 0 0.00 M M 6.9 23 320 M M 0 33 320
24 48 31 40 -7 25 0 T M M 15.0 31 20 M M 4 44 30
25 49 30 40 -6 25 0 T M M 12.9 24 30 M M 7 37 20
26 59 25 42 -4 23 0 0.00 M M 4.9 15 300 M M 0 20 160
27 61 36 49 3 16 0 0.00 M M 8.3 17 340 M M 0 27 340
28 63 30 47 2 18 0 0.00 M M 8.1 22 250 M M 0 29 250
29 65 38 52 7 13 0 0.00 M M 9.5 23 300 M M 0 31 310
30 59 29 44 -1 21 0 0.00 M M 6.3 14 180 M M 0 18 180
================================================================================
SM 1802 1013 534 0 T 0.0 258.7 M 27
================================================================================
AV 60.1 33.8 8.6 FASTST M M 1 MAX(MPH)
MISC ----> # 33 190 50 220
================================================================================
NOTES:
# LAST OF SEVERAL OCCURRENCES
COLUMN 17 PEAK WIND IN M.P.H.
PRELIMINARY LOCAL CLIMATOLOGICAL DATA (WS FORM: F-6) , PAGE 2
STATION: TRUTH OR CONSEQUENCES
MONTH: NOVEMBER
YEAR: 2022
LATITUDE: 33 13 N
LONGITUDE: 107 16 W
[TEMPERATURE DATA] [PRECIPITATION DATA] SYMBOLS USED IN COLUMN 16
AVERAGE MONTHLY: 46.9 TOTAL FOR MONTH: T 1 = FOG OR MIST
DPTR FM NORMAL: -3.2 DPTR FM NORMAL: -0.51 2 = FOG REDUCING VISIBILITY
HIGHEST: 75 ON 8 GRTST 24HR T ON 9- 9 TO 1/4 MILE OR LESS
LOWEST: 25 ON 26,22 3 = THUNDER
SNOW, ICE PELLETS, HAIL 4 = ICE PELLETS
TOTAL MONTH: 0.0 INCH 5 = HAIL
GRTST 24HR 0.0 6 = FREEZING RAIN OR DRIZZLE
GRTST DEPTH: 0 7 = DUSTSTORM OR SANDSTORM:
VSBY 1/2 MILE OR LESS
8 = SMOKE OR HAZE
[NO. OF DAYS WITH] [WEATHER - DAYS WITH] 9 = BLOWING SNOW
X = TORNADO
MAX 32 OR BELOW: 0 0.01 INCH OR MORE: 0
MAX 90 OR ABOVE: 0 0.10 INCH OR MORE: 0
MIN 32 OR BELOW: 15 0.50 INCH OR MORE: 0
MIN 0 OR BELOW: 0 1.00 INCH OR MORE: 0
[HDD (BASE 65) ]
TOTAL THIS MO. 534 CLEAR (SCALE 0-3) 27
DPTR FM NORMAL 85 PTCLDY (SCALE 4-7) 3
TOTAL FM JUL 1 718 CLOUDY (SCALE 8-10) 0
DPTR FM NORMAL 130
[CDD (BASE 65) ]
TOTAL THIS MO. 0
DPTR FM NORMAL -1 [PRESSURE DATA]
TOTAL FM JAN 1 2048 HIGHEST SLP 30.38 ON 16
DPTR FM NORMAL 219 LOWEST SLP 29.58 ON 29
[REMARKS]
#FINAL-11-22#