000
CXUS54 KEPZ 011030
CF6TCS
PRELIMINARY LOCAL CLIMATOLOGICAL DATA (WS FORM: F-6)
STATION: TRUTH OR CONSEQUENCES
MONTH: JUNE
YEAR: 2022
LATITUDE: 33 13 N
LONGITUDE: 107 16 W
TEMPERATURE IN F: :PCPN: SNOW: WIND :SUNSHINE: SKY :PK WND
================================================================================
1 2 3 4 5 6A 6B 7 8 9 10 11 12 13 14 15 16 17 18
12Z AVG MX 2MIN
DY MAX MIN AVG DEP HDD CDD WTR SNW DPTH SPD SPD DIR MIN PSBL S-S WX SPD DR
================================================================================
1 94 60 77 1 0 12 0.00 M M 11.7 24 10 M M 0 40 230
2 95 61 78 2 0 13 0.00 M M 11.3 31 180 M M 0 3 54 220
3 97 60 79 2 0 14 0.00 M M 10.1 25 250 M M 0 45 220
4 95 67 81 4 0 16 0.00 M M 10.9 23 260 M M 0 36 240
5 94 69 82 5 0 17 0.00 M M 10.6 18 300 M M 0 28 300
6 97 73 85 7 0 20 0.00 M M 10.9 21 310 M M 0 30 310
7 100 76 88 10 0 23 0.00 M M 10.0 21 170 M M 0 27 180
8 102 74 88 10 0 23 0.00 M M 8.1 38 20 M M 0 3 63 10
9 94 69 82 4 0 17 0.00 M M 7.2 23 320 M M 0 34 330
10 102 74 88 10 0 23 0.00 M M 8.0 16 300 M M 0 26 290
11 102 78 90 11 0 25 0.00 M M 10.3 37 260 M M 0 49 270
12 99 75 87 8 0 22 0.00 M M 10.8 22 170 M M 0 33 180
13 101 73 87 8 0 22 0.00 M M 12.2 25 250 M M 0 36 280
14 98 70 84 5 0 19 0.00 M M 8.7 21 260 M M 0 33 250
15 98 69 84 4 0 19 0.00 M M 8.0 15 190 M M 0 23 250
16 102 70 86 6 0 21 0.00 M M 7.6 28 130 M M 0 38 130
17 93 68 81 1 0 16 0.05 M M 9.2 32 180 M M 2 3 43 180
18 95 64 80 0 0 15 0.11 M M 8.9 31 290 M M 3 3 41 280
19 85 63 74 -6 0 9 0.02 M M 7.4 20 310 M M 4 3 31 300
20 85 66 76 -4 0 11 T M M 8.1 18 140 M M 1 3 27 130
21 80 65 73 -7 0 8 0.09 M M 7.0 17 130 M M 6 1 24 100
22 78 62 70 -10 0 5 1.33 M M 6.2 15 140 M M 6 1 20 140
23 94 65 80 0 0 15 0.00 M M 7.7 21 280 M M 1 28 300
24 88 69 79 -1 0 14 0.00 M M 10.0 22 310 M M 3 35 310
25 89 67 78 -3 0 13 T M M 7.6 21 20 M M 4 3 30 10
26 85 63 74 -7 0 9 0.38 M M 12.8 29 140 M M 5 13 39 150
27 82 62 72 -9 0 7 0.35 M M 8.2 24 60 M M 6 13 33 60
28 M 62 M M M M 0.02 M M 3.8 6 40 M M 7 M M
29 M M M M M M 0.00 M M M M M M M M M M
30 93 66 80 -1 0 15 0.00 M M 6.7 20 280 M M 1 25 310
================================================================================
SM 2617 1960 0 443 2.35 M 260.0 M 49
================================================================================
AV 93.5 67.6 9.0 FASTST M M 2 MAX(MPH)
MISC ----> 38 20 63 10
================================================================================
NOTES:
# LAST OF SEVERAL OCCURRENCES
COLUMN 17 PEAK WIND IN M.P.H.
PRELIMINARY LOCAL CLIMATOLOGICAL DATA (WS FORM: F-6) , PAGE 2
STATION: TRUTH OR CONSEQUENCES
MONTH: JUNE
YEAR: 2022
LATITUDE: 33 13 N
LONGITUDE: 107 16 W
[TEMPERATURE DATA] [PRECIPITATION DATA] SYMBOLS USED IN COLUMN 16
AVERAGE MONTHLY: 80.5 TOTAL FOR MONTH: 2.35 1 = FOG OR MIST
DPTR FM NORMAL: 1.3 DPTR FM NORMAL: 1.94 2 = FOG REDUCING VISIBILITY
HIGHEST: 102 ON 16,11 GRTST 24HR 1.33 ON 22-22 TO 1/4 MILE OR LESS
LOWEST: 60 ON 3, 1 3 = THUNDER
SNOW, ICE PELLETS, HAIL 4 = ICE PELLETS
TOTAL MONTH: M 5 = HAIL
GRTST 24HR M ON M 6 = FREEZING RAIN OR DRIZZLE
GRTST DEPTH: M ON M 7 = DUSTSTORM OR SANDSTORM:
VSBY 1/2 MILE OR LESS
8 = SMOKE OR HAZE
[NO. OF DAYS WITH] [WEATHER - DAYS WITH] 9 = BLOWING SNOW
X = TORNADO
MAX 32 OR BELOW: 0 0.01 INCH OR MORE: 8
MAX 90 OR ABOVE: 20 0.10 INCH OR MORE: 4
MIN 32 OR BELOW: 0 0.50 INCH OR MORE: 1
MIN 0 OR BELOW: 0 1.00 INCH OR MORE: 1
[HDD (BASE 65) ]
TOTAL THIS MO. 0 CLEAR (SCALE 0-3) 22
DPTR FM NORMAL 0 PTCLDY (SCALE 4-7) 7
TOTAL FM JUL 1 2642 CLOUDY (SCALE 8-10) 1
DPTR FM NORMAL -396
[CDD (BASE 65) ]
TOTAL THIS MO. 443
DPTR FM NORMAL 19 [PRESSURE DATA]
TOTAL FM JAN 1 807 HIGHEST SLP 30.21 ON 27
DPTR FM NORMAL 156 LOWEST SLP 29.49 ON 6
[REMARKS]
#FINAL-06-22#