673
CXUS54 KEPZ 011241
CF6TCS
PRELIMINARY LOCAL CLIMATOLOGICAL DATA (WS FORM: F-6)
STATION: TRUTH OR CONSEQUENCES
MONTH: MARCH
YEAR: 2021
LATITUDE: 33 13 N
LONGITUDE: 107 16 W
TEMPERATURE IN F: :PCPN: SNOW: WIND :SUNSHINE: SKY :PK WND
================================================================================
1 2 3 4 5 6A 6B 7 8 9 10 11 12 13 14 15 16 17 18
12Z AVG MX 2MIN
DY MAX MIN AVG DEP HDD CDD WTR SNW DPTH SPD SPD DIR MIN PSBL S-S WX SPD DR
================================================================================
1 55 34 45 -4 20 0 T M M 8.5 31 40 M M 3 46 30
2 59 27 43 -6 22 0 0.00 M M 6.6 13 200 M M 0 17 210
3 73 29 51 2 14 0 0.00 M M 9.9 29 220 M M 1 37 220
4 69 47 58 8 7 0 0.00 M M 12.6 28 240 M M 0 39 240
5 69 36 53 3 12 0 0.00 M M 8.1 20 40 M M 0 29 20
6 64 33 49 -1 16 0 0.00 M M 4.9 14 190 M M 0 20 210
7 72 37 55 5 10 0 0.00 M M 7.1 16 200 M M 0 20 200
8 77 43 60 10 5 0 0.00 M M 9.5 32 240 M M 1 45 240
9 78 52 65 14 0 0 0.00 M M 13.7 33 250 M M 1 44 210
10 70 46 58 7 7 0 0.00 M M 13.6 35 220 M M 0 46 220
11 70 36 53 2 12 0 0.00 M M 13.2 31 220 M M 0 47 220
12 71 35 53 2 12 0 0.00 M M 12.4 35 210 M M 0 45 220
13 55 34 45 -7 20 0 0.00 M M 13.0 35 310 M M 2 45 300
14 60 31 46 -6 19 0 0.00 M M 13.7 35 300 M M 1 46 280
15 68 39 54 2 11 0 0.00 M M 8.7 22 310 M M 1 30 270
16 63 38 51 -1 14 0 0.00 M M 18.2 43 230 M M 1 58 230
17 66 36 51 -1 14 0 0.00 M M 8.9 24 300 M M 0 32 300
18 68 37 53 0 12 0 0.00 M M 6.7 14 220 M M 0 19 190
19 72 38 55 2 10 0 0.00 M M 8.2 16 180 M M 0 23 190
20 80 39 60 7 5 0 0.00 M M 12.0 29 190 M M 0 42 170
21 77 47 62 9 3 0 0.00 M M 8.8 29 230 M M 0 38 220
22 62 38 50 -3 15 0 T M M 12.7 32 310 M M 1 46 310
23 66 39 53 -1 12 0 0.00 M M 13.5 30 220 M M 3 48 230
24 51 31 41 -13 24 0 0.06 M M 7.7 21 20 M M 8 13 29 30
25 59 29 44 -10 21 0 0.00 M M 10.7 25 230 M M 1 35 220
26 65 34 50 -4 15 0 0.00 M M 8.5 25 270 M M 3 33 270
27 62 40 51 -3 14 0 T M M 8.8 22 20 M M 5 30 10
28 68 36 52 -3 13 0 0.00 M M 5.6 12 200 M M 0 18 130
29 77 40 59 4 6 0 0.00 M M 12.6 26 180 M M 0 33 170
30 79 47 63 8 2 0 0.00 M M 12.6 35 260 M M 0 47 280
31 68 39 54 -1 11 0 0.00 M M 9.4 24 30 M M 0 34 30
================================================================================
SM 2093 1167 378 0 0.06 M 320.4 M 32
================================================================================
AV 67.5 37.6 10.3 FASTST M M 1 MAX(MPH)
MISC ----> 43 230 58 230
================================================================================
NOTES:
# LAST OF SEVERAL OCCURRENCES
COLUMN 17 PEAK WIND IN M.P.H.
PRELIMINARY LOCAL CLIMATOLOGICAL DATA (WS FORM: F-6) , PAGE 2
STATION: TRUTH OR CONSEQUENCES
MONTH: MARCH
YEAR: 2021
LATITUDE: 33 13 N
LONGITUDE: 107 16 W
[TEMPERATURE DATA] [PRECIPITATION DATA] SYMBOLS USED IN COLUMN 16
AVERAGE MONTHLY: 52.6 TOTAL FOR MONTH: 0.06 1 = FOG OR MIST
DPTR FM NORMAL: 0.5 DPTR FM NORMAL: -0.27 2 = FOG REDUCING VISIBILITY
HIGHEST: 80 ON 20 GRTST 24HR 0.06 ON 24-24 TO 1/4 MILE OR LESS
LOWEST: 27 ON 2 3 = THUNDER
SNOW, ICE PELLETS, HAIL 4 = ICE PELLETS
TOTAL MONTH: M 5 = HAIL
GRTST 24HR M ON M 6 = FREEZING RAIN OR DRIZZLE
GRTST DEPTH: M ON M 7 = DUSTSTORM OR SANDSTORM:
VSBY 1/2 MILE OR LESS
8 = SMOKE OR HAZE
[NO. OF DAYS WITH] [WEATHER - DAYS WITH] 9 = BLOWING SNOW
X = TORNADO
MAX 32 OR BELOW: 0 0.01 INCH OR MORE: 1
MAX 90 OR ABOVE: 0 0.10 INCH OR MORE: 0
MIN 32 OR BELOW: 5 0.50 INCH OR MORE: 0
MIN 0 OR BELOW: 0 1.00 INCH OR MORE: 0
[HDD (BASE 65) ]
TOTAL THIS MO. 378 CLEAR (SCALE 0-3) 29
DPTR FM NORMAL -21 PTCLDY (SCALE 4-7) 2
TOTAL FM JUL 1 2672 CLOUDY (SCALE 8-10) 0
DPTR FM NORMAL -382
[CDD (BASE 65) ]
TOTAL THIS MO. 0
DPTR FM NORMAL -1 [PRESSURE DATA]
TOTAL FM JAN 1 0 HIGHEST SLP 30.33 ON 28
DPTR FM NORMAL -1 LOWEST SLP 29.42 ON 23
[REMARKS]
#FINAL-03-21#