000
CXUS52 KTAE 010900
CF6TLH
PRELIMINARY LOCAL CLIMATOLOGICAL DATA (WS FORM: F-6)
STATION: TALLAHASSEE
MONTH: DECEMBER
YEAR: 2021
LATITUDE: 30 22 N
LONGITUDE: 84 22 W
TEMPERATURE IN F: :PCPN: SNOW: WIND :SUNSHINE: SKY :PK WND
================================================================================
1 2 3 4 5 6A 6B 7 8 9 10 11 12 13 14 15 16 17 18
12Z AVG MX 2MIN
DY MAX MIN AVG DEP HDD CDD WTR SNW DPTH SPD SPD DIR MIN PSBL S-S WX SPD DR
================================================================================
1 70 33 52 -5 13 0 0.00 M M 2.1 9 170 M M 3 13 200
2 76 38 57 1 8 0 0.00 0.0 0 2.0 12 290 M M 3 12 14 300
3 76 43 60 4 5 0 0.00 0.0 0 1.8 10 280 M M 8 12 13 290
4 74 49 62 6 3 0 0.00 0.0 0 2.0 10 310 M M 8 12 14 170
5 71 49 60 4 5 0 0.00 M M 1.8 9 170 M M 7 128 12 170
6 75 47 61 5 4 0 0.03 M M 3.9 20 10 M M 8 12 28 360
7 71 56 64 8 1 0 0.09 0.0 M 2.9 9 170 M M 8 12 12 160
8 80 57 69 13 0 4 0.13 0.0 M 6.9 22 300 M M 7 13 27 290
9 66 53 60 5 5 0 0.00 0.0 M 5.5 12 100 M M 9 1 14 110
10 77 60 69 14 0 4 T M M 5.8 12 150 M M 9 1 15 150
11 81 65 73 18 0 8 0.23 0.0 0 7.5 18 310 M M 8 12 24 220
12 71 53 62 7 3 0 T 0.0 0 6.1 15 340 M M 6 1 19 350
13 62 53 58 3 7 0 0.00 0.0 0 4.7 12 100 M M 9 14 90
14 74 56 65 10 0 0 0.00 0.0 M 3.5 8 10 M M 6 M M
15 78 58 68 14 0 3 0.00 0.0 M 7.1 13 50 M M 6 1 M M
16 73 62 68 14 0 3 0.00 0.0 0 4.0 9 70 M M 9 1 13 80
17 77 59 68 14 0 3 0.00 0.0 0 3.5 14 190 M M 7 12 17 190
18 79 58 69 15 0 4 T 0.0 0 5.7 16 160 M M 8 1 22 180
19 73 54 64 10 1 0 0.61 0.0 0 7.3 18 220 M M 9 1 23 340
20 57 49 53 -1 12 0 T 0.0 0 7.7 16 70 M M 10 23 60
21 49 45 47 -7 18 0 0.28 0.0 0 9.8 16 320 M M 10 1 21 320
22 63 38 51 -3 14 0 0.00 0.0 0 6.0 16 320 M M 2 1 21 310
23 66 31 49 -4 16 0 0.00 0.0 M 2.6 8 30 M M 1 12 130
24 70 34 52 -1 13 0 0.00 0.0 M 2.9 12 150 M M 2 12 15 150
25 76 42 59 6 6 0 0.00 0.0 M 3.7 18 220 M M 6 12 25 240
26 79 47 63 10 2 0 0.00 0.0 M 3.2 15 270 M M 5 12 19 280
27 78 54 66 13 0 1 0.00 0.0 M 3.4 12 220 M M 8 12 15 210
28 76 61 69 16 0 4 T M M 6.8 16 170 M M 8 12 22 180
29 76 61 69 16 0 4 T M M 6.5 15 160 M M 10 12 18 160
30 82 72 77 24 0 12 0.02 0.0 0 8.3 18 200 M M 9 1 24 190
31 81 71 76 24 0 11 T 0.0 0 6.9 14 210 M M 9 1 18 170
================================================================================
SM 2257 1608 136 61 1.39 0.0 151.9 M 218
================================================================================
AV 72.8 51.9 4.9 FASTST M M 7 MAX(MPH)
MISC ----> 22 300 28 360
================================================================================
NOTES:
# LAST OF SEVERAL OCCURRENCES
COLUMN 17 PEAK WIND IN M.P.H.
PRELIMINARY LOCAL CLIMATOLOGICAL DATA (WS FORM: F-6) , PAGE 2
STATION: TALLAHASSEE
MONTH: DECEMBER
YEAR: 2021
LATITUDE: 30 22 N
LONGITUDE: 84 22 W
[TEMPERATURE DATA] [PRECIPITATION DATA] SYMBOLS USED IN COLUMN 16
AVERAGE MONTHLY: 62.3 TOTAL FOR MONTH: 1.39 1 = FOG OR MIST
DPTR FM NORMAL: 7.9 DPTR FM NORMAL: -2.85 2 = FOG REDUCING VISIBILITY
HIGHEST: 82 ON 30 GRTST 24HR 0.61 ON 19-19 TO 1/4 MILE OR LESS
LOWEST: 31 ON 23 3 = THUNDER
SNOW, ICE PELLETS, HAIL 4 = ICE PELLETS
TOTAL MONTH: 0.0 INCH 5 = HAIL
GRTST 24HR 0.0 6 = FREEZING RAIN OR DRIZZLE
GRTST DEPTH: 0 7 = DUSTSTORM OR SANDSTORM:
VSBY 1/2 MILE OR LESS
8 = SMOKE OR HAZE
[NO. OF DAYS WITH] [WEATHER - DAYS WITH] 9 = BLOWING SNOW
X = TORNADO
MAX 32 OR BELOW: 0 0.01 INCH OR MORE: 7
MAX 90 OR ABOVE: 0 0.10 INCH OR MORE: 4
MIN 32 OR BELOW: 1 0.50 INCH OR MORE: 1
MIN 0 OR BELOW: 0 1.00 INCH OR MORE: 0
[HDD (BASE 65) ]
TOTAL THIS MO. 136 CLEAR (SCALE 0-3) 5
DPTR FM NORMAL -209 PTCLDY (SCALE 4-7) 14
TOTAL FM JUL 1 400 CLOUDY (SCALE 8-10) 12
DPTR FM NORMAL -174
[CDD (BASE 65) ]
TOTAL THIS MO. 61
DPTR FM NORMAL 45 [PRESSURE DATA]
TOTAL FM JAN 1 2778 HIGHEST SLP 30.41 ON 14
DPTR FM NORMAL 20 LOWEST SLP 29.82 ON 21
[REMARKS]
#FINAL-12-21#