000
CXUS52 KTAE 010900
CF6TLH
PRELIMINARY LOCAL CLIMATOLOGICAL DATA (WS FORM: F-6)
STATION: TALLAHASSEE
MONTH: JANUARY
YEAR: 2024
LATITUDE: 30 22 N
LONGITUDE: 84 22 W
TEMPERATURE IN F: :PCPN: SNOW: WIND :SUNSHINE: SKY :PK WND
================================================================================
1 2 3 4 5 6A 6B 7 8 9 10 11 12 13 14 15 16 17 18
12Z AVG MX 2MIN
DY MAX MIN AVG DEP HDD CDD WTR SNW DPTH SPD SPD DIR MIN PSBL S-S WX SPD DR
================================================================================
1 71 36 54 2 11 0 0.00 0.0 0 5.9 20 280 M M 4 12 30 300
2 59 34 47 -5 18 0 0.00 0.0 0 4.6 15 340 M M 0 22 360
3 55 29 42 -10 23 0 0.28 0.0 0 3.9 15 120 M M 6 1 17 10
4 62 34 48 -4 17 0 0.00 0.0 0 5.4 16 350 M M 2 24 20
5 69 32 51 -1 14 0 0.23 M M 7.4 17 100 M M 3 1 23 110
6 74 54 64 12 1 0 1.90 0.0 0 9.6 23 160 M M 7 13 34 170
7 56 42 49 -3 16 0 0.00 0.0 0 6.0 16 330 M M 7 25 320
8 60 42 51 -1 14 0 0.11 0.0 0 8.7 20 120 M M 5 3 28 100
9 70 50 60 8 5 0 1.44 0.0 0 17.1 39 250 M M 8 123 55 260
10 58 38 48 -4 17 0 0.00 0.0 0 6.5 23 290 M M 0 31 290
11 65 39 52 0 13 0 0.00 0.0 M 2.7 9 100 M M 3 12 130
12 75 49 62 10 3 0 0.02 0.0 M 10.7 25 230 M M 8 1 36 220
13 66 38 52 0 13 0 0.00 0.0 M 9.1 21 310 M M 5 29 320
14 65 34 50 -2 15 0 0.00 0.0 M 1.5 7 20 M M 3 11 60
15 70 31 51 -1 14 0 0.00 0.0 M 1.6 9 100 M M 3 12 280
16 58 32 45 -7 20 0 0.80 0.0 0 9.0 21 340 M M 7 13 27 320
17 48 25 37 -15 28 0 0.00 0.0 M 6.3 17 350 M M 0 22 340
18 62 26 44 -8 21 0 0.00 0.0 0 2.1 14 290 M M 5 18 290
19 69 45 57 5 8 0 0.02 0.0 0 8.9 21 310 M M 5 1 31 320
20 49 33 41 -11 24 0 0.00 0.0 0 10.5 17 340 M M 1 23 340
21 50 28 39 -13 26 0 0.00 0.0 M 7.5 15 80 M M 4 20 60
22 66 37 52 0 13 0 T 0.0 0 8.4 17 100 M M 4 23 100
23 67 57 62 10 3 0 T 0.0 M 8.3 16 110 M M 7 23 100
24 80 63 72 20 0 7 0.44 0.0 M 7.8 20 180 M M 8 1 27 170
25 72 65 69 17 0 4 0.02 0.0 0 7.0 16 150 M M 10 1 23 150
26 76 62 69 17 0 4 0.00 0.0 0 4.2 10 150 M M 7 1 13 170
27 78 64 71 18 0 6 0.08 0.0 0 8.5 22 200 M M 9 123 31 210
28 65 50 58 5 7 0 0.01 0.0 0 13.8 22 330 M M 5 1 34 330
29 64 40 52 -1 13 0 0.00 0.0 0 9.8 22 320 M M 4 31 300
30 66 33 50 -3 15 0 0.00 0.0 0 3.2 12 180 M M 0 17 270
31 67 38 53 0 12 0 0.00 0.0 0 5.4 20 310 M M 0 29 300
================================================================================
SM 2012 1280 384 21 5.35 0.0 221.4 M 140
================================================================================
AV 64.9 41.3 7.1 FASTST M M 5 MAX(MPH)
MISC ----> 39 250 55 260
================================================================================
NOTES:
# LAST OF SEVERAL OCCURRENCES
COLUMN 17 PEAK WIND IN M.P.H.
PRELIMINARY LOCAL CLIMATOLOGICAL DATA (WS FORM: F-6) , PAGE 2
STATION: TALLAHASSEE
MONTH: JANUARY
YEAR: 2024
LATITUDE: 30 22 N
LONGITUDE: 84 22 W
[TEMPERATURE DATA] [PRECIPITATION DATA] SYMBOLS USED IN COLUMN 16
AVERAGE MONTHLY: 53.1 TOTAL FOR MONTH: 5.35 1 = FOG OR MIST
DPTR FM NORMAL: 0.9 DPTR FM NORMAL: 0.94 2 = FOG REDUCING VISIBILITY
HIGHEST: 80 ON 24 GRTST 24HR 1.90 ON 6- 6 TO 1/4 MILE OR LESS
LOWEST: 25 ON 17 3 = THUNDER
SNOW, ICE PELLETS, HAIL 4 = ICE PELLETS
TOTAL MONTH: 0.0 INCH 5 = HAIL
GRTST 24HR 0.0 6 = FREEZING RAIN OR DRIZZLE
GRTST DEPTH: 0 7 = DUSTSTORM OR SANDSTORM:
VSBY 1/2 MILE OR LESS
8 = SMOKE OR HAZE
[NO. OF DAYS WITH] [WEATHER - DAYS WITH] 9 = BLOWING SNOW
X = TORNADO
MAX 32 OR BELOW: 0 0.01 INCH OR MORE: 12
MAX 90 OR ABOVE: 0 0.10 INCH OR MORE: 7
MIN 32 OR BELOW: 7 0.50 INCH OR MORE: 3
MIN 0 OR BELOW: 0 1.00 INCH OR MORE: 2
[HDD (BASE 65) ]
TOTAL THIS MO. 384 CLEAR (SCALE 0-3) 11
DPTR FM NORMAL -21 PTCLDY (SCALE 4-7) 17
TOTAL FM JUL 1 819 CLOUDY (SCALE 8-10) 3
DPTR FM NORMAL -154
[CDD (BASE 65) ]
TOTAL THIS MO. 21
DPTR FM NORMAL 13 [PRESSURE DATA]
TOTAL FM JAN 1 21 HIGHEST SLP 30.58 ON 21
DPTR FM NORMAL 13 LOWEST SLP 29.58 ON 9
[REMARKS]
#FINAL-01-24#