000
CXUS52 KTAE 011520
CLMTLH
CLIMATE REPORT
NATIONAL WEATHER SERVICE TALLAHASSEE FL
1120 AM EDT MON APR 01 2024
...................................
...THE TALLAHASSEE CLIMATE SUMMARY FOR THE MONTH OF MARCH 2024...
CLIMATE NORMAL PERIOD 1991 TO 2020
CLIMATE RECORD PERIOD 1896 TO 2024
WEATHER OBSERVED NORMAL DEPART LAST YEAR`S
VALUE DATE(S) VALUE FROM VALUE DATE(S)
NORMAL
................................................................
TEMPERATURE (F)
RECORD
HIGH 91 03/21/2006
03/23/1935
03/22/1935
LOW 20 03/02/1986
03/03/1980
HIGHEST 88 03/16 MM MM 88 03/06
03/07
03/27
LOWEST 36 03/12 MM MM 32 03/21
03/20
AVG. MAXIMUM 77.2 74.2 3.0 78.6
AVG. MINIMUM 52.6 48.6 4.0 54.1
MEAN 64.9 61.4 3.5 66.4
DAYS MAX >= 90 0 0.0 0.0 0
DAYS MAX <= 32 0 0.0 0.0 0
DAYS MIN <= 32 0 2.1 -2.1 1
DAYS MIN <= 0 0 0.0 0.0 0
PRECIPITATION (INCHES)
RECORD
MAXIMUM 16.48 1948
MINIMUM 0.18 1908
TOTALS 7.67 5.24 2.43 3.46
SNOWFALL (INCHES)
RECORDS
TOTAL T 1996
TOTALS 0.0 MM MM MM
SINCE 7/1 0.0 MM MM MM
DEGREE DAYS
HEATING TOTAL 66 163 -97 86
SINCE 7/1 1135 1417 -282 MM
COOLING TOTAL 70 51 19 138
SINCE 1/1 102 73 29 MM
................................................................
WIND (MPH)
AVERAGE WIND SPEED 6.0
RESULTANT WIND SPEED/DIRECTION 1/110
HIGHEST WIND SPEED/DIRECTION 24/090 DATE 03/22
HIGHEST GUST SPEED/DIRECTION 35/330 DATE 03/18
35/190 03/26
SKY COVER
POSSIBLE SUNSHINE (PERCENT) MM
AVERAGE SKY COVER 0.46
NUMBER OF DAYS FAIR 12
NUMBER OF DAYS PC 13
NUMBER OF DAYS CLOUDY 6
AVERAGE RH (PERCENT) 68
WEATHER CONDITIONS. NUMBER OF DAYS WITH
THUNDERSTORM 8 MIXED PRECIP 0
HEAVY RAIN 4 RAIN 7
LIGHT RAIN 12 FREEZING RAIN 0
LT FREEZING RAIN 0 HAIL 0
HEAVY SNOW 0 SNOW 0
LIGHT SNOW 0 SLEET 0
FOG 14 FOG W/VIS <= 1/4 MILE 2
HAZE 2
- INDICATES NEGATIVE NUMBERS.
R INDICATES RECORD WAS SET OR TIED.
MM INDICATES DATA IS MISSING.
T INDICATES TRACE AMOUNT.
$$