000
CXUS54 KBMX 011110
CF6TOI
PRELIMINARY LOCAL CLIMATOLOGICAL DATA (WS FORM: F-6)
STATION: TROY
MONTH: FEBRUARY
YEAR: 2021
LATITUDE: 31 51 N
LONGITUDE: 86 1 W
TEMPERATURE IN F: :PCPN: SNOW: WIND :SUNSHINE: SKY :PK WND
================================================================================
1 2 3 4 5 6A 6B 7 8 9 10 11 12 13 14 15 16 17 18
12Z AVG MX 2MIN
DY MAX MIN AVG DEP HDD CDD WTR SNW DPTH SPD SPD DIR MIN PSBL S-S WX SPD DR
================================================================================
1 49 39 44 -4 21 0 0.00 0.0 0 15.3 25 310 M M 10 34 300
2 53 33 43 -5 22 0 0.00 0.0 0 10.3 21 330 M M 0 28 330
3 57 29 43 -5 22 0 0.00 0.0 0 4.8 14 320 M M 0 21 340
4 65 29 47 -1 18 0 T 0.0 0 5.3 16 200 M M 3 22 200
5 62 45 54 6 11 0 0.27 0.0 0 6.7 18 340 M M 9 18 23 340
6 48 44 46 -2 19 0 0.16 0.0 0 6.3 16 70 M M 10 18 21 70
7 57 35 46 -2 19 0 0.00 0.0 0 5.6 14 320 M M 6 18 19 330
8 66 32 49 1 16 0 0.00 0.0 M 4.2 16 100 M M 0 21 90
9 64 53 59 10 6 0 1.36 0.0 M 3.0 12 150 M M 10 1238 14 150
10 74 56 65 16 0 0 0.00 0.0 0 2.0 8 170 M M 8 128 13 160
11 71 56 64 15 1 0 0.17 0.0 0 2.8 16 310 M M 9 128 25 320
12 61 51 56 7 9 0 0.18 0.0 M 6.3 14 340 M M 10 1 17 340
13 54 47 51 2 14 0 0.28 0.0 M 8.2 14 360 M M 10 18 17 10
14 56 47 52 2 13 0 T 0.0 0 7.0 14 70 M M 10 18 19 60
15 57 35 46 -4 19 0 1.15 T 0 7.0 20 310 M M 10 1238 24 300
16 38 23 31 -19 34 0 T T 0 8.3 15 320 M M 5 21 300
17 58 26 42 -8 23 0 0.15 0.0 0 6.9 15 110 M M 5 1 22 110
18 51 47 49 -1 16 0 0.46 0.0 0 8.5 16 340 M M 10 18 20 320
19 53 36 45 -6 20 0 0.00 0.0 0 10.8 20 330 M M 6 24 330
20 63 28 46 -5 19 0 0.00 0.0 0 2.0 10 320 M M 0 15 320
21 68 29 49 -2 16 0 0.00 0.0 0 5.0 17 140 M M 2 24 120
22 73 42 58 7 7 0 0.08 0.0 0 6.2 17 290 M M 6 1 23 240
23 74 34 54 2 11 0 0.00 0.0 M 2.1 12 230 M M 0 15 330
24 77 36 57 5 8 0 0.00 0.0 0 3.4 15 210 M M 0 20 200
25 82 49 66 14 0 1 0.00 0.0 0 0.8 8 310 M M 3 18 12 320
26 81 53 67 15 0 2 0.00 0.0 0 4.6 13 180 M M 4 18 16 190
27 79 58 69 17 0 4 T 0.0 0 4.1 13 150 M M 6 18 18 150
28 85 68 77 24 0 12 T 0.0 0 9.2 20 210 M M 7 27 200
================================================================================
SM 1776 1160 364 19 4.26 T 166.7 M 159
================================================================================
AV 63.4 41.4 6.0 FASTST M M 6 MAX(MPH)
MISC ----> 25 310 34 300
================================================================================
NOTES:
# LAST OF SEVERAL OCCURRENCES
COLUMN 17 PEAK WIND IN M.P.H.
PRELIMINARY LOCAL CLIMATOLOGICAL DATA (WS FORM: F-6) , PAGE 2
STATION: TROY
MONTH: FEBRUARY
YEAR: 2021
LATITUDE: 31 51 N
LONGITUDE: 86 1 W
[TEMPERATURE DATA] [PRECIPITATION DATA] SYMBOLS USED IN COLUMN 16
AVERAGE MONTHLY: 52.4 TOTAL FOR MONTH: 4.26 1 = FOG OR MIST
DPTR FM NORMAL: 2.5 DPTR FM NORMAL: -0.32 2 = FOG REDUCING VISIBILITY
HIGHEST: 85 ON 28 GRTST 24HR 1.36 ON 9- 9 TO 1/4 MILE OR LESS
LOWEST: 23 ON 16 3 = THUNDER
SNOW, ICE PELLETS, HAIL 4 = ICE PELLETS
TOTAL MONTH: T 5 = HAIL
GRTST 24HR T ON 15-15 6 = FREEZING RAIN OR DRIZZLE
GRTST DEPTH: 0 7 = DUSTSTORM OR SANDSTORM:
VSBY 1/2 MILE OR LESS
8 = SMOKE OR HAZE
[NO. OF DAYS WITH] [WEATHER - DAYS WITH] 9 = BLOWING SNOW
X = TORNADO
MAX 32 OR BELOW: 0 0.01 INCH OR MORE: 10
MAX 90 OR ABOVE: 0 0.10 INCH OR MORE: 9
MIN 32 OR BELOW: 7 0.50 INCH OR MORE: 2
MIN 0 OR BELOW: 0 1.00 INCH OR MORE: 2
[HDD (BASE 65) ]
TOTAL THIS MO. 364 CLEAR (SCALE 0-3) 8
DPTR FM NORMAL -63 PTCLDY (SCALE 4-7) 10
TOTAL FM JUL 1 1442 CLOUDY (SCALE 8-10) 10
DPTR FM NORMAL -477
[CDD (BASE 65) ]
TOTAL THIS MO. 19
DPTR FM NORMAL 16 [PRESSURE DATA]
TOTAL FM JAN 1 26 HIGHEST SLP 30.42 ON 21
DPTR FM NORMAL 24 LOWEST SLP 29.70 ON 15
[REMARKS]
#FINAL-02-21#