941
CXUS51 KCLE 010900
CF6TOL
PRELIMINARY LOCAL CLIMATOLOGICAL DATA (WS FORM: F-6)
STATION: TOLEDO OH
MONTH: JANUARY
YEAR: 2021
LATITUDE: 41 35 N
LONGITUDE: 83 48 W
TEMPERATURE IN F: :PCPN: SNOW: WIND :SUNSHINE: SKY :PK WND
================================================================================
1 2 3 4 5 6A 6B 7 8 9 10 11 12 13 14 15 16 17 18
12Z AVG MX 2MIN
DY MAX MIN AVG DEP HDD CDD WTR SNW DPTH SPD SPD DIR MIN PSBL S-S WX SPD DR
================================================================================
1 36 27 32 6 33 0 0.62 T 0 10.5 26 60 M M 8 16 35 50
2 37 32 35 9 30 0 0.01 T 0 5.3 10 70 M M 10 1 13 70
3 37 34 36 10 29 0 0.06 T 0 6.2 15 250 M M 10 18 18 250
4 35 33 34 8 31 0 0.00 0.0 0 4.5 13 250 M M 10 18 14 220
5 35 33 34 8 31 0 0.03 T 0 5.0 14 320 M M 10 18 19 320
6 39 35 37 11 28 0 0.00 0.0 0 5.4 10 330 M M 10 14 320
7 38 32 35 9 30 0 0.00 0.0 0 7.9 15 30 M M 10 20 40
8 35 28 32 6 33 0 0.00 0.0 0 10.0 16 20 M M 9 19 20
9 41 25 33 7 32 0 0.00 0.0 0 4.9 12 40 M M 4 15 30
10 38 21 30 4 35 0 0.00 0.0 0 4.6 14 220 M M 3 18 16 230
11 32 25 29 4 36 0 0.00 0.0 0 11.7 20 250 M M 9 24 250
12 34 26 30 5 35 0 0.00 0.0 0 8.3 15 210 M M 10 8 20 210
13 45 31 38 13 27 0 T 0.0 0 10.2 17 230 M M 3 8 21 240
14 46 35 41 16 24 0 0.00 0.0 0 5.7 12 170 M M 5 15 180
15 43 29 36 11 29 0 0.28 T 0 4.8 16 250 M M 7 1 19 220
16 34 27 31 6 34 0 T T 0 5.7 18 240 M M 9 12 23 240
17 38 30 34 9 31 0 0.08 0.3 0 10.0 16 250 M M 10 18 20 250
18 33 30 32 7 33 0 T T T 11.2 22 250 M M 10 18 26 250
19 35 28 32 7 33 0 0.05 0.9 0 12.7 18 250 M M 10 1 24 260
20 31 22 27 2 38 0 T 0.2 1 10.0 20 210 M M 7 1 25 210
21 44 29 37 12 28 0 0.00 0.0 0 17.6 32 260 M M 0 39 260
22 35 20 28 3 37 0 T T 0 13.6 22 310 M M 10 29 320
23 31 12 22 -3 43 0 0.00 0.0 0 4.6 20 330 M M 2 25 320
24 30 22 26 1 39 0 0.00 0.0 0 4.3 13 100 M M 10 17 110
25 33 27 30 5 35 0 0.03 0.2 0 8.0 20 60 M M 10 1 25 50
26 33 28 31 6 34 0 0.10 0.2 T 9.4 20 70 M M 10 168 27 70
27 28 19 24 -1 41 0 0.00 0.0 0 8.7 15 360 M M 2 20 30
28 26 18 22 -4 43 0 T T 0 6.7 16 340 M M 8 18 360
29 29 17 23 -3 42 0 0.00 0.0 0 2.9 10 320 M M 3 12 300
30 32 15 24 -2 41 0 0.00 0.0 0 8.0 17 100 M M 7 24 70
31 32 27 30 4 35 0 0.34 4.6 2 17.3 30 60 M M 10 18 38 50
================================================================================
SM 1095 817 1050 0 1.60 6.4 255.7 M 236
================================================================================
AV 35.3 26.4 8.2 FASTST M M 8 MAX(MPH)
MISC ----> 32 260 39 260
================================================================================
NOTES:
# LAST OF SEVERAL OCCURRENCES
COLUMN 17 PEAK WIND IN M.P.H.
PRELIMINARY LOCAL CLIMATOLOGICAL DATA (WS FORM: F-6) , PAGE 2
STATION: TOLEDO OH
MONTH: JANUARY
YEAR: 2021
LATITUDE: 41 35 N
LONGITUDE: 83 48 W
[TEMPERATURE DATA] [PRECIPITATION DATA] SYMBOLS USED IN COLUMN 16
AVERAGE MONTHLY: 30.8 TOTAL FOR MONTH: 1.60 1 = FOG OR MIST
DPTR FM NORMAL: 5.3 DPTR FM NORMAL: -0.45 2 = FOG REDUCING VISIBILITY
HIGHEST: 46 ON 14 GRTST 24HR 2.05 ON 17-18 TO 1/4 MILE OR LESS
LOWEST: 12 ON 23 3 = THUNDER
SNOW, ICE PELLETS, HAIL 4 = ICE PELLETS
TOTAL MONTH: 6.4 INCHES 5 = HAIL
GRTST 24HR 4.6 ON 31-31 6 = FREEZING RAIN OR DRIZZLE
GRTST DEPTH: 2 ON 31 7 = DUSTSTORM OR SANDSTORM:
VSBY 1/2 MILE OR LESS
8 = SMOKE OR HAZE
[NO. OF DAYS WITH] [WEATHER - DAYS WITH] 9 = BLOWING SNOW
X = TORNADO
MAX 32 OR BELOW: 9 0.01 INCH OR MORE: 10
MAX 90 OR ABOVE: 0 0.10 INCH OR MORE: 4
MIN 32 OR BELOW: 26 0.50 INCH OR MORE: 1
MIN 0 OR BELOW: 0 1.00 INCH OR MORE: 0
[HDD (BASE 65) ]
TOTAL THIS MO. 1050 CLEAR (SCALE 0-3) 5
DPTR FM NORMAL -174 PTCLDY (SCALE 4-7) 8
TOTAL FM JUL 1 2963 CLOUDY (SCALE 8-10) 18
DPTR FM NORMAL -589
[CDD (BASE 65) ]
TOTAL THIS MO. 0
DPTR FM NORMAL 0 [PRESSURE DATA]
TOTAL FM JAN 1 0 HIGHEST SLP 30.60 ON 28
DPTR FM NORMAL 0 LOWEST SLP 29.51 ON 15
[REMARKS]
#FINAL-01-21#