000
CXUS52 KTBW 041654
CF6TPA
PRELIMINARY LOCAL CLIMATOLOGICAL DATA (WS FORM: F-6)
STATION: TAMPA
MONTH: JUNE
YEAR: 2022
LATITUDE: 27 58 N
LONGITUDE: 82 32 W
TEMPERATURE IN F: :PCPN: SNOW: WIND :SUNSHINE: SKY :PK WND
================================================================================
1 2 3 4 5 6A 6B 7 8 9 10 11 12 13 14 15 16 17 18
12Z AVG MX 2MIN
DY MAX MIN AVG DEP HDD CDD WTR SNW DPTH SPD SPD DIR MIN PSBL S-S WX SPD DR
================================================================================
1 89 75 82 0 0 17 T 0.0 0 7.0 17 30 M M 5 3 25 20
2 91 73 82 0 0 17 1.60 0.0 0 5.5 21 220 M M 6 138 40 200
3 86 76 81 -1 0 16 T 0.0 0 6.9 14 120 M M 7 25 110
4 88 75 82 0 0 17 0.47 0.0 0 6.9 15 30 M M 7 18 30 40
5 91 75 83 1 0 18 0.00 0.0 0 5.9 13 250 M M 3 21 210
6 91 77 84 2 0 19 0.00 0.0 0 5.6 15 290 M M 4 3 20 330
7 92 77 85 3 0 20 0.16 0.0 0 5.3 13 250 M M 4 38 25 290
8 92 81 87 5 0 22 0.00 0.0 0 6.8 14 270 M M 4 23 280
9 88 79 84 1 0 19 0.10 0.0 0 10.1 22 280 M M 5 3 36 290
10 91 80 86 3 0 21 0.01 0.0 0 9.4 22 300 M M 6 3 43 320
11 90 75 83 0 0 18 2.81 0.0 0 8.0 24 220 M M 8 1238 42 210
12 90 77 84 1 0 19 0.00 0.0 0 8.3 14 230 M M 5 24 200
13 92 81 87 4 0 22 0.00 0.0 0 6.5 12 290 M M 4 24 290
14 94 80 87 4 0 22 0.00 0.0 0 4.6 13 280 M M 5 3 23 270
15 95 78 87 4 0 22 0.11 0.0 0 4.9 18 340 M M 5 38 26 250
16 95 79 87 4 0 22 T 0.0 0 4.1 15 350 M M 6 3 24 280
17 97 80 89 6 0 24 0.00 0.0 0 4.9 13 290 M M 6 21 270
18 98 81 90 7 0 25 0.00 0.0 0 6.9 16 340 M M 5 25 260
19 94 80 87 4 0 22 0.04 0.0 0 6.0 17 40 M M 6 3 33 10
20 95 78 87 4 0 22 0.10 0.0 0 4.6 17 310 M M 5 38 27 290
21 94 77 86 3 0 21 0.00 0.0 0 6.9 13 10 M M 4 22 60
22 92 77 85 2 0 20 0.00 0.0 0 4.2 10 240 M M 5 14 270
23 93 79 86 3 0 21 0.00 0.0 0 8.6 14 250 M M 4 26 260
24 95 79 87 3 0 22 0.19 0.0 0 8.2 21 30 M M 5 38 43 30
25 92 78 85 1 0 20 0.00 0.0 0 5.2 15 350 M M 7 25 290
26 96 78 87 3 0 22 0.00 0.0 0 7.3 16 90 M M 6 3 34 120
27 93 76 85 1 0 20 1.28 0.0 0 5.3 24 50 M M 6 38 43 30
28 95 77 86 2 0 21 0.09 0.0 0 6.2 18 30 M M 5 3 32 10
29 94 78 86 2 0 21 0.04 0.0 0 5.3 18 120 M M 6 3 37 130
30 93 77 85 1 0 20 1.07 0.0 0 4.6 17 270 M M 7 1238 26 270
================================================================================
SM 2776 2333 0 612 8.07 0.0 190.0 M 161
================================================================================
AV 92.5 77.8 6.3 FASTST M M 5 MAX(MPH)
MISC ----> # 24 220 # 43 320
================================================================================
NOTES:
# LAST OF SEVERAL OCCURRENCES
COLUMN 17 PEAK WIND IN M.P.H.
PRELIMINARY LOCAL CLIMATOLOGICAL DATA (WS FORM: F-6) , PAGE 2
STATION: TAMPA
MONTH: JUNE
YEAR: 2022
LATITUDE: 27 58 N
LONGITUDE: 82 32 W
[TEMPERATURE DATA] [PRECIPITATION DATA] SYMBOLS USED IN COLUMN 16
AVERAGE MONTHLY: 85.2 TOTAL FOR MONTH: 8.07 1 = FOG OR MIST
DPTR FM NORMAL: 2.3 DPTR FM NORMAL: 0.70 2 = FOG REDUCING VISIBILITY
HIGHEST: 98 ON 18 GRTST 24HR 2.81 ON 11-11 TO 1/4 MILE OR LESS
LOWEST: 73 ON 2 3 = THUNDER
SNOW, ICE PELLETS, HAIL 4 = ICE PELLETS
TOTAL MONTH: 0.0 INCH 5 = HAIL
GRTST 24HR 0.0 6 = FREEZING RAIN OR DRIZZLE
GRTST DEPTH: 0 7 = DUSTSTORM OR SANDSTORM:
VSBY 1/2 MILE OR LESS
8 = SMOKE OR HAZE
[NO. OF DAYS WITH] [WEATHER - DAYS WITH] 9 = BLOWING SNOW
X = TORNADO
MAX 32 OR BELOW: 0 0.01 INCH OR MORE: 14
MAX 90 OR ABOVE: 26 0.10 INCH OR MORE: 10
MIN 32 OR BELOW: 0 0.50 INCH OR MORE: 4
MIN 0 OR BELOW: 0 1.00 INCH OR MORE: 4
[HDD (BASE 65) ]
TOTAL THIS MO. 0 CLEAR (SCALE 0-3) 1
DPTR FM NORMAL 0 PTCLDY (SCALE 4-7) 29
TOTAL FM JUL 1 218 CLOUDY (SCALE 8-10) 0
DPTR FM NORMAL -215
[CDD (BASE 65) ]
TOTAL THIS MO. 612
DPTR FM NORMAL 74 [PRESSURE DATA]
TOTAL FM JAN 1 2004 HIGHEST SLP 30.19 ON 21
DPTR FM NORMAL 448 LOWEST SLP 29.66 ON 4
[REMARKS]
#FINAL-06-22#