000
CXUS52 KTBW 011415
CLMTPA
CLIMATE REPORT
NATIONAL WEATHER SERVICE TAMPA BAY FL
1015 AM EDT SAT JUL 01 2023
...................................
...THE TAMPA CLIMATE SUMMARY FOR THE MONTH OF JUNE 2023...
CLIMATE NORMAL PERIOD: 1991 TO 2020
CLIMATE RECORD PERIOD: 1890 TO 2023
WEATHER OBSERVED NORMAL DEPART LAST YEAR`S
VALUE DATE(S) VALUE FROM VALUE DATE(S)
NORMAL
................................................................
TEMPERATURE (F)
ALL-TIME JUNE RECORD
HIGH 99 06/26/2020
06/05/1985
07/23/1971
LOW 53 06/01/1984
JUNE 2023
HIGHEST 96 06/30 MM MM 98 06/18
LOWEST 70 06/04 MM MM 73 06/02
06/05
06/17
AVG. MAXIMUM 90.5 90.5 0.0 92.5
AVG. MINIMUM 75.9 75.4 0.5 77.8
MEAN 83.2 82.9 0.3 85.2
DAYS MAX >= 90 22 18.2 3.8 26
DAYS MAX <= 32 0 0.0 0.0 0
DAYS MIN <= 32 0 0.0 0.0 0
DAYS MIN <= 0 0 0.0 0.0 0
PRECIPITATION (INCHES)
ALL-TIME JUNE RECORD
MAXIMUM 18.66 2012
MINIMUM 1.26 1918
JUNE 2023
TOTALS 4.20 7.37 -3.17 8.07
DAILY AVG. 0.14 0.25 -0.11 0.27
DAYS >= .01 10 13.3 -3.3 14
DAYS >= .10 9 9.5 -0.5 10
DAYS >= .50 4 4.2 -0.2 4
DAYS >= 1.00 1 2.3 -1.3 4
GREATEST
24 HR. TOTAL 1.50 06/01 TO 06/02
DEGREE DAYS
HEATING TOTAL 0 0 0 0
SINCE 7/1 266 433 -167 MM
COOLING TOTAL 556 538 18 612
SINCE 1/1 1893 1556 337 MM
................................................................
WIND (MPH)
AVERAGE WIND SPEED 8.0
HIGHEST WIND SPEED/DIRECTION 28/250 DATE 06/17
28/300 06/21
HIGHEST GUST SPEED/DIRECTION 43/350 DATE 06/02
SKY COVER
POSSIBLE SUNSHINE (PERCENT) MM
AVERAGE SKY COVER 0.53
NUMBER OF DAYS FAIR 6
NUMBER OF DAYS PC 21
NUMBER OF DAYS CLOUDY 3
AVERAGE RH (PERCENT) 72
WEATHER CONDITIONS. NUMBER OF DAYS WITH
THUNDERSTORM 15 MIXED PRECIP 0
HEAVY RAIN 3 RAIN 8
LIGHT RAIN 14 FREEZING RAIN 0
LT FREEZING RAIN 0 HAIL 0
HEAVY SNOW 0 SNOW 0
LIGHT SNOW 0 SLEET 0
FOG 8 FOG W/VIS <= 1/4 MILE 1
HAZE 3
- INDICATES NEGATIVE NUMBERS.
R INDICATES RECORD WAS SET OR TIED.
MM INDICATES DATA IS MISSING.
T INDICATES TRACE AMOUNT.
$$