000
CXUS53 KOAX 010930
CF6TQE
PRELIMINARY LOCAL CLIMATOLOGICAL DATA (WS FORM: F-6)
STATION: TEKAMAH NE
MONTH: MAY
YEAR: 2023
LATITUDE: 41 46 N
LONGITUDE: 96 11 W
TEMPERATURE IN F: :PCPN: SNOW: WIND :SUNSHINE: SKY :PK WND
================================================================================
1 2 3 4 5 6A 6B 7 8 9 10 11 12 13 14 15 16 17 18
12Z AVG MX 2MIN
DY MAX MIN AVG DEP HDD CDD WTR SNW DPTH SPD SPD DIR MIN PSBL S-S WX SPD DR
================================================================================
1 65 40 53 -3 12 0 0.00 M M 20.6 33 320 M M 0 43 340
2 69 38 54 -3 11 0 0.00 M M 16.2 29 340 M M 0 44 330
3 76 30 53 -4 12 0 0.00 M M 4.2 12 190 M M 0 17 250
4 88 41 65 8 0 0 0.00 M M 12.1 32 180 M M 0 40 180
5 64 56 60 2 5 0 0.18 M M 8.7 21 150 M M 9 18 25 140
6 73 54 64 6 1 0 0.54 M M 6.0 22 280 M M 7 1238 28 290
7 82 54 68 9 0 3 0.00 M M 10.5 16 10 M M 5 12 39 320
8 85 53 69 10 0 4 0.00 M M 7.6 14 350 M M 0 17 150
9 80 55 68 8 0 3 0.00 M M 10.1 24 130 M M 0 29 140
10 86 55 71 11 0 6 0.00 M M 8.8 20 160 M M 1 27 160
11 86 60 73 13 0 8 0.15 M M 11.3 26 130 M M 5 1 33 110
12 83 64 74 13 0 9 0.13 M M 12.3 28 100 M M 7 138 39 110
13 80 60 70 9 0 5 0.00 M M 7.4 16 120 M M 3 21 120
14 67 54 61 -1 4 0 0.00 M M 12.1 21 20 M M 9 18 27 20
15 61 52 57 -5 8 0 0.02 M M 8.9 17 60 M M 10 1 23 60
16 81 54 68 6 0 3 0.00 M M 6.8 15 340 M M 4 21 360
17 84 51 68 5 0 3 0.00 M M 6.1 13 200 M M 0 8 18 210
18 81 56 69 6 0 4 0.00 M M 9.4 18 330 M M 6 8 23 330
19 68 45 57 -7 8 0 0.00 M M 15.1 28 360 M M 2 8 35 360
20 75 38 57 -7 8 0 0.00 M M 3.6 13 200 M M 0 18 210
21 84 48 66 1 0 1 0.00 M M 9.6 21 190 M M 0 31 200
22 84 50 67 2 0 2 0.00 M M 8.3 16 140 M M 0 23 150
23 87 54 71 6 0 6 0.00 M M 6.8 17 180 M M 2 34 210
24 89 53 71 5 0 6 T M M 6.6 14 130 M M 2 22 150
25 87 62 75 9 0 10 0.03 M M 11.2 22 140 M M 4 3 30 140
26 86 55 71 5 0 6 0.00 M M 12.1 20 140 M M 0 31 130
27 85 47 66 -1 0 1 0.00 M M 9.7 20 160 M M 0 37 160
28 87 47 67 0 0 2 0.00 M M 8.7 18 150 M M 2 24 160
29 92 64 78 10 0 13 0.02 M M 13.8 25 170 M M 3 32 160
30 94 67 81 13 0 16 0.00 M M 10.7 23 150 M M 1 31 160
31 92 64 78 10 0 13 0.00 M M 10.8 22 170 M M 1 31 170
================================================================================
SM 2501 1621 69 124 1.07 M 306.1 M 83
================================================================================
AV 80.7 52.3 9.9 FASTST M M 3 MAX(MPH)
MISC ----> 33 320 44 330
================================================================================
NOTES:
# LAST OF SEVERAL OCCURRENCES
COLUMN 17 PEAK WIND IN M.P.H.
PRELIMINARY LOCAL CLIMATOLOGICAL DATA (WS FORM: F-6) , PAGE 2
STATION: TEKAMAH NE
MONTH: MAY
YEAR: 2023
LATITUDE: 41 46 N
LONGITUDE: 96 11 W
[TEMPERATURE DATA] [PRECIPITATION DATA] SYMBOLS USED IN COLUMN 16
AVERAGE MONTHLY: 66.5 TOTAL FOR MONTH: 1.07 1 = FOG OR MIST
DPTR FM NORMAL: 4.1 DPTR FM NORMAL: -2.88 2 = FOG REDUCING VISIBILITY
HIGHEST: 94 ON 30 GRTST 24HR 0.72 ON 5- 6 TO 1/4 MILE OR LESS
LOWEST: 30 ON 3 3 = THUNDER
SNOW, ICE PELLETS, HAIL 4 = ICE PELLETS
TOTAL MONTH: M 5 = HAIL
GRTST 24HR M ON M 6 = FREEZING RAIN OR DRIZZLE
GRTST DEPTH: M ON M 7 = DUSTSTORM OR SANDSTORM:
VSBY 1/2 MILE OR LESS
8 = SMOKE OR HAZE
[NO. OF DAYS WITH] [WEATHER - DAYS WITH] 9 = BLOWING SNOW
X = TORNADO
MAX 32 OR BELOW: 0 0.01 INCH OR MORE: 7
MAX 90 OR ABOVE: 3 0.10 INCH OR MORE: 4
MIN 32 OR BELOW: 1 0.50 INCH OR MORE: 1
MIN 0 OR BELOW: 0 1.00 INCH OR MORE: 0
[HDD (BASE 65) ]
TOTAL THIS MO. 69 CLEAR (SCALE 0-3) 20
DPTR FM NORMAL -88 PTCLDY (SCALE 4-7) 8
TOTAL FM JUL 1 6295 CLOUDY (SCALE 8-10) 3
DPTR FM NORMAL -99
[CDD (BASE 65) ]
TOTAL THIS MO. 124
DPTR FM NORMAL 48 [PRESSURE DATA]
TOTAL FM JAN 1 145 HIGHEST SLP 30.37 ON 15
DPTR FM NORMAL 59 LOWEST SLP 29.68 ON 12
[REMARKS]
#FINAL-05-23#