000
CXUS54 KMRX 011958
CLMTRI
CLIMATE REPORT
NATIONAL WEATHER SERVICE MORRISTOWN, TN
258 PM EST FRI MAR 01 2024
...................................
...THE TRI-CITIES AIRPORT CLIMATE SUMMARY FOR THE MONTH OF FEBRUARY 2024...
CLIMATE NORMAL PERIOD: 1991 TO 2020
CLIMATE RECORD PERIOD: 1937 TO 2024
WEATHER OBSERVED NORMAL DEPART
VALUE DATE(S) VALUE FROM
NORMAL
................................................
TEMPERATURE (F)
HIGHEST 70 02/22
02/27
LOWEST 19 02/19
AVG. MAXIMUM 58.2 50.9 7.3
AVG. MINIMUM 31.1 29.2 1.9
MEAN 44.7 40.0 4.7
DAYS MAX >= 90 0
DAYS MAX <= 32 0
DAYS MIN <= 32 18
DAYS MIN <= 0 0
PRECIPITATION (INCHES)
RECORD
MAXIMUM 10.47 2019
MINIMUM 0.75 1968
TOTALS 4.22 3.81 0.41
DAYS >= .01 12
DAYS >= .10 8
DAYS >= .50 4
DAYS >= 1.00 0
GREATEST
24 HR. TOTAL 1.42 02/22 TO 02/23
SNOWFALL (INCHES)
TOTALS T 3.0 -3.0
SINCE 7/1 3.1
SNOWDEPTH AVG. 0
DAYS >= TRACE 1
GREATEST
SNOW DEPTH 0
DEGREE DAYS
HEATING TOTAL 583 699 -116
SINCE 7/1 2887 3276 -389
COOLING TOTAL 0 0 0
SINCE 1/1 0 0 0
................................................
WEATHER CONDITIONS. NUMBER OF DAYS WITH
THUNDERSTORM 4 RAIN 10
SNOW 0 FOG 13
FOG W/VIS <= 1/4 MILE 1
- INDICATES NEGATIVE NUMBERS.
R INDICATES RECORD WAS SET OR TIED.
MM INDICATES DATA IS MISSING.
T INDICATES TRACE AMOUNT.
$$