000
CXUS54 KMRX 021422
CLMTRI
CLIMATE REPORT
NATIONAL WEATHER SERVICE MORRISTOWN, TN
1022 AM EDT WED AUG 02 2023
...................................
...THE TRI-CITIES AIRPORT CLIMATE SUMMARY FOR THE MONTH OF JULY 2023...
CLIMATE NORMAL PERIOD: 1991 TO 2020
CLIMATE RECORD PERIOD: 1937 TO 2023
WEATHER OBSERVED NORMAL DEPART
VALUE DATE(S) VALUE FROM
NORMAL
................................................
TEMPERATURE (F)
HIGHEST 95 07/28
LOWEST 56 07/11
AVG. MAXIMUM 87.5 86.4 1.1
AVG. MINIMUM 65.1 64.7 0.4
MEAN 76.3 75.6 0.7
DAYS MAX >= 90 10
DAYS MAX <= 32 0
DAYS MIN <= 32 0
DAYS MIN <= 0 0
PRECIPITATION (INCHES)
RECORD
MAXIMUM 12.70 2012
MINIMUM 0.67 1995
TOTALS 3.85 5.00 -1.15
DAYS >= .01 13
DAYS >= .10 8
DAYS >= .50 3
DAYS >= 1.00 0
GREATEST
24 HR. TOTAL 0.96 07/14 TO 07/15
SNOWFALL (INCHES)
TOTALS 0.0 0.0 0.0
SINCE 7/1 0.0
SNOWDEPTH AVG. 0
DAYS >= TRACE 0
GREATEST
SNOW DEPTH 0
DEGREE DAYS
HEATING TOTAL 0 0 0
SINCE 7/1 0 0 0
COOLING TOTAL 357 327 30
SINCE 1/1 568 647 -79
................................................
WEATHER CONDITIONS. NUMBER OF DAYS WITH
THUNDERSTORM 17 RAIN 6
SNOW 0 FOG 25
FOG W/VIS <= 1/4 MILE 5
- INDICATES NEGATIVE NUMBERS.
R INDICATES RECORD WAS SET OR TIED.
MM INDICATES DATA IS MISSING.
T INDICATES TRACE AMOUNT.
$$