000
CXUS54 KMRX 011619
CLMTRI
CLIMATE REPORT
NATIONAL WEATHER SERVICE MORRISTOWN, TN
1219 PM EDT SAT JUL 01 2023
...................................
...THE TRI-CITIES AIRPORT CLIMATE SUMMARY FOR THE MONTH OF JUNE 2023...
CLIMATE NORMAL PERIOD: 1991 TO 2020
CLIMATE RECORD PERIOD: 1937 TO 2023
WEATHER OBSERVED NORMAL DEPART
VALUE DATE(S) VALUE FROM
NORMAL
................................................
TEMPERATURE (F)
HIGHEST 89 06/03
LOWEST 44 06/09
AVG. MAXIMUM 80.6 83.8 -3.2
AVG. MINIMUM 57.1 60.7 -3.6
MEAN 68.8 72.3 -3.5
DAYS MAX >= 90 0
DAYS MAX <= 32 0
DAYS MIN <= 32 0
DAYS MIN <= 0 0
PRECIPITATION (INCHES)
RECORD
MAXIMUM 8.37 2013
MINIMUM 0.75 1986
TOTALS 3.29 3.92 -0.63
DAYS >= .01 9
DAYS >= .10 8
DAYS >= .50 2
DAYS >= 1.00 0
GREATEST
24 HR. TOTAL 1.08 06/11 TO 06/12
SNOWFALL (INCHES)
TOTALS 0.0 0.0 0.0
SINCE 7/1 0.6
SNOWDEPTH AVG. 0
DAYS >= TRACE 0
GREATEST
SNOW DEPTH 0
DEGREE DAYS
HEATING TOTAL 14 7 7
SINCE 7/1 3575 4146 -571
COOLING TOTAL 136 225 -89
SINCE 1/1 211 320 -109
................................................
WEATHER CONDITIONS. NUMBER OF DAYS WITH
THUNDERSTORM 7 RAIN 8
SNOW 0 FOG 25
FOG W/VIS <= 1/4 MILE 1
- INDICATES NEGATIVE NUMBERS.
R INDICATES RECORD WAS SET OR TIED.
MM INDICATES DATA IS MISSING.
T INDICATES TRACE AMOUNT.
$$