000
CXUS56 KSGX 011145
CF6TRM
PRELIMINARY LOCAL CLIMATOLOGICAL DATA (WS FORM: F-6)
STATION: THERMAL AIRPORT CA
MONTH: JANUARY
YEAR: 2023
LATITUDE: 33 37 N
LONGITUDE: 116 10 W
TEMPERATURE IN F: :PCPN: SNOW: WIND :SUNSHINE: SKY :PK WND
================================================================================
1 2 3 4 5 6A 6B 7 8 9 10 11 12 13 14 15 16 17 18
12Z AVG MX 2MIN
DY MAX MIN AVG DEP HDD CDD WTR SNW DPTH SPD SPD DIR MIN PSBL S-S WX SPD DR
================================================================================
1 68 45 57 4 8 0 0.16 M M 8.6 23 280 M M 5 8 31 280
2 63 35 49 -5 16 0 0.00 M M 4.0 9 240 M M 1 11 240
3 64 39 52 -2 13 0 0.00 M M 3.3 13 130 M M 3 17 140
4 66 48 57 3 8 0 0.00 M M 1.7 8 180 M M 5 11 210
5 65 44 55 1 10 0 T M M 6.6 26 310 M M 4 33 300
6 69 37 53 -1 12 0 0.00 M M 3.2 10 330 M M 0 14 340
7 70 34 52 -2 13 0 0.00 M M 3.1 9 350 M M 0 11 360
8 71 40 56 2 9 0 0.00 M M 3.0 9 140 M M 0 12 120
9 65 42 54 0 11 0 0.00 M M 3.0 12 140 M M 2 14 150
10 74 41 58 4 7 0 T M M 9.1 28 330 M M 3 8 38 330
11 68 40 54 0 11 0 0.00 M M 4.5 14 330 M M 0 20 330
12 71 35 53 -2 12 0 0.00 M M 3.3 10 330 M M 0 12 320
13 73 35 54 -1 11 0 0.00 M M 2.7 8 330 M M 0 10 260
14 60 39 50 -5 15 0 0.07 M M 3.8 10 150 M M 4 1 13 330
15 65 47 56 1 9 0 0.01 M M 5.8 14 340 M M 4 1 19 30
16 67 49 58 3 7 0 0.03 M M 11.4 32 290 M M 4 44 300
17 65 44 55 0 10 0 0.00 M M 8.6 25 310 M M 0 37 310
18 65 35 50 -5 15 0 0.00 M M 4.7 13 320 M M 0 17 320
19 62 28 45 -10 20 0 0.00 M M 3.5 12 140 M M 1 14 140
20 65 35 50 -5 15 0 0.00 M M 4.8 14 350 M M 1 19 350
21 68 30 49 -7 16 0 0.00 M M 3.4 10 140 M M 0 13 150
22 65 24 45 -11 20 0 0.00 M M 5.5 25 340 M M 0 33 310
23 65 49 57 1 8 0 0.00 M M 14.5 26 290 M M 1 36 310
24 71 36 54 -2 11 0 0.00 M M 4.1 12 120 M M 0 14 120
25 74 30 52 -4 13 0 0.00 M M 5.1 15 360 M M 0 22 350
26 69 39 54 -2 11 0 0.00 M M 8.8 21 350 M M 0 30 350
27 69 28 49 -7 16 0 0.00 M M 4.0 10 120 M M 0 8 15 140
28 67 31 49 -7 16 0 0.00 M M 4.3 9 150 M M 0 8 12 160
29 68 33 51 -5 14 0 0.00 M M 7.2 25 270 M M 1 18 34 270
30 64 36 50 -6 15 0 T M M 4.3 14 160 M M 7 29 160
31 65 47 56 0 9 0 0.00 M M 10.3 18 330 M M 2 24 330
================================================================================
SM 2081 1175 381 0 0.27 M 170.2 M 48
================================================================================
AV 67.1 37.9 5.5 FASTST M M 2 MAX(MPH)
MISC ----> 32 290 44 300
================================================================================
NOTES:
# LAST OF SEVERAL OCCURRENCES
COLUMN 17 PEAK WIND IN M.P.H.
PRELIMINARY LOCAL CLIMATOLOGICAL DATA (WS FORM: F-6) , PAGE 2
STATION: THERMAL AIRPORT CA
MONTH: JANUARY
YEAR: 2023
LATITUDE: 33 37 N
LONGITUDE: 116 10 W
[TEMPERATURE DATA] [PRECIPITATION DATA] SYMBOLS USED IN COLUMN 16
AVERAGE MONTHLY: 52.5 TOTAL FOR MONTH: 0.27 1 = FOG OR MIST
DPTR FM NORMAL: -2.5 DPTR FM NORMAL: -0.37 2 = FOG REDUCING VISIBILITY
HIGHEST: 74 ON 25,10 GRTST 24HR 1.56 ON 15-16 TO 1/4 MILE OR LESS
LOWEST: 24 ON 22 3 = THUNDER
SNOW, ICE PELLETS, HAIL 4 = ICE PELLETS
TOTAL MONTH: M 5 = HAIL
GRTST 24HR M ON M 6 = FREEZING RAIN OR DRIZZLE
GRTST DEPTH: M ON M 7 = DUSTSTORM OR SANDSTORM:
VSBY 1/2 MILE OR LESS
8 = SMOKE OR HAZE
[NO. OF DAYS WITH] [WEATHER - DAYS WITH] 9 = BLOWING SNOW
X = TORNADO
MAX 32 OR BELOW: 0 0.01 INCH OR MORE: 4
MAX 90 OR ABOVE: 0 0.10 INCH OR MORE: 1
MIN 32 OR BELOW: 6 0.50 INCH OR MORE: 0
MIN 0 OR BELOW: 0 1.00 INCH OR MORE: 0
[HDD (BASE 65) ]
TOTAL THIS MO. 381 CLEAR (SCALE 0-3) 24
DPTR FM NORMAL 69 PTCLDY (SCALE 4-7) 7
TOTAL FM JUL 1 1016 CLOUDY (SCALE 8-10) 0
DPTR FM NORMAL 197
[CDD (BASE 65) ]
TOTAL THIS MO. 0
DPTR FM NORMAL -2 [PRESSURE DATA]
TOTAL FM JAN 1 0 HIGHEST SLP 30.46 ON 26
DPTR FM NORMAL -2 LOWEST SLP 29.63 ON 1
[REMARKS]
#FINAL-01-23#