000
CXUS56 KSGX 011245
CF6TRM
PRELIMINARY LOCAL CLIMATOLOGICAL DATA (WS FORM: F-6)
STATION: THERMAL AIRPORT CA
MONTH: JULY
YEAR: 2020
LATITUDE: 33 37 N
LONGITUDE: 116 10 W
TEMPERATURE IN F: :PCPN: SNOW: WIND :SUNSHINE: SKY :PK WND
================================================================================
1 2 3 4 5 6A 6B 7 8 9 10 11 12 13 14 15 16 17 18
12Z AVG MX 2MIN
DY MAX MIN AVG DEP HDD CDD WTR SNW DPTH SPD SPD DIR MIN PSBL S-S WX SPD DR
================================================================================
1 103 69 86 -3 0 21 0.00 0.0 0 6.9 14 320 M M 0 17 320
2 104 70 87 -2 0 22 0.00 0.0 0 7.0 17 140 M M 0 8 22 140
3 108 65 87 -2 0 22 0.00 0.0 0 5.2 13 340 M M 0 16 330
4 112 85 99 10 0 34 0.00 0.0 0 9.0 23 330 M M 0 29 330
5 112 86 99 9 0 34 0.00 0.0 0 9.1 23 340 M M 0 29 340
6 111 68 90 0 0 25 0.00 0.0 0 6.2 20 320 M M 0 25 320
7 111 67 89 -1 0 24 0.00 0.0 0 7.3 20 340 M M 0 25 340
8 109 63 86 -4 0 21 0.00 0.0 0 7.2 23 340 M M 0 30 330
9 107 74 91 1 0 26 0.00 0.0 0 7.5 21 330 M M 0 27 330
10 110 71 91 1 0 26 0.00 0.0 0 4.2 18 140 M M 0 8 22 130
11 115 81 98 8 0 33 0.00 0.0 0 6.3 25 140 M M 0 8 31 130
12 118 93 106 16 0 41 0.00 0.0 0 10.2 21 340 M M 0 27 330
13 117 88 103 13 0 38 0.00 0.0 0 11.1 24 340 M M 0 8 31 340
14 111 72 92 1 0 27 0.00 0.0 0 8.9 23 340 M M 0 30 350
15 108 82 95 4 0 30 0.00 0.0 0 9.1 22 340 M M 0 28 310
16 110 69 90 -1 0 25 0.00 0.0 0 7.9 17 140 M M 0 21 140
17 108 74 91 0 0 26 0.00 0.0 0 5.1 14 320 M M 0 19 320
18 111 71 91 0 0 26 0.00 0.0 0 5.8 18 330 M M 0 26 340
19 117 88 103 12 0 38 0.00 0.0 0 12.4 23 340 M M 0 30 340
20 114 88 101 10 0 36 0.00 0.0 0 8.8 21 330 M M 0 28 340
21 109 72 91 0 0 26 0.00 0.0 0 5.0 13 120 M M 0 17 120
22 108 79 94 3 0 29 0.00 0.0 0 6.9 20 330 M M 0 26 340
23 105 73 89 -2 0 24 0.00 0.0 0 7.4 17 330 M M 0 23 310
24 103 76 90 -1 0 25 0.00 0.0 0 7.6 16 310 M M 0 22 140
25 107 69 88 -3 0 23 0.00 0.0 0 5.6 13 140 M M 0 20 130
26 111 71 91 0 0 26 0.00 0.0 0 6.7 16 340 M M 0 21 330
27 113 86 100 9 0 35 0.00 0.0 0 9.8 20 310 M M 0 26 310
28 115 85 100 9 0 35 0.00 0.0 0 9.2 16 330 M M 0 22 320
29 112 82 97 6 0 32 0.00 0.0 0 7.7 17 330 M M 0 24 330
30 118 74 96 5 0 31 0.00 0.0 0 7.7 17 340 M M 0 22 340
31 120 95 108 17 0 43 0.00 0.0 0 9.3 18 330 M M 0 25 330
================================================================================
SM 3437 2386 0 904 0.00 0.0 238.1 M 0
================================================================================
AV110.9 77.0 7.7 FASTST M M 0 MAX(MPH)
MISC ----> # 25 140 # 31 130
================================================================================
NOTES:
# LAST OF SEVERAL OCCURRENCES
COLUMN 17 PEAK WIND IN M.P.H.
PRELIMINARY LOCAL CLIMATOLOGICAL DATA (WS FORM: F-6) , PAGE 2
STATION: THERMAL AIRPORT CA
MONTH: JULY
YEAR: 2020
LATITUDE: 33 37 N
LONGITUDE: 116 10 W
[TEMPERATURE DATA] [PRECIPITATION DATA] SYMBOLS USED IN COLUMN 16
AVERAGE MONTHLY: 93.9 TOTAL FOR MONTH: 0.00 1 = FOG OR MIST
DPTR FM NORMAL: 3.6 DPTR FM NORMAL: -0.14 2 = FOG REDUCING VISIBILITY
HIGHEST: 120 ON 31 GRTST 24HR 0.00 ON 31-31 TO 1/4 MILE OR LESS
LOWEST: 63 ON 8 3 = THUNDER
SNOW, ICE PELLETS, HAIL 4 = ICE PELLETS
TOTAL MONTH: 0.0 INCH 5 = HAIL
GRTST 24HR 0.0 6 = FREEZING RAIN OR DRIZZLE
GRTST DEPTH: 0 7 = DUSTSTORM OR SANDSTORM:
VSBY 1/2 MILE OR LESS
8 = SMOKE OR HAZE
[NO. OF DAYS WITH] [WEATHER - DAYS WITH] 9 = BLOWING SNOW
X = TORNADO
MAX 32 OR BELOW: 0 0.01 INCH OR MORE: 0
MAX 90 OR ABOVE: 31 0.10 INCH OR MORE: 0
MIN 32 OR BELOW: 0 0.50 INCH OR MORE: 0
MIN 0 OR BELOW: 0 1.00 INCH OR MORE: 0
[HDD (BASE 65) ]
TOTAL THIS MO. 0 CLEAR (SCALE 0-3) 31
DPTR FM NORMAL 0 PTCLDY (SCALE 4-7) 0
TOTAL FM JUL 1 0 CLOUDY (SCALE 8-10) 0
DPTR FM NORMAL 0
[CDD (BASE 65) ]
TOTAL THIS MO. 904
DPTR FM NORMAL 118 [PRESSURE DATA]
TOTAL FM JAN 1 2469 HIGHEST SLP M ON M
DPTR FM NORMAL 402 LOWEST SLP 29.74 ON 21
[REMARKS]
#FINAL-07-20#