000
CXUS56 KPQR 011210
CF6TTD
PRELIMINARY LOCAL CLIMATOLOGICAL DATA (WS FORM: F-6)
STATION: TROUTDALE OR
MONTH: FEBRUARY
YEAR: 2021
LATITUDE: 45 33 N
LONGITUDE: 122 25 W
TEMPERATURE IN F: :PCPN: SNOW: WIND :SUNSHINE: SKY :PK WND
================================================================================
1 2 3 4 5 6A 6B 7 8 9 10 11 12 13 14 15 16 17 18
12Z AVG MX 2MIN
DY MAX MIN AVG DEP HDD CDD WTR SNW DPTH SPD SPD DIR MIN PSBL S-S WX SPD DR
================================================================================
1 51 48 50 9 15 0 0.34 M M 8.0 18 80 M M 9 1 24 210
2 51 41 46 5 19 0 0.46 M M 8.6 26 230 M M 7 37 220
3 48 38 43 1 22 0 0.14 M M 3.8 15 180 M M 10 1 23 210
4 48 39 44 2 21 0 0.02 M M 5.3 15 220 M M 10 18 20 220
5 54 46 50 8 15 0 0.06 M M 10.2 23 210 M M 10 1 30 200
6 49 40 45 3 20 0 T M M 9.6 23 200 M M 10 8 33 220
7 50 42 46 4 19 0 0.01 M M 5.2 15 250 M M 10 22 240
8 47 33 40 -2 25 0 0.00 M M 2.5 9 210 M M 8 12 220
9 47 28 38 -4 27 0 0.00 M M 4.4 15 110 M M 0 1 18 110
10 47 35 41 -1 24 0 0.00 M M 4.0 17 80 M M 8 21 90
11 40 29 35 -7 30 0 0.02 M M 19.8 29 80 M M 10 6 38 80
12 30 24 27 -15 38 0 0.26 M M 22.3 30 80 M M 10 68 46 70
13 29 24 27 -15 38 0 0.04 M M 22.5 32 80 M M 10 18 42 80
14 31 27 29 -13 36 0 0.23 M M 24.1 35 80 M M 10 168 41 90
15 47 29 38 -4 27 0 0.09 M M 14.5 33 80 M M 10 168 43 80
16 50 38 44 1 21 0 0.06 M M 3.7 13 240 M M 10 1 19 240
17 50 37 44 1 21 0 T M M 4.0 17 90 M M 6 22 80
18 41 37 39 -4 26 0 0.14 M M 18.5 29 90 M M 8 1 35 90
19 51 37 44 1 21 0 0.16 M M 3.7 20 230 M M 9 18 29 220
20 51 39 45 2 20 0 0.03 M M 4.6 15 250 M M 9 1 19 210
21 52 45 49 6 16 0 0.03 M M 12.5 22 220 M M 10 8 30 210
22 53 41 47 3 18 0 0.48 M M 12.4 26 210 M M 9 1 35 210
23 51 38 45 1 20 0 0.07 M M 5.9 17 230 M M 8 23 220
24 51 34 43 -1 22 0 0.01 M M 2.8 10 220 M M 4 13 220
25 49 38 44 0 21 0 0.21 M M 10.5 22 210 M M 10 18 27 200
26 51 42 47 3 18 0 0.23 M M 12.9 26 230 M M 9 40 230
27 52 40 46 2 19 0 0.02 M M 5.6 17 250 M M 9 24 250
28 59 43 51 7 14 0 T M M 3.4 10 30 M M 5 13 90
================================================================================
SM 1330 1032 633 0 3.11 M 265.3 M 238
================================================================================
AV 47.5 36.9 9.5 FASTST M M 9 MAX(MPH)
MISC ----> 35 80 46 70
================================================================================
NOTES:
# LAST OF SEVERAL OCCURRENCES
COLUMN 17 PEAK WIND IN M.P.H.
PRELIMINARY LOCAL CLIMATOLOGICAL DATA (WS FORM: F-6) , PAGE 2
STATION: TROUTDALE OR
MONTH: FEBRUARY
YEAR: 2021
LATITUDE: 45 33 N
LONGITUDE: 122 25 W
[TEMPERATURE DATA] [PRECIPITATION DATA] SYMBOLS USED IN COLUMN 16
AVERAGE MONTHLY: 42.2 TOTAL FOR MONTH: 3.11 1 = FOG OR MIST
DPTR FM NORMAL: -0.5 DPTR FM NORMAL: -1.98 2 = FOG REDUCING VISIBILITY
HIGHEST: 59 ON 28 GRTST 24HR 0.56 ON 2- 3 TO 1/4 MILE OR LESS
LOWEST: 24 ON 12,13 3 = THUNDER
SNOW, ICE PELLETS, HAIL 4 = ICE PELLETS
TOTAL MONTH: M 5 = HAIL
GRTST 24HR M ON M 6 = FREEZING RAIN OR DRIZZLE
GRTST DEPTH: M ON M 7 = DUSTSTORM OR SANDSTORM:
VSBY 1/2 MILE OR LESS
8 = SMOKE OR HAZE
[NO. OF DAYS WITH] [WEATHER - DAYS WITH] 9 = BLOWING SNOW
X = TORNADO
MAX 32 OR BELOW: 3 0.01 INCH OR MORE: 22
MAX 90 OR ABOVE: 0 0.10 INCH OR MORE: 10
MIN 32 OR BELOW: 6 0.50 INCH OR MORE: 0
MIN 0 OR BELOW: 0 1.00 INCH OR MORE: 0
[HDD (BASE 65) ]
TOTAL THIS MO. 633 CLEAR (SCALE 0-3) 1
DPTR FM NORMAL 7 PTCLDY (SCALE 4-7) 8
TOTAL FM JUL 1 2744 CLOUDY (SCALE 8-10) 19
DPTR FM NORMAL -572
[CDD (BASE 65) ]
TOTAL THIS MO. 0
DPTR FM NORMAL 0 [PRESSURE DATA]
TOTAL FM JAN 1 0 HIGHEST SLP 30.61 ON 24
DPTR FM NORMAL 0 LOWEST SLP 29.66 ON 15
[REMARKS]
#FINAL-02-21#